{"id":41331,"date":"2026-01-30T08:40:10","date_gmt":"2026-01-30T13:40:10","guid":{"rendered":"https:\/\/onlit.org\/?post_type=tribe_events&#038;p=41331"},"modified":"2026-02-10T08:17:32","modified_gmt":"2026-02-10T13:17:32","slug":"enseigner-le-francais-en-contexte-plurilingue-exploration-de-principes-didactiques-et-de-pratiques-novatrices","status":"publish","type":"tribe_events","link":"https:\/\/onlit.org\/fr\/event\/enseigner-le-francais-en-contexte-plurilingue-exploration-de-principes-didactiques-et-de-pratiques-novatrices\/","title":{"rendered":"Enseigner le fran\u00e7ais en contexte plurilingue : exploration de principes didactiques et de pratiques novatrices"},"content":{"rendered":"<p><em>Avec Jo\u00ebl Thibeault<\/em><\/p>\n<p>Les \u00e9coles ontariennes de langue fran\u00e7aise accueillent un nombre grandissant d\u2019\u00e9l\u00e8ves provenant d\u2019autres pays. Pour les appuyer dans leur apprentissage du fran\u00e7ais, le Minist\u00e8re de l\u2019\u00c9ducation de l\u2019Ontario a r\u00e9cemment lanc\u00e9 la note politique 172, qui met en relief les mesures d\u2019appui \u00e0 offrir aux \u00e9l\u00e8ves plurilingues apprenants du fran\u00e7ais, incluant les \u00e9l\u00e8ves nouveaux arrivants. C\u2019est dans ce contexte que, lors de cet atelier en ligne, nous explorerons ladite politique et, surtout, les principes didactiques d\u2019un enseignement inclusif du fran\u00e7ais offert \u00e0 des populations scolaires h\u00e9t\u00e9rog\u00e8nes. Nous aborderons ainsi le parcours que traversent les \u00e9l\u00e8ves qui doivent s\u2019approprier les rouages d\u2019une nouvelle langue en milieu scolaire et nous mettrons en avant une panoplie de pratiques d\u2019enseignement qui peuvent r\u00e9pondre \u00e0 leurs besoins.<\/p>\n<p>Cette session sera enregistr\u00e9e. L\u2019enregistrement sera publi\u00e9 dans la <a href=\"https:\/\/onlit.org\/fr\/bibliotheque-de-ressources\/\" target=\"_blank\" rel=\"noopener\">Biblioth\u00e8que de ressources<\/a> une fois que la vid\u00e9o aura \u00e9t\u00e9 trait\u00e9e.<\/p>\n<p>Toute inscription \u00e0 l\u2019un des \u00e9v\u00e9nements de la s\u00e9rie entra\u00eene automatiquement l\u2019inscription \u00e0 l\u2019ensemble des \u00e9v\u00e9nements.<\/p>\n","protected":false},"excerpt":{"rendered":"<p>Avec Jo\u00ebl Thibeault Les \u00e9coles ontariennes de langue fran\u00e7aise accueillent un nombre grandissant d\u2019\u00e9l\u00e8ves provenant d\u2019autres pays. Pour les appuyer dans leur apprentissage du fran\u00e7ais, le Minist\u00e8re de l\u2019\u00c9ducation de&#8230;<\/p>\n","protected":false},"author":32,"featured_media":41615,"template":"","meta":{"_acf_changed":false,"_kad_post_transparent":"","_kad_post_title":"","_kad_post_layout":"","_kad_post_sidebar_id":"","_kad_post_content_style":"","_kad_post_vertical_padding":"","_kad_post_feature":"","_kad_post_feature_position":"","_kad_post_header":false,"_kad_post_footer":false,"_kad_post_classname":"","_tribe_events_status":"","_tribe_events_status_reason":"","_tribe_events_is_hybrid":"","_tribe_events_is_virtual":"","_tribe_events_virtual_video_source":"","_tribe_events_virtual_embed_video":"","_tribe_events_virtual_linked_button_text":"","_tribe_events_virtual_linked_button":"","_tribe_events_virtual_show_embed_at":"","_tribe_events_virtual_show_embed_to":[],"_tribe_events_virtual_show_on_event":"","_tribe_events_virtual_show_on_views":"","_tribe_events_virtual_url":"","footnotes":""},"tags":[],"content-language":[507],"tribe_events_cat":[],"class_list":["post-41331","tribe_events","type-tribe_events","status-publish","has-post-thumbnail","hentry","content-language-french"],"acf":[],"_links":{"self":[{"href":"https:\/\/onlit.org\/fr\/wp-json\/wp\/v2\/tribe_events\/41331","targetHints":{"allow":["GET"]}}],"collection":[{"href":"https:\/\/onlit.org\/fr\/wp-json\/wp\/v2\/tribe_events"}],"about":[{"href":"https:\/\/onlit.org\/fr\/wp-json\/wp\/v2\/types\/tribe_events"}],"author":[{"embeddable":true,"href":"https:\/\/onlit.org\/fr\/wp-json\/wp\/v2\/users\/32"}],"version-history":[{"count":7,"href":"https:\/\/onlit.org\/fr\/wp-json\/wp\/v2\/tribe_events\/41331\/revisions"}],"predecessor-version":[{"id":41751,"href":"https:\/\/onlit.org\/fr\/wp-json\/wp\/v2\/tribe_events\/41331\/revisions\/41751"}],"wp:featuredmedia":[{"embeddable":true,"href":"https:\/\/onlit.org\/fr\/wp-json\/wp\/v2\/media\/41615"}],"wp:attachment":[{"href":"https:\/\/onlit.org\/fr\/wp-json\/wp\/v2\/media?parent=41331"}],"wp:term":[{"taxonomy":"post_tag","embeddable":true,"href":"https:\/\/onlit.org\/fr\/wp-json\/wp\/v2\/tags?post=41331"},{"taxonomy":"content-language","embeddable":true,"href":"https:\/\/onlit.org\/fr\/wp-json\/wp\/v2\/content-language?post=41331"},{"taxonomy":"tribe_events_cat","embeddable":true,"href":"https:\/\/onlit.org\/fr\/wp-json\/wp\/v2\/tribe_events_cat?post=41331"}],"curies":[{"name":"wp","href":"https:\/\/api.w.org\/{rel}","templated":true}]}}

Enseigner le français en contexte plurilingue : exploration de principes didactiques et de pratiques novatrices

<p><em>Avec Joël Thibeault</em></p>
<p>Les écoles ontariennes de langue française accueillent un nombre grandissant d’élèves provenant d’autres pays. Pour les appuyer dans leur apprentissage du français, le Ministère de l’Éducation de l’Ontario a récemment lancé la note politique 172, qui met en relief les mesures d’appui à offrir aux élèves plurilingues apprenants du français, incluant les élèves nouveaux arrivants. C’est dans ce contexte que, lors de cet atelier en ligne, nous explorerons ladite politique et, surtout, les principes didactiques d’un enseignement inclusif du français offert à des populations scolaires hétérogènes. Nous aborderons ainsi le parcours que traversent les élèves qui doivent s’approprier les rouages d’une nouvelle langue en milieu scolaire et nous mettrons en avant une panoplie de pratiques d’enseignement qui peuvent répondre à leurs besoins.</p>
<p>Cette session sera enregistrée. L’enregistrement sera publié dans la <a href="https://onlit.org/fr/bibliotheque-de-ressources/" target="_blank" rel="noopener">Bibliothèque de ressources</a> une fois que la vidéo aura été traitée.</p>
<p>Toute inscription à l’un des événements de la série entraîne automatiquement l’inscription à l’ensemble des événements.</p>

<p>Avec Joël Thibeault Les écoles ontariennes de langue française accueillent un nombre grandissant d’élèves provenant d’autres pays. Pour les appuyer dans leur apprentissage du français, le Ministère de l’Éducation de&#8230;</p>
