{"id":26633,"date":"2024-06-18T12:57:08","date_gmt":"2024-06-18T16:57:08","guid":{"rendered":"https:\/\/onlit.org\/?post_type=tribe_events&#038;p=26633"},"modified":"2025-05-08T14:23:59","modified_gmt":"2025-05-08T18:23:59","slug":"la-lecture-a-voix-haute","status":"publish","type":"tribe_events","link":"https:\/\/onlit.org\/fr\/event\/la-lecture-a-voix-haute\/","title":{"rendered":"La lecture \u00e0 voix haute"},"content":{"rendered":"<p>Est-ce pertinent d&rsquo;abandonner l&rsquo;utilisation de livres illustr\u00e9s dans un cadre d&rsquo;enseignement explicite des comp\u00e9tences et connaissances fondamentales en lecture? Quelle est la valeur des albums jeunesse dans un programme structur\u00e9 de litt\u00e9ratie? Comment susciter un amour pour la lecture tout en guidant les \u00e9l\u00e8ves vers une acquisition syst\u00e9matique des comp\u00e9tences en lecture?<\/p>\n<p>&nbsp;<\/p>\n<p>Cet atelier explorera ces questions en exposant les r\u00e9sultats de recherches qui soutiennent la lecture \u00e0 voix haute comme une pratique b\u00e9n\u00e9fique. Quels sont les avantages de la lecture pour les \u00e9l\u00e8ves? Quelles comp\u00e9tences sont d\u00e9velopp\u00e9es \u00e0 travers cette pratique? Comment mettre en \u0153uvre cette approche de mani\u00e8re efficace? Un mod\u00e8le de planification et des strat\u00e9gies p\u00e9dagogiques pour encourager les lecteurs de tous \u00e2ges \u00e0 d\u00e9velopper des comp\u00e9tences essentielles pour la compr\u00e9hension du langage oral et \u00e9crit seront au centre de cette session. Des activit\u00e9s concr\u00e8tes et une multitude de ressources seront propos\u00e9es lors de cet atelier !<\/p>\n<p>&nbsp;<\/p>\n<p>Si cela vous en dit, apportez votre album jeunesse, roman ou autre texte utilis\u00e9 pour la lecture \u00e0 voix haute afin de faire des liens entre le contenu du webinaire et la mise en \u0153uvre en salle de classe.<\/p>\n<p>&nbsp;<\/p>\n<p>Cet atelier sera enregistr\u00e9.<\/p>\n<p>&nbsp;<\/p>\n<p><strong>Mercredi le 21 ao\u00fbt de 9h \u00e0 10h30<\/strong><\/p>\n","protected":false},"excerpt":{"rendered":"<p>Est-ce pertinent d&rsquo;abandonner l&rsquo;utilisation de livres illustr\u00e9s dans un cadre d&rsquo;enseignement explicite des comp\u00e9tences et connaissances fondamentales en lecture? Quelle est la valeur des albums jeunesse dans un programme structur\u00e9&#8230;<\/p>\n","protected":false},"author":32,"featured_media":26634,"template":"","meta":{"_acf_changed":false,"_kad_post_transparent":"","_kad_post_title":"","_kad_post_layout":"","_kad_post_sidebar_id":"","_kad_post_content_style":"","_kad_post_vertical_padding":"","_kad_post_feature":"","_kad_post_feature_position":"","_kad_post_header":false,"_kad_post_footer":false,"_kad_post_classname":"","_tribe_events_status":"","_tribe_events_status_reason":"","_tribe_events_is_hybrid":"","_tribe_events_is_virtual":"","_tribe_events_virtual_video_source":"","_tribe_events_virtual_embed_video":"","_tribe_events_virtual_linked_button_text":"","_tribe_events_virtual_linked_button":"","_tribe_events_virtual_show_embed_at":"","_tribe_events_virtual_show_embed_to":[],"_tribe_events_virtual_show_on_event":"","_tribe_events_virtual_show_on_views":"","_tribe_events_virtual_url":"","footnotes":""},"tags":[],"content-language":[507],"tribe_events_cat":[],"class_list":["post-26633","tribe_events","type-tribe_events","status-publish","has-post-thumbnail","hentry","content-language-french"],"acf":[],"_links":{"self":[{"href":"https:\/\/onlit.org\/fr\/wp-json\/wp\/v2\/tribe_events\/26633","targetHints":{"allow":["GET"]}}],"collection":[{"href":"https:\/\/onlit.org\/fr\/wp-json\/wp\/v2\/tribe_events"}],"about":[{"href":"https:\/\/onlit.org\/fr\/wp-json\/wp\/v2\/types\/tribe_events"}],"author":[{"embeddable":true,"href":"https:\/\/onlit.org\/fr\/wp-json\/wp\/v2\/users\/32"}],"version-history":[{"count":8,"href":"https:\/\/onlit.org\/fr\/wp-json\/wp\/v2\/tribe_events\/26633\/revisions"}],"predecessor-version":[{"id":28788,"href":"https:\/\/onlit.org\/fr\/wp-json\/wp\/v2\/tribe_events\/26633\/revisions\/28788"}],"wp:featuredmedia":[{"embeddable":true,"href":"https:\/\/onlit.org\/fr\/wp-json\/wp\/v2\/media\/26634"}],"wp:attachment":[{"href":"https:\/\/onlit.org\/fr\/wp-json\/wp\/v2\/media?parent=26633"}],"wp:term":[{"taxonomy":"post_tag","embeddable":true,"href":"https:\/\/onlit.org\/fr\/wp-json\/wp\/v2\/tags?post=26633"},{"taxonomy":"content-language","embeddable":true,"href":"https:\/\/onlit.org\/fr\/wp-json\/wp\/v2\/content-language?post=26633"},{"taxonomy":"tribe_events_cat","embeddable":true,"href":"https:\/\/onlit.org\/fr\/wp-json\/wp\/v2\/tribe_events_cat?post=26633"}],"curies":[{"name":"wp","href":"https:\/\/api.w.org\/{rel}","templated":true}]}}

La lecture à voix haute

<p>Est-ce pertinent d&rsquo;abandonner l&rsquo;utilisation de livres illustrés dans un cadre d&rsquo;enseignement explicite des compétences et connaissances fondamentales en lecture? Quelle est la valeur des albums jeunesse dans un programme structuré de littératie? Comment susciter un amour pour la lecture tout en guidant les élèves vers une acquisition systématique des compétences en lecture?</p>
<p>&nbsp;</p>
<p>Cet atelier explorera ces questions en exposant les résultats de recherches qui soutiennent la lecture à voix haute comme une pratique bénéfique. Quels sont les avantages de la lecture pour les élèves? Quelles compétences sont développées à travers cette pratique? Comment mettre en œuvre cette approche de manière efficace? Un modèle de planification et des stratégies pédagogiques pour encourager les lecteurs de tous âges à développer des compétences essentielles pour la compréhension du langage oral et écrit seront au centre de cette session. Des activités concrètes et une multitude de ressources seront proposées lors de cet atelier !</p>
<p>&nbsp;</p>
<p>Si cela vous en dit, apportez votre album jeunesse, roman ou autre texte utilisé pour la lecture à voix haute afin de faire des liens entre le contenu du webinaire et la mise en œuvre en salle de classe.</p>
<p>&nbsp;</p>
<p>Cet atelier sera enregistré.</p>
<p>&nbsp;</p>
<p><strong>Mercredi le 21 août de 9h à 10h30</strong></p>

<p>Est-ce pertinent d&rsquo;abandonner l&rsquo;utilisation de livres illustrés dans un cadre d&rsquo;enseignement explicite des compétences et connaissances fondamentales en lecture? Quelle est la valeur des albums jeunesse dans un programme structuré&#8230;</p>
