{"id":10000133,"date":"2023-12-18T10:52:22","date_gmt":"2023-12-18T15:52:22","guid":{"rendered":"https:\/\/onlit.org\/?post_type=tribe_events&#038;p=22663"},"modified":"2025-05-08T14:26:08","modified_gmt":"2025-05-08T18:26:08","slug":"modifier-lequilibre-cycles-moyen-et-intermediaire-etude-de-livre","status":"publish","type":"tribe_events","link":"https:\/\/onlit.org\/fr\/event\/modifier-lequilibre-cycles-moyen-et-intermediaire-etude-de-livre\/2024-02-15\/","title":{"rendered":"Modifier l\u2019\u00e9quilibre: cycles moyen et interm\u00e9diaire &#8211; \u00c9tude de livre"},"content":{"rendered":"<p>Rejoignez notre s\u00e9rie de webinaires bilingues <i>Modifier l\u2019\u00e9quilibre : cycles moyen et interm\u00e9diaire<\/i>, con\u00e7ue sp\u00e9cifiquement pour le personnel scolaire qui cherche \u00e0 int\u00e9grer la litt\u00e9ratie structur\u00e9e dans les classes aux cycles moyen et interm\u00e9diaire. Explorez les chapitres du livre avec nous et d\u00e9couvrez des id\u00e9es et des strat\u00e9gies pratiques pour une mise en \u0153uvre efficace du nouveau curriculum fran\u00e7ais de l&rsquo;Ontario. Cr\u00e9ez des liens avec les animatrices d&rsquo;ONLit et d&rsquo;autres membres du personnel scolaire lors de sessions interactives sur Zoom, et participez \u00e0 des discussions sur les pratiques de litt\u00e9ratie dans un environnement d&rsquo;apprentissage collaboratif.<\/p>\n<p>Pr\u00e9parez-vous \u00e0 partager vos id\u00e9es sur le chapitre de la semaine et \u00e0 discuter des applications pour la salle de classe. La version \u00e9lectronique de <em>Shifting the Balance<\/em> est disponible \u00e0 la biblioth\u00e8que des membres de l&rsquo;Ordre des enseignantes et des enseignants de l&rsquo;Ontario ou peut \u00eatre achet\u00e9e chez Indigo, Amazon ou Caversham Booksellers. Le livre n&rsquo;est disponible qu&rsquo;en anglais. (Veuillez noter que nous ne sommes affili\u00e9s \u00e0 aucune maison d&rsquo;\u00e9dition).<\/p>\n<p>Les s\u00e9ances ne seront pas disponibles en rediffusion. Soyez pr\u00e9sent pour ne rien manquer !<\/p>\n<p><strong>Les jeudis, de 19h30 \u00e0 20h30, toutes les deux semaines, du 18 janvier, 2024 au 4 avril, 2024.<\/strong><\/p>\n<table>\n<tbody>\n<tr>\n<th>Date<\/th>\n<th>Chapitre<\/th>\n<\/tr>\n<tr>\n<td>le 18 janvier<\/td>\n<td>Changement 1 : R\u00e9fl\u00e9chissons sur l\u2019effet des connaissances ant\u00e9rieures sur la compr\u00e9hension<\/td>\n<\/tr>\n<tr>\n<td>le 1 f\u00e9vrier<\/td>\n<td>Changement 2 : R\u00e9fl\u00e9chissons sur le r\u00f4le de l\u2019enseignement des strat\u00e9gies vis \u00e0 vis l\u2019apprentissage de la compr\u00e9hension<\/td>\n<\/tr>\n<tr>\n<td>le 15 f\u00e9vrier<\/td>\n<td>Changement 3 : Notre engagement envers l\u2019enseignement du vocabulaire<\/td>\n<\/tr>\n<tr>\n<td>le 29 f\u00e9vrier<\/td>\n<td>Changement 4 : R\u00e9-\u00e9tablissons l\u2019enseignement de la lecture des mots au cycle interm\u00e9diaire<\/td>\n<\/tr>\n<tr>\n<td>le 21 mars<\/td>\n<td>Changement 5 : Revoyons la fluidit\u00e9 en lecture<\/td>\n<\/tr>\n<tr>\n<td>le 4 avril<\/td>\n<td>Changement 6 : R\u00e9-imaginons la pratique ind\u00e9pendante dans une salle de classe ax\u00e9e sur la litt\u00e9ratie<\/td>\n<\/tr>\n<\/tbody>\n<\/table>\n<p>L\u2019inscription \u00e0 n\u2019importe quel \u00e9v\u00e9nement de la s\u00e9rie vous inscrira automatiquement \u00e0 tous les \u00e9v\u00e9nements.<\/p>\n","protected":false},"excerpt":{"rendered":"<p>Rejoignez notre s\u00e9rie de webinaires bilingues Modifier l\u2019\u00e9quilibre : cycles moyen et interm\u00e9diaire, con\u00e7ue sp\u00e9cifiquement pour le personnel scolaire qui cherche \u00e0 int\u00e9grer la litt\u00e9ratie structur\u00e9e dans les classes aux&#8230;<\/p>\n","protected":false},"author":32,"featured_media":22661,"template":"","meta":{"_acf_changed":false,"_kad_post_transparent":"","_kad_post_title":"","_kad_post_layout":"","_kad_post_sidebar_id":"","_kad_post_content_style":"","_kad_post_vertical_padding":"","_kad_post_feature":"","_kad_post_feature_position":"","_kad_post_header":false,"_kad_post_footer":false,"_kad_post_classname":"","_tribe_events_status":"","_tribe_events_status_reason":"","_tribe_events_is_hybrid":"","_tribe_events_is_virtual":"","_tribe_events_virtual_video_source":"","_tribe_events_virtual_embed_video":"","_tribe_events_virtual_linked_button_text":"","_tribe_events_virtual_linked_button":"","_tribe_events_virtual_show_embed_at":"","_tribe_events_virtual_show_embed_to":[],"_tribe_events_virtual_show_on_event":"","_tribe_events_virtual_show_on_views":"","_tribe_events_virtual_url":"","footnotes":""},"tags":[],"content-language":[507],"tribe_events_cat":[],"class_list":["post-10000133","tribe_events","type-tribe_events","status-publish","has-post-thumbnail","hentry","content-language-french","tribe-recurring-event","tribe-recurring-event-parent"],"acf":[],"_links":{"self":[{"href":"https:\/\/onlit.org\/fr\/wp-json\/wp\/v2\/tribe_events\/10000133","targetHints":{"allow":["GET"]}}],"collection":[{"href":"https:\/\/onlit.org\/fr\/wp-json\/wp\/v2\/tribe_events"}],"about":[{"href":"https:\/\/onlit.org\/fr\/wp-json\/wp\/v2\/types\/tribe_events"}],"author":[{"embeddable":true,"href":"https:\/\/onlit.org\/fr\/wp-json\/wp\/v2\/users\/32"}],"version-history":[{"count":0,"href":"https:\/\/onlit.org\/fr\/wp-json\/wp\/v2\/tribe_events\/10000133\/revisions"}],"wp:featuredmedia":[{"embeddable":true,"href":"https:\/\/onlit.org\/fr\/wp-json\/wp\/v2\/media\/22661"}],"wp:attachment":[{"href":"https:\/\/onlit.org\/fr\/wp-json\/wp\/v2\/media?parent=10000133"}],"wp:term":[{"taxonomy":"post_tag","embeddable":true,"href":"https:\/\/onlit.org\/fr\/wp-json\/wp\/v2\/tags?post=10000133"},{"taxonomy":"content-language","embeddable":true,"href":"https:\/\/onlit.org\/fr\/wp-json\/wp\/v2\/content-language?post=10000133"},{"taxonomy":"tribe_events_cat","embeddable":true,"href":"https:\/\/onlit.org\/fr\/wp-json\/wp\/v2\/tribe_events_cat?post=10000133"}],"curies":[{"name":"wp","href":"https:\/\/api.w.org\/{rel}","templated":true}]}}

Modifier l’équilibre: cycles moyen et intermédiaire &#8211; Étude de livre

<p>Rejoignez notre série de webinaires bilingues <i>Modifier l’équilibre : cycles moyen et intermédiaire</i>, conçue spécifiquement pour le personnel scolaire qui cherche à intégrer la littératie structurée dans les classes aux cycles moyen et intermédiaire. Explorez les chapitres du livre avec nous et découvrez des idées et des stratégies pratiques pour une mise en œuvre efficace du nouveau curriculum français de l&rsquo;Ontario. Créez des liens avec les animatrices d&rsquo;ONLit et d&rsquo;autres membres du personnel scolaire lors de sessions interactives sur Zoom, et participez à des discussions sur les pratiques de littératie dans un environnement d&rsquo;apprentissage collaboratif.</p>
<p>Préparez-vous à partager vos idées sur le chapitre de la semaine et à discuter des applications pour la salle de classe. La version électronique de <em>Shifting the Balance</em> est disponible à la bibliothèque des membres de l&rsquo;Ordre des enseignantes et des enseignants de l&rsquo;Ontario ou peut être achetée chez Indigo, Amazon ou Caversham Booksellers. Le livre n&rsquo;est disponible qu&rsquo;en anglais. (Veuillez noter que nous ne sommes affiliés à aucune maison d&rsquo;édition).</p>
<p>Les séances ne seront pas disponibles en rediffusion. Soyez présent pour ne rien manquer !</p>
<p><strong>Les jeudis, de 19h30 à 20h30, toutes les deux semaines, du 18 janvier, 2024 au 4 avril, 2024.</strong></p>
<table>
<tbody>
<tr>
<th>Date</th>
<th>Chapitre</th>
</tr>
<tr>
<td>le 18 janvier</td>
<td>Changement 1 : Réfléchissons sur l’effet des connaissances antérieures sur la compréhension</td>
</tr>
<tr>
<td>le 1 février</td>
<td>Changement 2 : Réfléchissons sur le rôle de l’enseignement des stratégies vis à vis l’apprentissage de la compréhension</td>
</tr>
<tr>
<td>le 15 février</td>
<td>Changement 3 : Notre engagement envers l’enseignement du vocabulaire</td>
</tr>
<tr>
<td>le 29 février</td>
<td>Changement 4 : Ré-établissons l’enseignement de la lecture des mots au cycle intermédiaire</td>
</tr>
<tr>
<td>le 21 mars</td>
<td>Changement 5 : Revoyons la fluidité en lecture</td>
</tr>
<tr>
<td>le 4 avril</td>
<td>Changement 6 : Ré-imaginons la pratique indépendante dans une salle de classe axée sur la littératie</td>
</tr>
</tbody>
</table>
<p>L’inscription à n’importe quel événement de la série vous inscrira automatiquement à tous les événements.</p>

<p>Rejoignez notre série de webinaires bilingues Modifier l’équilibre : cycles moyen et intermédiaire, conçue spécifiquement pour le personnel scolaire qui cherche à intégrer la littératie structurée dans les classes aux&#8230;</p>
