{"id":37810,"date":"2025-05-06T15:31:05","date_gmt":"2025-05-06T19:31:05","guid":{"rendered":"https:\/\/onlit.org\/?page_id=37810"},"modified":"2025-08-27T14:29:17","modified_gmt":"2025-08-27T18:29:17","slug":"b3-3-ponctuation-et-majuscules","status":"publish","type":"page","link":"https:\/\/onlit.org\/fr\/survol-de-la-litteratie\/3e-annee\/b3-3-ponctuation-et-majuscules\/","title":{"rendered":"B3.3. Ponctuation et majuscules"},"content":{"rendered":"\t\t<div data-elementor-type=\"wp-page\" data-elementor-id=\"37810\" class=\"elementor elementor-37810 elementor-37694\" data-elementor-post-type=\"page\">\n\t\t\t\t<div class=\"elementor-element elementor-element-61cf1a74 e-con-full e-flex e-con e-parent\" data-id=\"61cf1a74\" data-element_type=\"container\" data-e-type=\"container\">\n\t\t\t\t<div class=\"elementor-element elementor-element-9304573 elementor-widget elementor-widget-heading\" data-id=\"9304573\" data-element_type=\"widget\" data-e-type=\"widget\" data-widget_type=\"heading.default\">\n\t\t\t\t<div class=\"elementor-widget-container\">\n\t\t\t\t\t<h1 class=\"elementor-heading-title elementor-size-default\">B3.3. Ponctuation et majuscules<\/h1>\t\t\t\t<\/div>\n\t\t\t\t<\/div>\n\t\t<div class=\"elementor-element elementor-element-66a6afad e-con-full e-flex e-con e-child\" data-id=\"66a6afad\" data-element_type=\"container\" data-e-type=\"container\">\n\t\t<div class=\"elementor-element elementor-element-3e45b03 e-con-full e-flex e-con e-child\" data-id=\"3e45b03\" data-element_type=\"container\" data-e-type=\"container\">\n\t\t\t\t<div class=\"elementor-element elementor-element-6e40a6dd elementor-widget elementor-widget-heading\" data-id=\"6e40a6dd\" data-element_type=\"widget\" data-e-type=\"widget\" data-widget_type=\"heading.default\">\n\t\t\t\t<div class=\"elementor-widget-container\">\n\t\t\t\t\t<h4 class=\"elementor-heading-title elementor-size-default\">En 2<sup>e<\/sup> ann\u00e9e, l\u2019accent a \u00e9t\u00e9 mis sur :<\/h4>\t\t\t\t<\/div>\n\t\t\t\t<\/div>\n\t\t\t\t<div class=\"elementor-element elementor-element-b028607 elementor-widget elementor-widget-text-editor\" data-id=\"b028607\" data-element_type=\"widget\" data-e-type=\"widget\" data-widget_type=\"text-editor.default\">\n\t\t\t\t<div class=\"elementor-widget-container\">\n\t\t\t\t\t\t\t\t\t<p>La ponctuation<\/p><ul><li>S : les deux points pour introduire une explication ou une \u00e9num\u00e9ration<\/li><li>S : le tiret pour marquer les paroles rapport\u00e9es dans un text<\/li><li>S : la virgule pour d\u00e9tacher des groupes de mots quand le compl\u00e9ment de P est en d\u00e9but de phrase<\/li><li>\u00c9 : les points<\/li><li>\u00c9 : la virgule pour l\u2019\u00e9num\u00e9ration<\/li><\/ul>\t\t\t\t\t\t\t\t<\/div>\n\t\t\t\t<\/div>\n\t\t\t\t<\/div>\n\t\t<div class=\"elementor-element elementor-element-1667aa90 e-con-full e-flex e-con e-child\" data-id=\"1667aa90\" data-element_type=\"container\" data-e-type=\"container\">\n\t\t\t\t<div class=\"elementor-element elementor-element-5c48d08 elementor-widget elementor-widget-heading\" data-id=\"5c48d08\" data-element_type=\"widget\" data-e-type=\"widget\" data-widget_type=\"heading.default\">\n\t\t\t\t<div class=\"elementor-widget-container\">\n\t\t\t\t\t<h4 class=\"elementor-heading-title elementor-size-default\">Nouveau pour  la 3<sup>e<\/sup> ann\u00e9e :<\/h4>\t\t\t\t<\/div>\n\t\t\t\t<\/div>\n\t\t\t\t<div class=\"elementor-element elementor-element-2e772c50 elementor-widget elementor-widget-text-editor\" data-id=\"2e772c50\" data-element_type=\"widget\" data-e-type=\"widget\" data-widget_type=\"text-editor.default\">\n\t\t\t\t<div class=\"elementor-widget-container\">\n\t\t\t\t\t\t\t\t\t<em>En plus de l\u2019approfondissement continu des comp\u00e9tences \u00e9num\u00e9r\u00e9es pour les premi\u00e8re et 2<sup>e<\/sup> ann\u00e9es, les \u00e9l\u00e8ves de 3<sup>e<\/sup> ann\u00e9e re\u00e7oivent un enseignement explicite initial dans les domaines suivants :<\/em>\n\nLa ponctuation\n<ul>\n \t<li>S : les points de suspension pour poursuivre une \u00e9num\u00e9ration et pour indiquer que la phrase est interrompue<\/li>\n<\/ul>\t\t\t\t\t\t\t\t<\/div>\n\t\t\t\t<\/div>\n\t\t\t\t<\/div>\n\t\t\t\t<\/div>\n\t\t\t\t<div class=\"elementor-element elementor-element-b16addc elementor-widget elementor-widget-global elementor-global-36380 elementor-widget-text-editor\" data-id=\"b16addc\" data-element_type=\"widget\" data-e-type=\"widget\" data-widget_type=\"text-editor.default\">\n\t\t\t\t<div class=\"elementor-widget-container\">\n\t\t\t\t\t\t\t\t\t<p>Il ne s&rsquo;agit pas d&rsquo;une liste exhaustive de toutes les attentes dans ce domaine. Veuillez consulter le <a href=\"https:\/\/www.dcp.edu.gov.on.ca\/fr\/curriculum\/elementaire-francais\" target=\"_blank\" rel=\"noopener\">programme-cadre de fran\u00e7ais<\/a> pour plus de d\u00e9tails.<\/p>\t\t\t\t\t\t\t\t<\/div>\n\t\t\t\t<\/div>\n\t\t<div class=\"elementor-element elementor-element-36742b7e e-con-full e-flex e-con e-child\" data-id=\"36742b7e\" data-element_type=\"container\" data-e-type=\"container\">\n\t\t\t\t<div class=\"elementor-element elementor-element-2dcf5f86 elementor-align-left elementor-widget__width-initial elementor-mobile-align-center elementor-widget elementor-widget-button\" data-id=\"2dcf5f86\" data-element_type=\"widget\" data-e-type=\"widget\" data-widget_type=\"button.default\">\n\t\t\t\t<div class=\"elementor-widget-container\">\n\t\t\t\t\t\t\t\t\t<div class=\"elementor-button-wrapper\">\n\t\t\t\t\t<a class=\"elementor-button elementor-button-link elementor-size-sm\" href=\"https:\/\/onlit.org\/fr\/survol-de-la-litteratie\/3e-annee\/b3-2-la-grammaire\/\">\n\t\t\t\t\t\t<span class=\"elementor-button-content-wrapper\">\n\t\t\t\t\t\t\t\t\t<span class=\"elementor-button-text\">&lt;&lt; Retour<\/span>\n\t\t\t\t\t<\/span>\n\t\t\t\t\t<\/a>\n\t\t\t\t<\/div>\n\t\t\t\t\t\t\t\t<\/div>\n\t\t\t\t<\/div>\n\t\t\t\t<div class=\"elementor-element elementor-element-4e8d602f elementor-align-right elementor-widget__width-initial elementor-mobile-align-center elementor-widget elementor-widget-button\" data-id=\"4e8d602f\" data-element_type=\"widget\" data-e-type=\"widget\" data-widget_type=\"button.default\">\n\t\t\t\t<div class=\"elementor-widget-container\">\n\t\t\t\t\t\t\t\t\t<div class=\"elementor-button-wrapper\">\n\t\t\t\t\t<a class=\"elementor-button elementor-button-link elementor-size-sm\" href=\"https:\/\/onlit.org\/fr\/survol-de-la-litteratie\/3e-annee\/c-comprehension\/\">\n\t\t\t\t\t\t<span class=\"elementor-button-content-wrapper\">\n\t\t\t\t\t\t\t\t\t<span class=\"elementor-button-text\">Suivant &gt;&gt;<\/span>\n\t\t\t\t\t<\/span>\n\t\t\t\t\t<\/a>\n\t\t\t\t<\/div>\n\t\t\t\t\t\t\t\t<\/div>\n\t\t\t\t<\/div>\n\t\t\t\t<\/div>\n\t\t\t\t<\/div>\n\t\t\t\t<\/div>\n\t\t","protected":false},"excerpt":{"rendered":"<p>B3.3. Ponctuation et majuscules En 2e ann\u00e9e, l\u2019accent a \u00e9t\u00e9 mis sur : La ponctuation S : les deux points pour introduire une explication ou une \u00e9num\u00e9ration S : le&#8230;<\/p>\n","protected":false},"author":32,"featured_media":37661,"parent":37726,"menu_order":0,"comment_status":"closed","ping_status":"closed","template":"","meta":{"_acf_changed":false,"_kad_post_transparent":"","_kad_post_title":"hide","_kad_post_layout":"fullwidth","_kad_post_sidebar_id":"","_kad_post_content_style":"unboxed","_kad_post_vertical_padding":"hide","_kad_post_feature":"hide","_kad_post_feature_position":"","_kad_post_header":false,"_kad_post_footer":false,"_kad_post_classname":"","footnotes":""},"content-language":[509],"class_list":["post-37810","page","type-page","status-publish","has-post-thumbnail","hentry","content-language-francais"],"acf":[],"_links":{"self":[{"href":"https:\/\/onlit.org\/fr\/wp-json\/wp\/v2\/pages\/37810","targetHints":{"allow":["GET"]}}],"collection":[{"href":"https:\/\/onlit.org\/fr\/wp-json\/wp\/v2\/pages"}],"about":[{"href":"https:\/\/onlit.org\/fr\/wp-json\/wp\/v2\/types\/page"}],"author":[{"embeddable":true,"href":"https:\/\/onlit.org\/fr\/wp-json\/wp\/v2\/users\/32"}],"replies":[{"embeddable":true,"href":"https:\/\/onlit.org\/fr\/wp-json\/wp\/v2\/comments?post=37810"}],"version-history":[{"count":8,"href":"https:\/\/onlit.org\/fr\/wp-json\/wp\/v2\/pages\/37810\/revisions"}],"predecessor-version":[{"id":39437,"href":"https:\/\/onlit.org\/fr\/wp-json\/wp\/v2\/pages\/37810\/revisions\/39437"}],"up":[{"embeddable":true,"href":"https:\/\/onlit.org\/fr\/wp-json\/wp\/v2\/pages\/37726"}],"wp:featuredmedia":[{"embeddable":true,"href":"https:\/\/onlit.org\/fr\/wp-json\/wp\/v2\/media\/37661"}],"wp:attachment":[{"href":"https:\/\/onlit.org\/fr\/wp-json\/wp\/v2\/media?parent=37810"}],"wp:term":[{"taxonomy":"content-language","embeddable":true,"href":"https:\/\/onlit.org\/fr\/wp-json\/wp\/v2\/content-language?post=37810"}],"curies":[{"name":"wp","href":"https:\/\/api.w.org\/{rel}","templated":true}]}}

<div data-elementor-type="wp-page" data-elementor-id="37810" class="elementor elementor-37810 elementor-37694" data-elementor-post-type="page">
				<div class="elementor-element elementor-element-61cf1a74 e-con-full e-flex e-con e-parent" data-id="61cf1a74" data-element_type="container" data-e-type="container">
				<div class="elementor-element elementor-element-9304573 elementor-widget elementor-widget-heading" data-id="9304573" data-element_type="widget" data-e-type="widget" data-widget_type="heading.default">
				<div class="elementor-widget-container">
					<h1 class="elementor-heading-title elementor-size-default">B3.3. Ponctuation et majuscules</h1>				</div>
				</div>
		<div class="elementor-element elementor-element-66a6afad e-con-full e-flex e-con e-child" data-id="66a6afad" data-element_type="container" data-e-type="container">
		<div class="elementor-element elementor-element-3e45b03 e-con-full e-flex e-con e-child" data-id="3e45b03" data-element_type="container" data-e-type="container">
				<div class="elementor-element elementor-element-6e40a6dd elementor-widget elementor-widget-heading" data-id="6e40a6dd" data-element_type="widget" data-e-type="widget" data-widget_type="heading.default">
				<div class="elementor-widget-container">
					<h4 class="elementor-heading-title elementor-size-default">En 2<sup>e</sup> année, l’accent a été mis sur :</h4>				</div>
				</div>
				<div class="elementor-element elementor-element-b028607 elementor-widget elementor-widget-text-editor" data-id="b028607" data-element_type="widget" data-e-type="widget" data-widget_type="text-editor.default">
				<div class="elementor-widget-container">
									<p>La ponctuation</p><ul><li>S : les deux points pour introduire une explication ou une énumération</li><li>S : le tiret pour marquer les paroles rapportées dans un text</li><li>S : la virgule pour détacher des groupes de mots quand le complément de P est en début de phrase</li><li>É : les points</li><li>É : la virgule pour l’énumération</li></ul>								</div>
				</div>
				</div>
		<div class="elementor-element elementor-element-1667aa90 e-con-full e-flex e-con e-child" data-id="1667aa90" data-element_type="container" data-e-type="container">
				<div class="elementor-element elementor-element-5c48d08 elementor-widget elementor-widget-heading" data-id="5c48d08" data-element_type="widget" data-e-type="widget" data-widget_type="heading.default">
				<div class="elementor-widget-container">
					<h4 class="elementor-heading-title elementor-size-default">Nouveau pour  la 3<sup>e</sup> année :</h4>				</div>
				</div>
				<div class="elementor-element elementor-element-2e772c50 elementor-widget elementor-widget-text-editor" data-id="2e772c50" data-element_type="widget" data-e-type="widget" data-widget_type="text-editor.default">
				<div class="elementor-widget-container">
									<em>En plus de l’approfondissement continu des compétences énumérées pour les première et 2<sup>e</sup> années, les élèves de 3<sup>e</sup> année reçoivent un enseignement explicite initial dans les domaines suivants :</em>

La ponctuation
<ul>
 	<li>S : les points de suspension pour poursuivre une énumération et pour indiquer que la phrase est interrompue</li>
</ul>								</div>
				</div>
				</div>
				</div>
				<div class="elementor-element elementor-element-b16addc elementor-widget elementor-widget-global elementor-global-36380 elementor-widget-text-editor" data-id="b16addc" data-element_type="widget" data-e-type="widget" data-widget_type="text-editor.default">
				<div class="elementor-widget-container">
									<p>Il ne s&rsquo;agit pas d&rsquo;une liste exhaustive de toutes les attentes dans ce domaine. Veuillez consulter le <a href="https://www.dcp.edu.gov.on.ca/fr/curriculum/elementaire-francais" target="_blank" rel="noopener">programme-cadre de français</a> pour plus de détails.</p>								</div>
				</div>
		<div class="elementor-element elementor-element-36742b7e e-con-full e-flex e-con e-child" data-id="36742b7e" data-element_type="container" data-e-type="container">
				<div class="elementor-element elementor-element-2dcf5f86 elementor-align-left elementor-widget__width-initial elementor-mobile-align-center elementor-widget elementor-widget-button" data-id="2dcf5f86" data-element_type="widget" data-e-type="widget" data-widget_type="button.default">
				<div class="elementor-widget-container">
									<div class="elementor-button-wrapper">
					<a class="elementor-button elementor-button-link elementor-size-sm" href="https://onlit.org/fr/survol-de-la-litteratie/3e-annee/b3-2-la-grammaire/">
						<span class="elementor-button-content-wrapper">
									<span class="elementor-button-text">&lt;&lt; Retour</span>
					</span>
					</a>
				</div>
								</div>
				</div>
				<div class="elementor-element elementor-element-4e8d602f elementor-align-right elementor-widget__width-initial elementor-mobile-align-center elementor-widget elementor-widget-button" data-id="4e8d602f" data-element_type="widget" data-e-type="widget" data-widget_type="button.default">
				<div class="elementor-widget-container">
									<div class="elementor-button-wrapper">
					<a class="elementor-button elementor-button-link elementor-size-sm" href="https://onlit.org/fr/survol-de-la-litteratie/3e-annee/c-comprehension/">
						<span class="elementor-button-content-wrapper">
									<span class="elementor-button-text">Suivant &gt;&gt;</span>
					</span>
					</a>
				</div>
								</div>
				</div>
				</div>
				</div>
				</div>

<p>B3.3. Ponctuation et majuscules En 2e année, l’accent a été mis sur : La ponctuation S : les deux points pour introduire une explication ou une énumération S : le&#8230;</p>
