{"id":37804,"date":"2025-05-06T15:29:40","date_gmt":"2025-05-06T19:29:40","guid":{"rendered":"https:\/\/onlit.org\/?page_id=37804"},"modified":"2025-08-27T14:28:16","modified_gmt":"2025-08-27T18:28:16","slug":"b3-apprentissage-linguistiques-en-lecture-et-en-ecriture","status":"publish","type":"page","link":"https:\/\/onlit.org\/fr\/survol-de-la-litteratie\/3e-annee\/b3-apprentissage-linguistiques-en-lecture-et-en-ecriture\/","title":{"rendered":"B3. Apprentissage linguistiques en lecture et en \u00e9criture"},"content":{"rendered":"\t\t<div data-elementor-type=\"wp-page\" data-elementor-id=\"37804\" class=\"elementor elementor-37804 elementor-37688\" data-elementor-post-type=\"page\">\n\t\t\t\t<div class=\"elementor-element elementor-element-d686ad1 e-con-full e-flex e-con e-parent\" data-id=\"d686ad1\" data-element_type=\"container\" data-e-type=\"container\">\n\t\t\t\t<div class=\"elementor-element elementor-element-86f6c59 elementor-widget elementor-widget-heading\" data-id=\"86f6c59\" data-element_type=\"widget\" data-e-type=\"widget\" data-widget_type=\"heading.default\">\n\t\t\t\t<div class=\"elementor-widget-container\">\n\t\t\t\t\t<h1 class=\"elementor-heading-title elementor-size-default\">B3. Apprentissages linguistiques en lecture et en \u00e9criture<\/h1>\t\t\t\t<\/div>\n\t\t\t\t<\/div>\n\t\t\t\t<div class=\"elementor-element elementor-element-3f4c03c elementor-widget elementor-widget-text-editor\" data-id=\"3f4c03c\" data-element_type=\"widget\" data-e-type=\"widget\" data-widget_type=\"text-editor.default\">\n\t\t\t\t<div class=\"elementor-widget-container\">\n\t\t\t\t\t\t\t\t\tEn 3<sup>e<\/sup> ann\u00e9e, les \u00e9l\u00e8ves approfondissent leur compr\u00e9hension des conventions linguistiques pour am\u00e9liorer leurs comp\u00e9tences en communication. Pour que leurs textes soient clairs et efficaces, les \u00e9l\u00e8ves apprennent \u00e0 utiliser correctement la grammaire, la ponctuation et les majuscules. Ces comp\u00e9tences leur permettent de bien structurer leurs phrases et d\u2019organiser leurs textes, afin d\u2019exprimer leurs id\u00e9es de mani\u00e8re pertinente.\n\nLe continuum des apprentissages linguistiques pr\u00e9sent\u00e9 dans <a href=\"https:\/\/www.dcp.edu.gov.on.ca\/fr\/curriculum\/elementaire-francais\/contexte\/annexe-b\" target=\"_blank\" rel=\"noopener\">l\u2019annexe B<\/a> \u00e9num\u00e8re les attentes sp\u00e9cifiques en mati\u00e8re de syntaxe et de structure des phrases, de grammaire, de majuscules et de ponctuation.\n\nLes \u00e9l\u00e8ves devraient apprendre et mettre en pratique ces conventions \u00e0 travers la communication orale, la lecture et l\u2019\u00e9criture. Le tableau indique un continuum d\u2019apprentissages &#8211; c\u2019est-\u00e0-dire <strong>une sensibilisation \u00e0 la notion (S), une \u00e9tude syst\u00e9matique (\u00c9) et un approfondissement (A)<\/strong> &#8211; s\u2019\u00e9tendant de la 1<sup>re<\/sup> \u00e0 la 9<sup>e<\/sup> ann\u00e9e. Le tableau indique les p\u00e9riodes pendant lesquelles les \u00e9l\u00e8ves devraient utiliser les structures donn\u00e9es dans leurs \u00e9crits, mais ces structures seront utilis\u00e9es et comprises \u00e0 l\u2019oral beaucoup plus t\u00f4t.\n\nCes conventions linguistiques doivent \u00eatre introduites et d\u00e9velopp\u00e9es dans le cadre de l&rsquo;\u00e9criture, de la lecture et de la communication orale, plut\u00f4t que de mani\u00e8re isol\u00e9e, afin que les \u00e9l\u00e8ves puissent apprendre \u00e0 les utiliser pour communiquer et comprendre en contexte. Bien que l&rsquo;apprentissage se d\u00e9roule en contexte, l&rsquo;enseignement doit toujours suivre une s\u00e9quence r\u00e9fl\u00e9chie et cibl\u00e9e, en enseignant syst\u00e9matiquement les conventions, du plus simple au plus complexe.\n\n<strong>L&rsquo;accent doit \u00eatre mis sur la fonction et le r\u00f4le d&rsquo;une structure au sein d&rsquo;une phrase.<\/strong>\t\t\t\t\t\t\t\t<\/div>\n\t\t\t\t<\/div>\n\t\t\t\t<div class=\"elementor-element elementor-element-0b48044 elementor-widget elementor-widget-heading\" data-id=\"0b48044\" data-element_type=\"widget\" data-e-type=\"widget\" data-widget_type=\"heading.default\">\n\t\t\t\t<div class=\"elementor-widget-container\">\n\t\t\t\t\t<h4 class=\"elementor-heading-title elementor-size-default\">Liens vers des recherches<\/h4>\t\t\t\t<\/div>\n\t\t\t\t<\/div>\n\t\t\t\t<div class=\"elementor-element elementor-element-c7fd65b elementor-widget elementor-widget-text-editor\" data-id=\"c7fd65b\" data-element_type=\"widget\" data-e-type=\"widget\" data-widget_type=\"text-editor.default\">\n\t\t\t\t<div class=\"elementor-widget-container\">\n\t\t\t\t\t\t\t\t\t<ul><li><a href=\"https:\/\/onlit.org\/fr\/ressource\/enseigner-la-grammaire-en-contexte\/\" target=\"_blank\" rel=\"noopener\">Enseigner la grammaire en contexte avec Joel Thibeault<\/a><\/li><li><a href=\"https:\/\/onlit.org\/fr\/ressource\/la-grammaire-nouvelle-la-comprendre-et-lenseigner\/\" target=\"_blank\" rel=\"noopener\">La grammaire nouvelle : La comprendre et l\u2019enseigner<\/a><\/li><\/ul>\t\t\t\t\t\t\t\t<\/div>\n\t\t\t\t<\/div>\n\t\t<div class=\"elementor-element elementor-element-67557c0f e-con-full e-flex e-con e-child\" data-id=\"67557c0f\" data-element_type=\"container\" data-e-type=\"container\">\n\t\t\t\t<div class=\"elementor-element elementor-element-52a22944 elementor-align-left elementor-widget__width-initial elementor-mobile-align-center elementor-widget elementor-widget-button\" data-id=\"52a22944\" data-element_type=\"widget\" data-e-type=\"widget\" data-widget_type=\"button.default\">\n\t\t\t\t<div class=\"elementor-widget-container\">\n\t\t\t\t\t\t\t\t\t<div class=\"elementor-button-wrapper\">\n\t\t\t\t\t<a class=\"elementor-button elementor-button-link elementor-size-sm\" href=\"https:\/\/onlit.org\/fr\/survol-de-la-litteratie\/3e-annee\/b2-5-la-fluidite\/\">\n\t\t\t\t\t\t<span class=\"elementor-button-content-wrapper\">\n\t\t\t\t\t\t\t\t\t<span class=\"elementor-button-text\">&lt;&lt; Retour<\/span>\n\t\t\t\t\t<\/span>\n\t\t\t\t\t<\/a>\n\t\t\t\t<\/div>\n\t\t\t\t\t\t\t\t<\/div>\n\t\t\t\t<\/div>\n\t\t\t\t<div class=\"elementor-element elementor-element-5bd8aeaa elementor-align-right elementor-widget__width-initial elementor-mobile-align-center elementor-widget elementor-widget-button\" data-id=\"5bd8aeaa\" data-element_type=\"widget\" data-e-type=\"widget\" data-widget_type=\"button.default\">\n\t\t\t\t<div class=\"elementor-widget-container\">\n\t\t\t\t\t\t\t\t\t<div class=\"elementor-button-wrapper\">\n\t\t\t\t\t<a class=\"elementor-button elementor-button-link elementor-size-sm\" href=\"https:\/\/onlit.org\/fr\/survol-de-la-litteratie\/3e-annee\/b3-1-syntaxe-et-structure-de-phrases\/\">\n\t\t\t\t\t\t<span class=\"elementor-button-content-wrapper\">\n\t\t\t\t\t\t\t\t\t<span class=\"elementor-button-text\">Suivant &gt;&gt;<\/span>\n\t\t\t\t\t<\/span>\n\t\t\t\t\t<\/a>\n\t\t\t\t<\/div>\n\t\t\t\t\t\t\t\t<\/div>\n\t\t\t\t<\/div>\n\t\t\t\t<\/div>\n\t\t\t\t<\/div>\n\t\t\t\t<\/div>\n\t\t","protected":false},"excerpt":{"rendered":"<p>B3. Apprentissages linguistiques en lecture et en \u00e9criture En 3e ann\u00e9e, les \u00e9l\u00e8ves approfondissent leur compr\u00e9hension des conventions linguistiques pour am\u00e9liorer leurs comp\u00e9tences en communication. Pour que leurs textes soient&#8230;<\/p>\n","protected":false},"author":32,"featured_media":37661,"parent":37726,"menu_order":0,"comment_status":"closed","ping_status":"closed","template":"","meta":{"_acf_changed":false,"_kad_post_transparent":"","_kad_post_title":"hide","_kad_post_layout":"fullwidth","_kad_post_sidebar_id":"","_kad_post_content_style":"unboxed","_kad_post_vertical_padding":"hide","_kad_post_feature":"hide","_kad_post_feature_position":"","_kad_post_header":false,"_kad_post_footer":false,"_kad_post_classname":"","footnotes":""},"content-language":[509],"class_list":["post-37804","page","type-page","status-publish","has-post-thumbnail","hentry","content-language-francais"],"acf":[],"_links":{"self":[{"href":"https:\/\/onlit.org\/fr\/wp-json\/wp\/v2\/pages\/37804","targetHints":{"allow":["GET"]}}],"collection":[{"href":"https:\/\/onlit.org\/fr\/wp-json\/wp\/v2\/pages"}],"about":[{"href":"https:\/\/onlit.org\/fr\/wp-json\/wp\/v2\/types\/page"}],"author":[{"embeddable":true,"href":"https:\/\/onlit.org\/fr\/wp-json\/wp\/v2\/users\/32"}],"replies":[{"embeddable":true,"href":"https:\/\/onlit.org\/fr\/wp-json\/wp\/v2\/comments?post=37804"}],"version-history":[{"count":7,"href":"https:\/\/onlit.org\/fr\/wp-json\/wp\/v2\/pages\/37804\/revisions"}],"predecessor-version":[{"id":39415,"href":"https:\/\/onlit.org\/fr\/wp-json\/wp\/v2\/pages\/37804\/revisions\/39415"}],"up":[{"embeddable":true,"href":"https:\/\/onlit.org\/fr\/wp-json\/wp\/v2\/pages\/37726"}],"wp:featuredmedia":[{"embeddable":true,"href":"https:\/\/onlit.org\/fr\/wp-json\/wp\/v2\/media\/37661"}],"wp:attachment":[{"href":"https:\/\/onlit.org\/fr\/wp-json\/wp\/v2\/media?parent=37804"}],"wp:term":[{"taxonomy":"content-language","embeddable":true,"href":"https:\/\/onlit.org\/fr\/wp-json\/wp\/v2\/content-language?post=37804"}],"curies":[{"name":"wp","href":"https:\/\/api.w.org\/{rel}","templated":true}]}}

B3. Apprentissage linguistiques en lecture et en écriture

<div data-elementor-type="wp-page" data-elementor-id="37804" class="elementor elementor-37804 elementor-37688" data-elementor-post-type="page">
				<div class="elementor-element elementor-element-d686ad1 e-con-full e-flex e-con e-parent" data-id="d686ad1" data-element_type="container" data-e-type="container">
				<div class="elementor-element elementor-element-86f6c59 elementor-widget elementor-widget-heading" data-id="86f6c59" data-element_type="widget" data-e-type="widget" data-widget_type="heading.default">
				<div class="elementor-widget-container">
					<h1 class="elementor-heading-title elementor-size-default">B3. Apprentissages linguistiques en lecture et en écriture</h1>				</div>
				</div>
				<div class="elementor-element elementor-element-3f4c03c elementor-widget elementor-widget-text-editor" data-id="3f4c03c" data-element_type="widget" data-e-type="widget" data-widget_type="text-editor.default">
				<div class="elementor-widget-container">
									En 3<sup>e</sup> année, les élèves approfondissent leur compréhension des conventions linguistiques pour améliorer leurs compétences en communication. Pour que leurs textes soient clairs et efficaces, les élèves apprennent à utiliser correctement la grammaire, la ponctuation et les majuscules. Ces compétences leur permettent de bien structurer leurs phrases et d’organiser leurs textes, afin d’exprimer leurs idées de manière pertinente.

Le continuum des apprentissages linguistiques présenté dans <a href="https://www.dcp.edu.gov.on.ca/fr/curriculum/elementaire-francais/contexte/annexe-b" target="_blank" rel="noopener">l’annexe B</a> énumère les attentes spécifiques en matière de syntaxe et de structure des phrases, de grammaire, de majuscules et de ponctuation.

Les élèves devraient apprendre et mettre en pratique ces conventions à travers la communication orale, la lecture et l’écriture. Le tableau indique un continuum d’apprentissages &#8211; c’est-à-dire <strong>une sensibilisation à la notion (S), une étude systématique (É) et un approfondissement (A)</strong> &#8211; s’étendant de la 1<sup>re</sup> à la 9<sup>e</sup> année. Le tableau indique les périodes pendant lesquelles les élèves devraient utiliser les structures données dans leurs écrits, mais ces structures seront utilisées et comprises à l’oral beaucoup plus tôt.

Ces conventions linguistiques doivent être introduites et développées dans le cadre de l&rsquo;écriture, de la lecture et de la communication orale, plutôt que de manière isolée, afin que les élèves puissent apprendre à les utiliser pour communiquer et comprendre en contexte. Bien que l&rsquo;apprentissage se déroule en contexte, l&rsquo;enseignement doit toujours suivre une séquence réfléchie et ciblée, en enseignant systématiquement les conventions, du plus simple au plus complexe.

<strong>L&rsquo;accent doit être mis sur la fonction et le rôle d&rsquo;une structure au sein d&rsquo;une phrase.</strong>								</div>
				</div>
				<div class="elementor-element elementor-element-0b48044 elementor-widget elementor-widget-heading" data-id="0b48044" data-element_type="widget" data-e-type="widget" data-widget_type="heading.default">
				<div class="elementor-widget-container">
					<h4 class="elementor-heading-title elementor-size-default">Liens vers des recherches</h4>				</div>
				</div>
				<div class="elementor-element elementor-element-c7fd65b elementor-widget elementor-widget-text-editor" data-id="c7fd65b" data-element_type="widget" data-e-type="widget" data-widget_type="text-editor.default">
				<div class="elementor-widget-container">
									<ul><li><a href="https://onlit.org/fr/ressource/enseigner-la-grammaire-en-contexte/" target="_blank" rel="noopener">Enseigner la grammaire en contexte avec Joel Thibeault</a></li><li><a href="https://onlit.org/fr/ressource/la-grammaire-nouvelle-la-comprendre-et-lenseigner/" target="_blank" rel="noopener">La grammaire nouvelle : La comprendre et l’enseigner</a></li></ul>								</div>
				</div>
		<div class="elementor-element elementor-element-67557c0f e-con-full e-flex e-con e-child" data-id="67557c0f" data-element_type="container" data-e-type="container">
				<div class="elementor-element elementor-element-52a22944 elementor-align-left elementor-widget__width-initial elementor-mobile-align-center elementor-widget elementor-widget-button" data-id="52a22944" data-element_type="widget" data-e-type="widget" data-widget_type="button.default">
				<div class="elementor-widget-container">
									<div class="elementor-button-wrapper">
					<a class="elementor-button elementor-button-link elementor-size-sm" href="https://onlit.org/fr/survol-de-la-litteratie/3e-annee/b2-5-la-fluidite/">
						<span class="elementor-button-content-wrapper">
									<span class="elementor-button-text">&lt;&lt; Retour</span>
					</span>
					</a>
				</div>
								</div>
				</div>
				<div class="elementor-element elementor-element-5bd8aeaa elementor-align-right elementor-widget__width-initial elementor-mobile-align-center elementor-widget elementor-widget-button" data-id="5bd8aeaa" data-element_type="widget" data-e-type="widget" data-widget_type="button.default">
				<div class="elementor-widget-container">
									<div class="elementor-button-wrapper">
					<a class="elementor-button elementor-button-link elementor-size-sm" href="https://onlit.org/fr/survol-de-la-litteratie/3e-annee/b3-1-syntaxe-et-structure-de-phrases/">
						<span class="elementor-button-content-wrapper">
									<span class="elementor-button-text">Suivant &gt;&gt;</span>
					</span>
					</a>
				</div>
								</div>
				</div>
				</div>
				</div>
				</div>

<p>B3. Apprentissages linguistiques en lecture et en écriture En 3e année, les élèves approfondissent leur compréhension des conventions linguistiques pour améliorer leurs compétences en communication. Pour que leurs textes soient&#8230;</p>
