{"id":37787,"date":"2025-05-06T15:25:19","date_gmt":"2025-05-06T19:25:19","guid":{"rendered":"https:\/\/onlit.org\/?page_id=37787"},"modified":"2025-08-27T14:25:40","modified_gmt":"2025-08-27T18:25:40","slug":"b2-connaissance-des-lettres","status":"publish","type":"page","link":"https:\/\/onlit.org\/fr\/survol-de-la-litteratie\/3e-annee\/b2-connaissance-des-lettres\/","title":{"rendered":"B2. Connaissance des lettres"},"content":{"rendered":"\t\t<div data-elementor-type=\"wp-page\" data-elementor-id=\"37787\" class=\"elementor elementor-37787 elementor-37672\" data-elementor-post-type=\"page\">\n\t\t\t\t<div class=\"elementor-element elementor-element-7a723f39 e-con-full e-flex e-con e-parent\" data-id=\"7a723f39\" data-element_type=\"container\" data-e-type=\"container\">\n\t\t\t\t<div class=\"elementor-element elementor-element-754308ed elementor-widget elementor-widget-heading\" data-id=\"754308ed\" data-element_type=\"widget\" data-e-type=\"widget\" data-widget_type=\"heading.default\">\n\t\t\t\t<div class=\"elementor-widget-container\">\n\t\t\t\t\t<h1 class=\"elementor-heading-title elementor-size-default\">B2. Connaissance des lettres<\/h1>\t\t\t\t<\/div>\n\t\t\t\t<\/div>\n\t\t\t\t<div class=\"elementor-element elementor-element-7d0023f elementor-widget elementor-widget-text-editor\" data-id=\"7d0023f\" data-element_type=\"widget\" data-e-type=\"widget\" data-widget_type=\"text-editor.default\">\n\t\t\t\t<div class=\"elementor-widget-container\">\n\t\t\t\t\t\t\t\t\tLa connaissance de la forme visuelle des lettres, de leur nom, des sons qui leur correspondent et de leur ordre dans l\u2019alphabet aide \u00e0 d\u00e9velopper le principe alphab\u00e9tique. En 3<sup>e<\/sup> ann\u00e9e, la connaissance des lettres devrait \u00eatre consolid\u00e9e. Par cons\u00e9quent, il n\u2019y a pas d\u2019attentes sp\u00e9cifiques en mati\u00e8re de la connaissance des lettres pour la 3<sup>e<\/sup> ann\u00e9e et il n\u2019est pas n\u00e9cessaire de l\u2019\u00e9valuer pour tous les \u00e9l\u00e8ves.\t\t\t\t\t\t\t\t<\/div>\n\t\t\t\t<\/div>\n\t\t<div class=\"elementor-element elementor-element-6c9f2417 e-con-full e-flex e-con e-child\" data-id=\"6c9f2417\" data-element_type=\"container\" data-e-type=\"container\">\n\t\t\t\t<div class=\"elementor-element elementor-element-74f68a47 elementor-align-left elementor-widget__width-initial elementor-mobile-align-center elementor-widget elementor-widget-button\" data-id=\"74f68a47\" data-element_type=\"widget\" data-e-type=\"widget\" data-widget_type=\"button.default\">\n\t\t\t\t<div class=\"elementor-widget-container\">\n\t\t\t\t\t\t\t\t\t<div class=\"elementor-button-wrapper\">\n\t\t\t\t\t<a class=\"elementor-button elementor-button-link elementor-size-sm\" href=\"https:\/\/onlit.org\/fr\/survol-de-la-litteratie\/3e-annee\/b2-la-conscience-phonemique\/\">\n\t\t\t\t\t\t<span class=\"elementor-button-content-wrapper\">\n\t\t\t\t\t\t\t\t\t<span class=\"elementor-button-text\">&lt;&lt; Retour<\/span>\n\t\t\t\t\t<\/span>\n\t\t\t\t\t<\/a>\n\t\t\t\t<\/div>\n\t\t\t\t\t\t\t\t<\/div>\n\t\t\t\t<\/div>\n\t\t\t\t<div class=\"elementor-element elementor-element-86497b5 elementor-align-right elementor-widget__width-initial elementor-mobile-align-center elementor-widget elementor-widget-button\" data-id=\"86497b5\" data-element_type=\"widget\" data-e-type=\"widget\" data-widget_type=\"button.default\">\n\t\t\t\t<div class=\"elementor-widget-container\">\n\t\t\t\t\t\t\t\t\t<div class=\"elementor-button-wrapper\">\n\t\t\t\t\t<a class=\"elementor-button elementor-button-link elementor-size-sm\" href=\"https:\/\/onlit.org\/fr\/survol-de-la-litteratie\/3e-annee\/b2-lecture-et-orthographe-au-niveau-des-mots\/\">\n\t\t\t\t\t\t<span class=\"elementor-button-content-wrapper\">\n\t\t\t\t\t\t\t\t\t<span class=\"elementor-button-text\">Suivant &gt;&gt;<\/span>\n\t\t\t\t\t<\/span>\n\t\t\t\t\t<\/a>\n\t\t\t\t<\/div>\n\t\t\t\t\t\t\t\t<\/div>\n\t\t\t\t<\/div>\n\t\t\t\t<\/div>\n\t\t\t\t<\/div>\n\t\t\t\t<\/div>\n\t\t","protected":false},"excerpt":{"rendered":"<p>B2. Connaissance des lettres La connaissance de la forme visuelle des lettres, de leur nom, des sons qui leur correspondent et de leur ordre dans l\u2019alphabet aide \u00e0 d\u00e9velopper le&#8230;<\/p>\n","protected":false},"author":32,"featured_media":37661,"parent":37726,"menu_order":0,"comment_status":"closed","ping_status":"closed","template":"","meta":{"_acf_changed":false,"_kad_post_transparent":"","_kad_post_title":"hide","_kad_post_layout":"fullwidth","_kad_post_sidebar_id":"","_kad_post_content_style":"unboxed","_kad_post_vertical_padding":"hide","_kad_post_feature":"hide","_kad_post_feature_position":"","_kad_post_header":false,"_kad_post_footer":false,"_kad_post_classname":"","footnotes":""},"content-language":[509],"class_list":["post-37787","page","type-page","status-publish","has-post-thumbnail","hentry","content-language-francais"],"acf":[],"_links":{"self":[{"href":"https:\/\/onlit.org\/fr\/wp-json\/wp\/v2\/pages\/37787","targetHints":{"allow":["GET"]}}],"collection":[{"href":"https:\/\/onlit.org\/fr\/wp-json\/wp\/v2\/pages"}],"about":[{"href":"https:\/\/onlit.org\/fr\/wp-json\/wp\/v2\/types\/page"}],"author":[{"embeddable":true,"href":"https:\/\/onlit.org\/fr\/wp-json\/wp\/v2\/users\/32"}],"replies":[{"embeddable":true,"href":"https:\/\/onlit.org\/fr\/wp-json\/wp\/v2\/comments?post=37787"}],"version-history":[{"count":7,"href":"https:\/\/onlit.org\/fr\/wp-json\/wp\/v2\/pages\/37787\/revisions"}],"predecessor-version":[{"id":39397,"href":"https:\/\/onlit.org\/fr\/wp-json\/wp\/v2\/pages\/37787\/revisions\/39397"}],"up":[{"embeddable":true,"href":"https:\/\/onlit.org\/fr\/wp-json\/wp\/v2\/pages\/37726"}],"wp:featuredmedia":[{"embeddable":true,"href":"https:\/\/onlit.org\/fr\/wp-json\/wp\/v2\/media\/37661"}],"wp:attachment":[{"href":"https:\/\/onlit.org\/fr\/wp-json\/wp\/v2\/media?parent=37787"}],"wp:term":[{"taxonomy":"content-language","embeddable":true,"href":"https:\/\/onlit.org\/fr\/wp-json\/wp\/v2\/content-language?post=37787"}],"curies":[{"name":"wp","href":"https:\/\/api.w.org\/{rel}","templated":true}]}}

<div data-elementor-type="wp-page" data-elementor-id="37787" class="elementor elementor-37787 elementor-37672" data-elementor-post-type="page">
				<div class="elementor-element elementor-element-7a723f39 e-con-full e-flex e-con e-parent" data-id="7a723f39" data-element_type="container" data-e-type="container">
				<div class="elementor-element elementor-element-754308ed elementor-widget elementor-widget-heading" data-id="754308ed" data-element_type="widget" data-e-type="widget" data-widget_type="heading.default">
				<div class="elementor-widget-container">
					<h1 class="elementor-heading-title elementor-size-default">B2. Connaissance des lettres</h1>				</div>
				</div>
				<div class="elementor-element elementor-element-7d0023f elementor-widget elementor-widget-text-editor" data-id="7d0023f" data-element_type="widget" data-e-type="widget" data-widget_type="text-editor.default">
				<div class="elementor-widget-container">
									La connaissance de la forme visuelle des lettres, de leur nom, des sons qui leur correspondent et de leur ordre dans l’alphabet aide à développer le principe alphabétique. En 3<sup>e</sup> année, la connaissance des lettres devrait être consolidée. Par conséquent, il n’y a pas d’attentes spécifiques en matière de la connaissance des lettres pour la 3<sup>e</sup> année et il n’est pas nécessaire de l’évaluer pour tous les élèves.								</div>
				</div>
		<div class="elementor-element elementor-element-6c9f2417 e-con-full e-flex e-con e-child" data-id="6c9f2417" data-element_type="container" data-e-type="container">
				<div class="elementor-element elementor-element-74f68a47 elementor-align-left elementor-widget__width-initial elementor-mobile-align-center elementor-widget elementor-widget-button" data-id="74f68a47" data-element_type="widget" data-e-type="widget" data-widget_type="button.default">
				<div class="elementor-widget-container">
									<div class="elementor-button-wrapper">
					<a class="elementor-button elementor-button-link elementor-size-sm" href="https://onlit.org/fr/survol-de-la-litteratie/3e-annee/b2-la-conscience-phonemique/">
						<span class="elementor-button-content-wrapper">
									<span class="elementor-button-text">&lt;&lt; Retour</span>
					</span>
					</a>
				</div>
								</div>
				</div>
				<div class="elementor-element elementor-element-86497b5 elementor-align-right elementor-widget__width-initial elementor-mobile-align-center elementor-widget elementor-widget-button" data-id="86497b5" data-element_type="widget" data-e-type="widget" data-widget_type="button.default">
				<div class="elementor-widget-container">
									<div class="elementor-button-wrapper">
					<a class="elementor-button elementor-button-link elementor-size-sm" href="https://onlit.org/fr/survol-de-la-litteratie/3e-annee/b2-lecture-et-orthographe-au-niveau-des-mots/">
						<span class="elementor-button-content-wrapper">
									<span class="elementor-button-text">Suivant &gt;&gt;</span>
					</span>
					</a>
				</div>
								</div>
				</div>
				</div>
				</div>
				</div>

<p>B2. Connaissance des lettres La connaissance de la forme visuelle des lettres, de leur nom, des sons qui leur correspondent et de leur ordre dans l’alphabet aide à développer le&#8230;</p>
