{"id":37781,"date":"2025-05-06T15:23:16","date_gmt":"2025-05-06T19:23:16","guid":{"rendered":"https:\/\/onlit.org\/?page_id=37781"},"modified":"2025-11-10T11:35:35","modified_gmt":"2025-11-10T16:35:35","slug":"b1-communication-orale-et-non-verbale","status":"publish","type":"page","link":"https:\/\/onlit.org\/fr\/survol-de-la-litteratie\/3e-annee\/b1-communication-orale-et-non-verbale\/","title":{"rendered":"B1. Communication orale et non verbale"},"content":{"rendered":"\t\t<div data-elementor-type=\"wp-page\" data-elementor-id=\"37781\" class=\"elementor elementor-37781 elementor-37666\" data-elementor-post-type=\"page\">\n\t\t\t\t<div class=\"elementor-element elementor-element-3775912a e-con-full e-flex e-con e-parent\" data-id=\"3775912a\" data-element_type=\"container\" data-e-type=\"container\">\n\t\t\t\t<div class=\"elementor-element elementor-element-4cfe888 elementor-widget elementor-widget-heading\" data-id=\"4cfe888\" data-element_type=\"widget\" data-e-type=\"widget\" data-widget_type=\"heading.default\">\n\t\t\t\t<div class=\"elementor-widget-container\">\n\t\t\t\t\t<h1 class=\"elementor-heading-title elementor-size-default\">B1. Communication orale et non verbale<\/h1>\t\t\t\t<\/div>\n\t\t\t\t<\/div>\n\t\t\t\t<div class=\"elementor-element elementor-element-6336875 elementor-widget elementor-widget-text-editor\" data-id=\"6336875\" data-element_type=\"widget\" data-e-type=\"widget\" data-widget_type=\"text-editor.default\">\n\t\t\t\t<div class=\"elementor-widget-container\">\n\t\t\t\t\t\t\t\t\t<p>Le langage oral est essentiel \u00e0 la lecture et \u00e0 l\u2019\u00e9criture. De solides comp\u00e9tences en communication orale constituent la base de la compr\u00e9hension du langage \u00e9crit et de la r\u00e9daction de textes coh\u00e9rents et bien structur\u00e9s.<\/p><p>Vous pouvez enseigner la communication orale en incorporant des activit\u00e9s structur\u00e9es telles que l\u2019enseignement explicite du vocabulaire, des lectures \u00e0 haute voix cibl\u00e9es et des discussions guid\u00e9es qui se concentrent sur des comp\u00e9tences linguistiques sp\u00e9cifiques. En outre, vous pouvez donner aux \u00e9l\u00e8ves la possibilit\u00e9 de d\u00e9velopper leurs comp\u00e9tences linguistiques de mani\u00e8re implicite gr\u00e2ce \u00e0 des conversations structur\u00e9es et encadr\u00e9es qui encouragent les \u00e9l\u00e8ves \u00e0 utiliser et \u00e0 d\u00e9velopper leur langage dans un environnement de classe encourageant. Un enseignement cibl\u00e9 et efficace dans ce domaine n\u00e9cessite une planification pr\u00e9alable r\u00e9fl\u00e9chie, un enseignement explicite, une structure coh\u00e9rente et une ex\u00e9cution habile &#8211; il ne suffit pas de faire en sorte que les \u00e9l\u00e8ves \u00ab pensent-parlent-partagent \u00bb quelques fois par jour. Consultez les ressources connexes et visitez le site <a href=\"https:\/\/onlit.org\/\" target=\"_blank\" rel=\"noopener\">ONlit.org<\/a> pour obtenir plus d&rsquo;informations et d&rsquo;id\u00e9es.<\/p>\t\t\t\t\t\t\t\t<\/div>\n\t\t\t\t<\/div>\n\t\t<div class=\"elementor-element elementor-element-3a6a4de5 e-con-full e-flex e-con e-child\" data-id=\"3a6a4de5\" data-element_type=\"container\" data-e-type=\"container\">\n\t\t<div class=\"elementor-element elementor-element-5c740b22 e-con-full e-flex e-con e-child\" data-id=\"5c740b22\" data-element_type=\"container\" data-e-type=\"container\">\n\t\t\t\t<div class=\"elementor-element elementor-element-31963fa9 elementor-widget elementor-widget-heading\" data-id=\"31963fa9\" data-element_type=\"widget\" data-e-type=\"widget\" data-widget_type=\"heading.default\">\n\t\t\t\t<div class=\"elementor-widget-container\">\n\t\t\t\t\t<h4 class=\"elementor-heading-title elementor-size-default\">En 2<sup>e<\/sup> ann\u00e9e, l\u2019accent a \u00e9t\u00e9 mis sur :<\/h4>\t\t\t\t<\/div>\n\t\t\t\t<\/div>\n\t\t\t\t<div class=\"elementor-element elementor-element-c500fdd elementor-widget elementor-widget-text-editor\" data-id=\"c500fdd\" data-element_type=\"widget\" data-e-type=\"widget\" data-widget_type=\"text-editor.default\">\n\t\t\t\t<div class=\"elementor-widget-container\">\n\t\t\t\t\t\t\t\t\t<ul><li>Reformuler ce qui a \u00e9t\u00e9 dit<\/li><li>Manifester de l\u2019int\u00e9r\u00eat<br \/>Reconna\u00eetre les situations dans lesquelles un message est difficile \u00e0 comprendre<\/li><li>Parler \u00e0 tour de r\u00f4le et se concentrer sur le sujet<\/li><li>D\u00e9terminer et utiliser des strat\u00e9gies de communication orale et non verbale et d\u00e9montrer sa compr\u00e9hension de la mani\u00e8re dont ces strat\u00e9gies peuvent contribuer au sens des messages<\/li><li>Choisir et utiliser des mots appropri\u00e9s pour appuyer la compr\u00e9hension des messages par les destinataires<\/li><\/ul>\t\t\t\t\t\t\t\t<\/div>\n\t\t\t\t<\/div>\n\t\t\t\t<\/div>\n\t\t<div class=\"elementor-element elementor-element-45631e56 e-con-full e-flex e-con e-child\" data-id=\"45631e56\" data-element_type=\"container\" data-e-type=\"container\">\n\t\t\t\t<div class=\"elementor-element elementor-element-4f882c7e elementor-widget elementor-widget-heading\" data-id=\"4f882c7e\" data-element_type=\"widget\" data-e-type=\"widget\" data-widget_type=\"heading.default\">\n\t\t\t\t<div class=\"elementor-widget-container\">\n\t\t\t\t\t<h4 class=\"elementor-heading-title elementor-size-default\">Nouveau pour  la 3<sup>e<\/sup> ann\u00e9e :<\/h4>\t\t\t\t<\/div>\n\t\t\t\t<\/div>\n\t\t\t\t<div class=\"elementor-element elementor-element-1109d54c elementor-widget elementor-widget-text-editor\" data-id=\"1109d54c\" data-element_type=\"widget\" data-e-type=\"widget\" data-widget_type=\"text-editor.default\">\n\t\t\t\t<div class=\"elementor-widget-container\">\n\t\t\t\t\t\t\t\t\t<ul><li>Poser des questions pour clarifier des clarifications quant \u00e0 l\u2019information et aux id\u00e9es<\/li><li>\u00c9couter et communiquer dans des conversations en petits et grands groupes<\/li><li>Utiliser diverses strat\u00e9gies pour communiqu\u00e9e et reconna\u00eetre les situations dans lesquelles un message est difficile \u00e0 comprendre<\/li><li>D\u00e9velopper des r\u00e9ponses appropri\u00e9es <\/li><li>\u00c9tablir un rapport avec les destinataires pour communiquer de fa\u00e7on claire et coh\u00e9rente<\/li><li>Parler et communiquer dans divers contextes<\/li><\/ul>\t\t\t\t\t\t\t\t<\/div>\n\t\t\t\t<\/div>\n\t\t\t\t<\/div>\n\t\t\t\t<\/div>\n\t\t\t\t<div class=\"elementor-element elementor-element-cf8a2a2 elementor-widget elementor-widget-global elementor-global-36380 elementor-widget-text-editor\" data-id=\"cf8a2a2\" data-element_type=\"widget\" data-e-type=\"widget\" data-widget_type=\"text-editor.default\">\n\t\t\t\t<div class=\"elementor-widget-container\">\n\t\t\t\t\t\t\t\t\t<p>Il ne s&rsquo;agit pas d&rsquo;une liste exhaustive de toutes les attentes dans ce domaine. Veuillez consulter le <a href=\"https:\/\/www.dcp.edu.gov.on.ca\/fr\/curriculum\/elementaire-francais\" target=\"_blank\" rel=\"noopener\">programme-cadre de fran\u00e7ais<\/a> pour plus de d\u00e9tails.<\/p>\t\t\t\t\t\t\t\t<\/div>\n\t\t\t\t<\/div>\n\t\t\t\t<div class=\"elementor-element elementor-element-4099d2d8 elementor-widget elementor-widget-heading\" data-id=\"4099d2d8\" data-element_type=\"widget\" data-e-type=\"widget\" data-widget_type=\"heading.default\">\n\t\t\t\t<div class=\"elementor-widget-container\">\n\t\t\t\t\t<h4 class=\"elementor-heading-title elementor-size-default\">Liens vers des recherches<\/h4>\t\t\t\t<\/div>\n\t\t\t\t<\/div>\n\t\t\t\t<div class=\"elementor-element elementor-element-6981d0d elementor-widget elementor-widget-text-editor\" data-id=\"6981d0d\" data-element_type=\"widget\" data-e-type=\"widget\" data-widget_type=\"text-editor.default\">\n\t\t\t\t<div class=\"elementor-widget-container\">\n\t\t\t\t\t\t\t\t\t<ul><li><a href=\"https:\/\/onlit.org\/fr\/ressource\/favoriser-le-developpement-du-langage-oral-en-classe-trousse-doutils\/\" target=\"_blank\" rel=\"noopener\">Favoriser le d\u00e9veloppement du langage oral : Trousse d\u2019outils des professionnels de l\u2019enseignement<\/a><\/li><li><a href=\"https:\/\/onlit.org\/fr\/ressource\/le-langage-oral-a-portee-de-la-main\/\" target=\"_blank\" rel=\"noopener\">Le langage oral \u00e0 port\u00e9e de la main<\/a><\/li><li><a href=\"https:\/\/onlit.org\/fr\/ressource\/les-conversations-soutien-en-cinq\/\" target=\"_blank\" rel=\"noopener\">Soutien en cinq &#8211; \u00e9tude de livre ONlit<\/a><\/li><\/ul>\t\t\t\t\t\t\t\t<\/div>\n\t\t\t\t<\/div>\n\t\t\t\t<div class=\"elementor-element elementor-element-6f9657e5 elementor-widget elementor-widget-heading\" data-id=\"6f9657e5\" data-element_type=\"widget\" data-e-type=\"widget\" data-widget_type=\"heading.default\">\n\t\t\t\t<div class=\"elementor-widget-container\">\n\t\t\t\t\t<h4 class=\"elementor-heading-title elementor-size-default\">Ressources<\/h4>\t\t\t\t<\/div>\n\t\t\t\t<\/div>\n\t\t\t\t<div class=\"elementor-element elementor-element-ddc4d2e elementor-widget elementor-widget-text-editor\" data-id=\"ddc4d2e\" data-element_type=\"widget\" data-e-type=\"widget\" data-widget_type=\"text-editor.default\">\n\t\t\t\t<div class=\"elementor-widget-container\">\n\t\t\t\t\t\t\t\t\t<ul><li><a href=\"https:\/\/www.tfo.org\/minitfo\" target=\"_blank\" rel=\"noopener\">Mini TFO<\/a><\/li><li><a href=\"https:\/\/idello.org\/\" target=\"_blank\" rel=\"noopener\">Id\u00e9llo<\/a><\/li><li>Recherchez \u00ab langue orale \u00bb sur le <a href=\"https:\/\/onlit.org\/fr\/bibliotheque-de-ressources\/\" target=\"_blank\" rel=\"noopener\">biblioth\u00e8que de ressources d&rsquo;ONlit<\/a> pour trouver d&rsquo;autres ressources !<\/li><\/ul>\t\t\t\t\t\t\t\t<\/div>\n\t\t\t\t<\/div>\n\t\t<div class=\"elementor-element elementor-element-3a8ae2d9 e-con-full e-flex e-con e-child\" data-id=\"3a8ae2d9\" data-element_type=\"container\" data-e-type=\"container\">\n\t\t\t\t<div class=\"elementor-element elementor-element-27ea093c elementor-align-left elementor-widget__width-initial elementor-mobile-align-center elementor-widget elementor-widget-button\" data-id=\"27ea093c\" data-element_type=\"widget\" data-e-type=\"widget\" data-widget_type=\"button.default\">\n\t\t\t\t<div class=\"elementor-widget-container\">\n\t\t\t\t\t\t\t\t\t<div class=\"elementor-button-wrapper\">\n\t\t\t\t\t<a class=\"elementor-button elementor-button-link elementor-size-sm\" href=\"https:\/\/onlit.org\/fr\/survol-de-la-litteratie\/3e-annee\/apercu-du-programme-cadre\/\">\n\t\t\t\t\t\t<span class=\"elementor-button-content-wrapper\">\n\t\t\t\t\t\t\t\t\t<span class=\"elementor-button-text\">&lt;&lt; Retour<\/span>\n\t\t\t\t\t<\/span>\n\t\t\t\t\t<\/a>\n\t\t\t\t<\/div>\n\t\t\t\t\t\t\t\t<\/div>\n\t\t\t\t<\/div>\n\t\t\t\t<div class=\"elementor-element elementor-element-2d6f9e3c elementor-align-right elementor-widget__width-initial elementor-mobile-align-center elementor-widget elementor-widget-button\" data-id=\"2d6f9e3c\" data-element_type=\"widget\" data-e-type=\"widget\" data-widget_type=\"button.default\">\n\t\t\t\t<div class=\"elementor-widget-container\">\n\t\t\t\t\t\t\t\t\t<div class=\"elementor-button-wrapper\">\n\t\t\t\t\t<a class=\"elementor-button elementor-button-link elementor-size-sm\" href=\"https:\/\/onlit.org\/fr\/survol-de-la-litteratie\/3e-annee\/b2-notions-fondamentales-de-la-lecture-et-de-lecriture\/\">\n\t\t\t\t\t\t<span class=\"elementor-button-content-wrapper\">\n\t\t\t\t\t\t\t\t\t<span class=\"elementor-button-text\">Suivant &gt;&gt;<\/span>\n\t\t\t\t\t<\/span>\n\t\t\t\t\t<\/a>\n\t\t\t\t<\/div>\n\t\t\t\t\t\t\t\t<\/div>\n\t\t\t\t<\/div>\n\t\t\t\t<\/div>\n\t\t\t\t<\/div>\n\t\t\t\t<\/div>\n\t\t","protected":false},"excerpt":{"rendered":"<p>B1. Communication orale et non verbale Le langage oral est essentiel \u00e0 la lecture et \u00e0 l\u2019\u00e9criture. De solides comp\u00e9tences en communication orale constituent la base de la compr\u00e9hension du&#8230;<\/p>\n","protected":false},"author":32,"featured_media":37661,"parent":37726,"menu_order":0,"comment_status":"closed","ping_status":"closed","template":"","meta":{"_acf_changed":false,"_kad_post_transparent":"","_kad_post_title":"hide","_kad_post_layout":"fullwidth","_kad_post_sidebar_id":"","_kad_post_content_style":"unboxed","_kad_post_vertical_padding":"hide","_kad_post_feature":"hide","_kad_post_feature_position":"","_kad_post_header":false,"_kad_post_footer":false,"_kad_post_classname":"","footnotes":""},"content-language":[509],"class_list":["post-37781","page","type-page","status-publish","has-post-thumbnail","hentry","content-language-francais"],"acf":[],"_links":{"self":[{"href":"https:\/\/onlit.org\/fr\/wp-json\/wp\/v2\/pages\/37781","targetHints":{"allow":["GET"]}}],"collection":[{"href":"https:\/\/onlit.org\/fr\/wp-json\/wp\/v2\/pages"}],"about":[{"href":"https:\/\/onlit.org\/fr\/wp-json\/wp\/v2\/types\/page"}],"author":[{"embeddable":true,"href":"https:\/\/onlit.org\/fr\/wp-json\/wp\/v2\/users\/32"}],"replies":[{"embeddable":true,"href":"https:\/\/onlit.org\/fr\/wp-json\/wp\/v2\/comments?post=37781"}],"version-history":[{"count":11,"href":"https:\/\/onlit.org\/fr\/wp-json\/wp\/v2\/pages\/37781\/revisions"}],"predecessor-version":[{"id":40236,"href":"https:\/\/onlit.org\/fr\/wp-json\/wp\/v2\/pages\/37781\/revisions\/40236"}],"up":[{"embeddable":true,"href":"https:\/\/onlit.org\/fr\/wp-json\/wp\/v2\/pages\/37726"}],"wp:featuredmedia":[{"embeddable":true,"href":"https:\/\/onlit.org\/fr\/wp-json\/wp\/v2\/media\/37661"}],"wp:attachment":[{"href":"https:\/\/onlit.org\/fr\/wp-json\/wp\/v2\/media?parent=37781"}],"wp:term":[{"taxonomy":"content-language","embeddable":true,"href":"https:\/\/onlit.org\/fr\/wp-json\/wp\/v2\/content-language?post=37781"}],"curies":[{"name":"wp","href":"https:\/\/api.w.org\/{rel}","templated":true}]}}

<div data-elementor-type="wp-page" data-elementor-id="37781" class="elementor elementor-37781 elementor-37666" data-elementor-post-type="page">
				<div class="elementor-element elementor-element-3775912a e-con-full e-flex e-con e-parent" data-id="3775912a" data-element_type="container" data-e-type="container">
				<div class="elementor-element elementor-element-4cfe888 elementor-widget elementor-widget-heading" data-id="4cfe888" data-element_type="widget" data-e-type="widget" data-widget_type="heading.default">
				<div class="elementor-widget-container">
					<h1 class="elementor-heading-title elementor-size-default">B1. Communication orale et non verbale</h1>				</div>
				</div>
				<div class="elementor-element elementor-element-6336875 elementor-widget elementor-widget-text-editor" data-id="6336875" data-element_type="widget" data-e-type="widget" data-widget_type="text-editor.default">
				<div class="elementor-widget-container">
									<p>Le langage oral est essentiel à la lecture et à l’écriture. De solides compétences en communication orale constituent la base de la compréhension du langage écrit et de la rédaction de textes cohérents et bien structurés.</p><p>Vous pouvez enseigner la communication orale en incorporant des activités structurées telles que l’enseignement explicite du vocabulaire, des lectures à haute voix ciblées et des discussions guidées qui se concentrent sur des compétences linguistiques spécifiques. En outre, vous pouvez donner aux élèves la possibilité de développer leurs compétences linguistiques de manière implicite grâce à des conversations structurées et encadrées qui encouragent les élèves à utiliser et à développer leur langage dans un environnement de classe encourageant. Un enseignement ciblé et efficace dans ce domaine nécessite une planification préalable réfléchie, un enseignement explicite, une structure cohérente et une exécution habile &#8211; il ne suffit pas de faire en sorte que les élèves « pensent-parlent-partagent » quelques fois par jour. Consultez les ressources connexes et visitez le site <a href="https://onlit.org/" target="_blank" rel="noopener">ONlit.org</a> pour obtenir plus d&rsquo;informations et d&rsquo;idées.</p>								</div>
				</div>
		<div class="elementor-element elementor-element-3a6a4de5 e-con-full e-flex e-con e-child" data-id="3a6a4de5" data-element_type="container" data-e-type="container">
		<div class="elementor-element elementor-element-5c740b22 e-con-full e-flex e-con e-child" data-id="5c740b22" data-element_type="container" data-e-type="container">
				<div class="elementor-element elementor-element-31963fa9 elementor-widget elementor-widget-heading" data-id="31963fa9" data-element_type="widget" data-e-type="widget" data-widget_type="heading.default">
				<div class="elementor-widget-container">
					<h4 class="elementor-heading-title elementor-size-default">En 2<sup>e</sup> année, l’accent a été mis sur :</h4>				</div>
				</div>
				<div class="elementor-element elementor-element-c500fdd elementor-widget elementor-widget-text-editor" data-id="c500fdd" data-element_type="widget" data-e-type="widget" data-widget_type="text-editor.default">
				<div class="elementor-widget-container">
									<ul><li>Reformuler ce qui a été dit</li><li>Manifester de l’intérêt<br />Reconnaître les situations dans lesquelles un message est difficile à comprendre</li><li>Parler à tour de rôle et se concentrer sur le sujet</li><li>Déterminer et utiliser des stratégies de communication orale et non verbale et démontrer sa compréhension de la manière dont ces stratégies peuvent contribuer au sens des messages</li><li>Choisir et utiliser des mots appropriés pour appuyer la compréhension des messages par les destinataires</li></ul>								</div>
				</div>
				</div>
		<div class="elementor-element elementor-element-45631e56 e-con-full e-flex e-con e-child" data-id="45631e56" data-element_type="container" data-e-type="container">
				<div class="elementor-element elementor-element-4f882c7e elementor-widget elementor-widget-heading" data-id="4f882c7e" data-element_type="widget" data-e-type="widget" data-widget_type="heading.default">
				<div class="elementor-widget-container">
					<h4 class="elementor-heading-title elementor-size-default">Nouveau pour  la 3<sup>e</sup> année :</h4>				</div>
				</div>
				<div class="elementor-element elementor-element-1109d54c elementor-widget elementor-widget-text-editor" data-id="1109d54c" data-element_type="widget" data-e-type="widget" data-widget_type="text-editor.default">
				<div class="elementor-widget-container">
									<ul><li>Poser des questions pour clarifier des clarifications quant à l’information et aux idées</li><li>Écouter et communiquer dans des conversations en petits et grands groupes</li><li>Utiliser diverses stratégies pour communiquée et reconnaître les situations dans lesquelles un message est difficile à comprendre</li><li>Développer des réponses appropriées </li><li>Établir un rapport avec les destinataires pour communiquer de façon claire et cohérente</li><li>Parler et communiquer dans divers contextes</li></ul>								</div>
				</div>
				</div>
				</div>
				<div class="elementor-element elementor-element-cf8a2a2 elementor-widget elementor-widget-global elementor-global-36380 elementor-widget-text-editor" data-id="cf8a2a2" data-element_type="widget" data-e-type="widget" data-widget_type="text-editor.default">
				<div class="elementor-widget-container">
									<p>Il ne s&rsquo;agit pas d&rsquo;une liste exhaustive de toutes les attentes dans ce domaine. Veuillez consulter le <a href="https://www.dcp.edu.gov.on.ca/fr/curriculum/elementaire-francais" target="_blank" rel="noopener">programme-cadre de français</a> pour plus de détails.</p>								</div>
				</div>
				<div class="elementor-element elementor-element-4099d2d8 elementor-widget elementor-widget-heading" data-id="4099d2d8" data-element_type="widget" data-e-type="widget" data-widget_type="heading.default">
				<div class="elementor-widget-container">
					<h4 class="elementor-heading-title elementor-size-default">Liens vers des recherches</h4>				</div>
				</div>
				<div class="elementor-element elementor-element-6981d0d elementor-widget elementor-widget-text-editor" data-id="6981d0d" data-element_type="widget" data-e-type="widget" data-widget_type="text-editor.default">
				<div class="elementor-widget-container">
									<ul><li><a href="https://onlit.org/fr/ressource/favoriser-le-developpement-du-langage-oral-en-classe-trousse-doutils/" target="_blank" rel="noopener">Favoriser le développement du langage oral : Trousse d’outils des professionnels de l’enseignement</a></li><li><a href="https://onlit.org/fr/ressource/le-langage-oral-a-portee-de-la-main/" target="_blank" rel="noopener">Le langage oral à portée de la main</a></li><li><a href="https://onlit.org/fr/ressource/les-conversations-soutien-en-cinq/" target="_blank" rel="noopener">Soutien en cinq &#8211; étude de livre ONlit</a></li></ul>								</div>
				</div>
				<div class="elementor-element elementor-element-6f9657e5 elementor-widget elementor-widget-heading" data-id="6f9657e5" data-element_type="widget" data-e-type="widget" data-widget_type="heading.default">
				<div class="elementor-widget-container">
					<h4 class="elementor-heading-title elementor-size-default">Ressources</h4>				</div>
				</div>
				<div class="elementor-element elementor-element-ddc4d2e elementor-widget elementor-widget-text-editor" data-id="ddc4d2e" data-element_type="widget" data-e-type="widget" data-widget_type="text-editor.default">
				<div class="elementor-widget-container">
									<ul><li><a href="https://www.tfo.org/minitfo" target="_blank" rel="noopener">Mini TFO</a></li><li><a href="https://idello.org/" target="_blank" rel="noopener">Idéllo</a></li><li>Recherchez « langue orale » sur le <a href="https://onlit.org/fr/bibliotheque-de-ressources/" target="_blank" rel="noopener">bibliothèque de ressources d&rsquo;ONlit</a> pour trouver d&rsquo;autres ressources !</li></ul>								</div>
				</div>
		<div class="elementor-element elementor-element-3a8ae2d9 e-con-full e-flex e-con e-child" data-id="3a8ae2d9" data-element_type="container" data-e-type="container">
				<div class="elementor-element elementor-element-27ea093c elementor-align-left elementor-widget__width-initial elementor-mobile-align-center elementor-widget elementor-widget-button" data-id="27ea093c" data-element_type="widget" data-e-type="widget" data-widget_type="button.default">
				<div class="elementor-widget-container">
									<div class="elementor-button-wrapper">
					<a class="elementor-button elementor-button-link elementor-size-sm" href="https://onlit.org/fr/survol-de-la-litteratie/3e-annee/apercu-du-programme-cadre/">
						<span class="elementor-button-content-wrapper">
									<span class="elementor-button-text">&lt;&lt; Retour</span>
					</span>
					</a>
				</div>
								</div>
				</div>
				<div class="elementor-element elementor-element-2d6f9e3c elementor-align-right elementor-widget__width-initial elementor-mobile-align-center elementor-widget elementor-widget-button" data-id="2d6f9e3c" data-element_type="widget" data-e-type="widget" data-widget_type="button.default">
				<div class="elementor-widget-container">
									<div class="elementor-button-wrapper">
					<a class="elementor-button elementor-button-link elementor-size-sm" href="https://onlit.org/fr/survol-de-la-litteratie/3e-annee/b2-notions-fondamentales-de-la-lecture-et-de-lecriture/">
						<span class="elementor-button-content-wrapper">
									<span class="elementor-button-text">Suivant &gt;&gt;</span>
					</span>
					</a>
				</div>
								</div>
				</div>
				</div>
				</div>
				</div>

<p>B1. Communication orale et non verbale Le langage oral est essentiel à la lecture et à l’écriture. De solides compétences en communication orale constituent la base de la compréhension du&#8230;</p>
