{"id":36861,"date":"2025-04-14T13:43:40","date_gmt":"2025-04-14T17:43:40","guid":{"rendered":"https:\/\/onlit.org\/?page_id=36861"},"modified":"2025-08-27T13:31:16","modified_gmt":"2025-08-27T17:31:16","slug":"b3-3-ponctuation-et-majuscules","status":"publish","type":"page","link":"https:\/\/onlit.org\/fr\/survol-de-la-litteratie\/1re-annee\/b3-3-ponctuation-et-majuscules\/","title":{"rendered":"B3.3. Ponctuation et majuscules"},"content":{"rendered":"\t\t<div data-elementor-type=\"wp-page\" data-elementor-id=\"36861\" class=\"elementor elementor-36861 elementor-36795\" data-elementor-post-type=\"page\">\n\t\t\t\t<div class=\"elementor-element elementor-element-59ea7f47 e-con-full e-flex e-con e-parent\" data-id=\"59ea7f47\" data-element_type=\"container\" data-e-type=\"container\">\n\t\t\t\t<div class=\"elementor-element elementor-element-6c5297b6 elementor-widget elementor-widget-heading\" data-id=\"6c5297b6\" data-element_type=\"widget\" data-e-type=\"widget\" data-widget_type=\"heading.default\">\n\t\t\t\t<div class=\"elementor-widget-container\">\n\t\t\t\t\t<h1 class=\"elementor-heading-title elementor-size-default\">B3.3. Ponctuation et majuscules<\/h1>\t\t\t\t<\/div>\n\t\t\t\t<\/div>\n\t\t<div class=\"elementor-element elementor-element-45177935 e-con-full e-flex e-con e-child\" data-id=\"45177935\" data-element_type=\"container\" data-e-type=\"container\">\n\t\t<div class=\"elementor-element elementor-element-247574c8 e-con-full e-flex e-con e-child\" data-id=\"247574c8\" data-element_type=\"container\" data-e-type=\"container\">\n\t\t\t\t<div class=\"elementor-element elementor-element-33ddb58 elementor-widget elementor-widget-heading\" data-id=\"33ddb58\" data-element_type=\"widget\" data-e-type=\"widget\" data-widget_type=\"heading.default\">\n\t\t\t\t<div class=\"elementor-widget-container\">\n\t\t\t\t\t<h4 class=\"elementor-heading-title elementor-size-default\">En maternelle\/jardin, l\u2019accent a \u00e9t\u00e9 mis sur:<\/h4>\t\t\t\t<\/div>\n\t\t\t\t<\/div>\n\t\t\t\t<div class=\"elementor-element elementor-element-18bce5e8 elementor-widget elementor-widget-text-editor\" data-id=\"18bce5e8\" data-element_type=\"widget\" data-e-type=\"widget\" data-widget_type=\"text-editor.default\">\n\t\t\t\t<div class=\"elementor-widget-container\">\n\t\t\t\t\t\t\t\t\t<em>Le continuum B3, de la premi\u00e8re \u00e0 la neuvi\u00e8me ann\u00e9e, se concentre sur la capacit\u00e9 des \u00e9l\u00e8ves \u00e0 utiliser des structures syntaxiques dans l&rsquo;\u00e9criture. En maternelle et jardin d\u2019enfants, l&rsquo;accent est mis sur le d\u00e9veloppement du langage oral, de la compr\u00e9hension orale et des comportements fondamentaux en lecture et en \u00e9criture. Il est essentiel que le personnel enseignant de la maternelle et du jardin d\u2019enfants comprenne les comp\u00e9tences sur lesquelles les \u00e9l\u00e8ves travailleront en 1<sup>re<\/sup> ann\u00e9e afin de pouvoir \u00e9tablir des fondations solides par la pratique orale, le modelage et l&rsquo;enseignement explicite, ce qui aidera les \u00e9l\u00e8ves \u00e0 passer facilement \u00e0 une syntaxe plus complexe dans les ann\u00e9es ult\u00e9rieures<\/em>.\t\t\t\t\t\t\t\t<\/div>\n\t\t\t\t<\/div>\n\t\t\t\t<\/div>\n\t\t<div class=\"elementor-element elementor-element-4f8376b2 e-con-full e-flex e-con e-child\" data-id=\"4f8376b2\" data-element_type=\"container\" data-e-type=\"container\">\n\t\t\t\t<div class=\"elementor-element elementor-element-639dc4a0 elementor-widget elementor-widget-heading\" data-id=\"639dc4a0\" data-element_type=\"widget\" data-e-type=\"widget\" data-widget_type=\"heading.default\">\n\t\t\t\t<div class=\"elementor-widget-container\">\n\t\t\t\t\t<h4 class=\"elementor-heading-title elementor-size-default\">Nouveau pour  la 1<sup>re<\/sup> ann\u00e9e :<\/h4>\t\t\t\t<\/div>\n\t\t\t\t<\/div>\n\t\t\t\t<div class=\"elementor-element elementor-element-aff428d elementor-widget elementor-widget-text-editor\" data-id=\"aff428d\" data-element_type=\"widget\" data-e-type=\"widget\" data-widget_type=\"text-editor.default\">\n\t\t\t\t<div class=\"elementor-widget-container\">\n\t\t\t\t\t\t\t\t\t<p>Employer la majuscule<\/p><ul><li>S : pour les peuples, les pays et les provinces<\/li><li>\u00c9 : en d\u00e9but de phrase graphique<\/li><li>\u00c9 : pour les noms propres des personnes, d\u2019animaux et de personnages<\/li><\/ul><p>La ponctuation<\/p><ul><li>\u00c9 : les points pour marquer la fin d\u2019une phrase graphique<\/li><li>S : l\u2019apostrophe pour l\u2019\u00e9lision d\u2019une voyelle ou d\u2019un H muet<\/li><li>S : la virgule pour l\u2019ajout de groupes de mots (\u00e9num\u00e9ration)<\/li><\/ul>\t\t\t\t\t\t\t\t<\/div>\n\t\t\t\t<\/div>\n\t\t\t\t<\/div>\n\t\t\t\t<\/div>\n\t\t\t\t<div class=\"elementor-element elementor-element-362c89d elementor-widget elementor-widget-global elementor-global-36380 elementor-widget-text-editor\" data-id=\"362c89d\" data-element_type=\"widget\" data-e-type=\"widget\" data-widget_type=\"text-editor.default\">\n\t\t\t\t<div class=\"elementor-widget-container\">\n\t\t\t\t\t\t\t\t\t<p>Il ne s&rsquo;agit pas d&rsquo;une liste exhaustive de toutes les attentes dans ce domaine. Veuillez consulter le <a href=\"https:\/\/www.dcp.edu.gov.on.ca\/fr\/curriculum\/elementaire-francais\" target=\"_blank\" rel=\"noopener\">programme-cadre de fran\u00e7ais<\/a> pour plus de d\u00e9tails.<\/p>\t\t\t\t\t\t\t\t<\/div>\n\t\t\t\t<\/div>\n\t\t<div class=\"elementor-element elementor-element-3b2582c7 e-con-full e-flex e-con e-child\" data-id=\"3b2582c7\" data-element_type=\"container\" data-e-type=\"container\">\n\t\t\t\t<div class=\"elementor-element elementor-element-6f6b2525 elementor-align-left elementor-widget__width-initial elementor-mobile-align-center elementor-widget elementor-widget-button\" data-id=\"6f6b2525\" data-element_type=\"widget\" data-e-type=\"widget\" data-widget_type=\"button.default\">\n\t\t\t\t<div class=\"elementor-widget-container\">\n\t\t\t\t\t\t\t\t\t<div class=\"elementor-button-wrapper\">\n\t\t\t\t\t<a class=\"elementor-button elementor-button-link elementor-size-sm\" href=\"https:\/\/onlit.org\/fr\/survol-de-la-litteratie\/1re-annee\/b3-2-la-grammaire\/\">\n\t\t\t\t\t\t<span class=\"elementor-button-content-wrapper\">\n\t\t\t\t\t\t\t\t\t<span class=\"elementor-button-text\">&lt;&lt; Retour<\/span>\n\t\t\t\t\t<\/span>\n\t\t\t\t\t<\/a>\n\t\t\t\t<\/div>\n\t\t\t\t\t\t\t\t<\/div>\n\t\t\t\t<\/div>\n\t\t\t\t<div class=\"elementor-element elementor-element-16e95702 elementor-align-right elementor-widget__width-initial elementor-mobile-align-center elementor-widget elementor-widget-button\" data-id=\"16e95702\" data-element_type=\"widget\" data-e-type=\"widget\" data-widget_type=\"button.default\">\n\t\t\t\t<div class=\"elementor-widget-container\">\n\t\t\t\t\t\t\t\t\t<div class=\"elementor-button-wrapper\">\n\t\t\t\t\t<a class=\"elementor-button elementor-button-link elementor-size-sm\" href=\"https:\/\/onlit.org\/fr\/survol-de-la-litteratie\/1re-annee\/c-comprehension\/\">\n\t\t\t\t\t\t<span class=\"elementor-button-content-wrapper\">\n\t\t\t\t\t\t\t\t\t<span class=\"elementor-button-text\">Suivant &gt;&gt;<\/span>\n\t\t\t\t\t<\/span>\n\t\t\t\t\t<\/a>\n\t\t\t\t<\/div>\n\t\t\t\t\t\t\t\t<\/div>\n\t\t\t\t<\/div>\n\t\t\t\t<\/div>\n\t\t\t\t<\/div>\n\t\t\t\t<\/div>\n\t\t","protected":false},"excerpt":{"rendered":"<p>B3.3. Ponctuation et majuscules En maternelle\/jardin, l\u2019accent a \u00e9t\u00e9 mis sur: Le continuum B3, de la premi\u00e8re \u00e0 la neuvi\u00e8me ann\u00e9e, se concentre sur la capacit\u00e9 des \u00e9l\u00e8ves \u00e0 utiliser&#8230;<\/p>\n","protected":false},"author":32,"featured_media":36876,"parent":36757,"menu_order":0,"comment_status":"closed","ping_status":"closed","template":"","meta":{"_acf_changed":false,"_kad_post_transparent":"","_kad_post_title":"hide","_kad_post_layout":"fullwidth","_kad_post_sidebar_id":"","_kad_post_content_style":"unboxed","_kad_post_vertical_padding":"hide","_kad_post_feature":"hide","_kad_post_feature_position":"","_kad_post_header":false,"_kad_post_footer":false,"_kad_post_classname":"","footnotes":""},"content-language":[509],"class_list":["post-36861","page","type-page","status-publish","has-post-thumbnail","hentry","content-language-francais"],"acf":[],"_links":{"self":[{"href":"https:\/\/onlit.org\/fr\/wp-json\/wp\/v2\/pages\/36861","targetHints":{"allow":["GET"]}}],"collection":[{"href":"https:\/\/onlit.org\/fr\/wp-json\/wp\/v2\/pages"}],"about":[{"href":"https:\/\/onlit.org\/fr\/wp-json\/wp\/v2\/types\/page"}],"author":[{"embeddable":true,"href":"https:\/\/onlit.org\/fr\/wp-json\/wp\/v2\/users\/32"}],"replies":[{"embeddable":true,"href":"https:\/\/onlit.org\/fr\/wp-json\/wp\/v2\/comments?post=36861"}],"version-history":[{"count":7,"href":"https:\/\/onlit.org\/fr\/wp-json\/wp\/v2\/pages\/36861\/revisions"}],"predecessor-version":[{"id":39296,"href":"https:\/\/onlit.org\/fr\/wp-json\/wp\/v2\/pages\/36861\/revisions\/39296"}],"up":[{"embeddable":true,"href":"https:\/\/onlit.org\/fr\/wp-json\/wp\/v2\/pages\/36757"}],"wp:featuredmedia":[{"embeddable":true,"href":"https:\/\/onlit.org\/fr\/wp-json\/wp\/v2\/media\/36876"}],"wp:attachment":[{"href":"https:\/\/onlit.org\/fr\/wp-json\/wp\/v2\/media?parent=36861"}],"wp:term":[{"taxonomy":"content-language","embeddable":true,"href":"https:\/\/onlit.org\/fr\/wp-json\/wp\/v2\/content-language?post=36861"}],"curies":[{"name":"wp","href":"https:\/\/api.w.org\/{rel}","templated":true}]}}

<div data-elementor-type="wp-page" data-elementor-id="36861" class="elementor elementor-36861 elementor-36795" data-elementor-post-type="page">
				<div class="elementor-element elementor-element-59ea7f47 e-con-full e-flex e-con e-parent" data-id="59ea7f47" data-element_type="container" data-e-type="container">
				<div class="elementor-element elementor-element-6c5297b6 elementor-widget elementor-widget-heading" data-id="6c5297b6" data-element_type="widget" data-e-type="widget" data-widget_type="heading.default">
				<div class="elementor-widget-container">
					<h1 class="elementor-heading-title elementor-size-default">B3.3. Ponctuation et majuscules</h1>				</div>
				</div>
		<div class="elementor-element elementor-element-45177935 e-con-full e-flex e-con e-child" data-id="45177935" data-element_type="container" data-e-type="container">
		<div class="elementor-element elementor-element-247574c8 e-con-full e-flex e-con e-child" data-id="247574c8" data-element_type="container" data-e-type="container">
				<div class="elementor-element elementor-element-33ddb58 elementor-widget elementor-widget-heading" data-id="33ddb58" data-element_type="widget" data-e-type="widget" data-widget_type="heading.default">
				<div class="elementor-widget-container">
					<h4 class="elementor-heading-title elementor-size-default">En maternelle/jardin, l’accent a été mis sur:</h4>				</div>
				</div>
				<div class="elementor-element elementor-element-18bce5e8 elementor-widget elementor-widget-text-editor" data-id="18bce5e8" data-element_type="widget" data-e-type="widget" data-widget_type="text-editor.default">
				<div class="elementor-widget-container">
									<em>Le continuum B3, de la première à la neuvième année, se concentre sur la capacité des élèves à utiliser des structures syntaxiques dans l&rsquo;écriture. En maternelle et jardin d’enfants, l&rsquo;accent est mis sur le développement du langage oral, de la compréhension orale et des comportements fondamentaux en lecture et en écriture. Il est essentiel que le personnel enseignant de la maternelle et du jardin d’enfants comprenne les compétences sur lesquelles les élèves travailleront en 1<sup>re</sup> année afin de pouvoir établir des fondations solides par la pratique orale, le modelage et l&rsquo;enseignement explicite, ce qui aidera les élèves à passer facilement à une syntaxe plus complexe dans les années ultérieures</em>.								</div>
				</div>
				</div>
		<div class="elementor-element elementor-element-4f8376b2 e-con-full e-flex e-con e-child" data-id="4f8376b2" data-element_type="container" data-e-type="container">
				<div class="elementor-element elementor-element-639dc4a0 elementor-widget elementor-widget-heading" data-id="639dc4a0" data-element_type="widget" data-e-type="widget" data-widget_type="heading.default">
				<div class="elementor-widget-container">
					<h4 class="elementor-heading-title elementor-size-default">Nouveau pour  la 1<sup>re</sup> année :</h4>				</div>
				</div>
				<div class="elementor-element elementor-element-aff428d elementor-widget elementor-widget-text-editor" data-id="aff428d" data-element_type="widget" data-e-type="widget" data-widget_type="text-editor.default">
				<div class="elementor-widget-container">
									<p>Employer la majuscule</p><ul><li>S : pour les peuples, les pays et les provinces</li><li>É : en début de phrase graphique</li><li>É : pour les noms propres des personnes, d’animaux et de personnages</li></ul><p>La ponctuation</p><ul><li>É : les points pour marquer la fin d’une phrase graphique</li><li>S : l’apostrophe pour l’élision d’une voyelle ou d’un H muet</li><li>S : la virgule pour l’ajout de groupes de mots (énumération)</li></ul>								</div>
				</div>
				</div>
				</div>
				<div class="elementor-element elementor-element-362c89d elementor-widget elementor-widget-global elementor-global-36380 elementor-widget-text-editor" data-id="362c89d" data-element_type="widget" data-e-type="widget" data-widget_type="text-editor.default">
				<div class="elementor-widget-container">
									<p>Il ne s&rsquo;agit pas d&rsquo;une liste exhaustive de toutes les attentes dans ce domaine. Veuillez consulter le <a href="https://www.dcp.edu.gov.on.ca/fr/curriculum/elementaire-francais" target="_blank" rel="noopener">programme-cadre de français</a> pour plus de détails.</p>								</div>
				</div>
		<div class="elementor-element elementor-element-3b2582c7 e-con-full e-flex e-con e-child" data-id="3b2582c7" data-element_type="container" data-e-type="container">
				<div class="elementor-element elementor-element-6f6b2525 elementor-align-left elementor-widget__width-initial elementor-mobile-align-center elementor-widget elementor-widget-button" data-id="6f6b2525" data-element_type="widget" data-e-type="widget" data-widget_type="button.default">
				<div class="elementor-widget-container">
									<div class="elementor-button-wrapper">
					<a class="elementor-button elementor-button-link elementor-size-sm" href="https://onlit.org/fr/survol-de-la-litteratie/1re-annee/b3-2-la-grammaire/">
						<span class="elementor-button-content-wrapper">
									<span class="elementor-button-text">&lt;&lt; Retour</span>
					</span>
					</a>
				</div>
								</div>
				</div>
				<div class="elementor-element elementor-element-16e95702 elementor-align-right elementor-widget__width-initial elementor-mobile-align-center elementor-widget elementor-widget-button" data-id="16e95702" data-element_type="widget" data-e-type="widget" data-widget_type="button.default">
				<div class="elementor-widget-container">
									<div class="elementor-button-wrapper">
					<a class="elementor-button elementor-button-link elementor-size-sm" href="https://onlit.org/fr/survol-de-la-litteratie/1re-annee/c-comprehension/">
						<span class="elementor-button-content-wrapper">
									<span class="elementor-button-text">Suivant &gt;&gt;</span>
					</span>
					</a>
				</div>
								</div>
				</div>
				</div>
				</div>
				</div>

<p>B3.3. Ponctuation et majuscules En maternelle/jardin, l’accent a été mis sur: Le continuum B3, de la première à la neuvième année, se concentre sur la capacité des élèves à utiliser&#8230;</p>
