{"id":36844,"date":"2025-04-14T13:38:52","date_gmt":"2025-04-14T17:38:52","guid":{"rendered":"https:\/\/onlit.org\/?page_id=36844"},"modified":"2025-08-27T13:29:49","modified_gmt":"2025-08-27T17:29:49","slug":"b2-5-mise-en-application-de-ses-connaissances-des-regularites-orthographiques","status":"publish","type":"page","link":"https:\/\/onlit.org\/fr\/survol-de-la-litteratie\/1re-annee\/b2-5-mise-en-application-de-ses-connaissances-des-regularites-orthographiques\/","title":{"rendered":"B2.5. Mise en application de ses connaissances des r\u00e9gularit\u00e9s orthographiques"},"content":{"rendered":"\t\t<div data-elementor-type=\"wp-page\" data-elementor-id=\"36844\" class=\"elementor elementor-36844 elementor-36779\" data-elementor-post-type=\"page\">\n\t\t\t\t<div class=\"elementor-element elementor-element-4116d6b0 e-con-full e-flex e-con e-parent\" data-id=\"4116d6b0\" data-element_type=\"container\" data-e-type=\"container\">\n\t\t\t\t<div class=\"elementor-element elementor-element-7a2f811a elementor-widget elementor-widget-heading\" data-id=\"7a2f811a\" data-element_type=\"widget\" data-e-type=\"widget\" data-widget_type=\"heading.default\">\n\t\t\t\t<div class=\"elementor-widget-container\">\n\t\t\t\t\t<h1 class=\"elementor-heading-title elementor-size-default\">B2.5. Mise en application de ses connaissances des r\u00e9gularit\u00e9s orthographiques<\/h1>\t\t\t\t<\/div>\n\t\t\t\t<\/div>\n\t\t\t\t<div class=\"elementor-element elementor-element-a316305 elementor-widget elementor-widget-text-editor\" data-id=\"a316305\" data-element_type=\"widget\" data-e-type=\"widget\" data-widget_type=\"text-editor.default\">\n\t\t\t\t<div class=\"elementor-widget-container\">\n\t\t\t\t\t\t\t\t\t<p>Mettre en application ses connaissances orthographiques, y compris celles relatives \u00e0 la loi de position, pour faire un choix orthographique ou prononcer un mot avec pr\u00e9cision lors de la lecture des mots.<\/p><p>Dans l\u2019ensemble, les \u00e9l\u00e8ves apprennent que :<\/p><ul><li>Les correspondances graph\u00e8mes-phon\u00e8mes peuvent varier selon le contexte orthographique<\/li><li>L\u2019apprentissage des r\u00e9gularit\u00e9s orthographiques contextuelles les plus fr\u00e9quentes et les plus constantes guide l\u2019\u00e9l\u00e8ve quant au choix de phon\u00e8me lorsqu\u2019elle ou il lit un mot, et quant aux choix du graph\u00e8me le plus appropri\u00e9 pour repr\u00e9senter un phon\u00e8me donn\u00e9 lorsqu\u2019elle ou il orthographie un mot.<\/li><\/ul>\t\t\t\t\t\t\t\t<\/div>\n\t\t\t\t<\/div>\n\t\t<div class=\"elementor-element elementor-element-731aa0d e-con-full e-flex e-con e-child\" data-id=\"731aa0d\" data-element_type=\"container\" data-e-type=\"container\">\n\t\t<div class=\"elementor-element elementor-element-1f3a4b0e e-con-full e-flex e-con e-child\" data-id=\"1f3a4b0e\" data-element_type=\"container\" data-e-type=\"container\">\n\t\t\t\t<div class=\"elementor-element elementor-element-3d2e12a5 elementor-widget elementor-widget-heading\" data-id=\"3d2e12a5\" data-element_type=\"widget\" data-e-type=\"widget\" data-widget_type=\"heading.default\">\n\t\t\t\t<div class=\"elementor-widget-container\">\n\t\t\t\t\t<h4 class=\"elementor-heading-title elementor-size-default\">Nouveau pour  la 1<sup>re<\/sup> ann\u00e9e :<\/h4>\t\t\t\t<\/div>\n\t\t\t\t<\/div>\n\t\t\t\t<div class=\"elementor-element elementor-element-63d6524e elementor-widget elementor-widget-text-editor\" data-id=\"63d6524e\" data-element_type=\"widget\" data-e-type=\"widget\" data-widget_type=\"text-editor.default\">\n\t\t\t\t<div class=\"elementor-widget-container\">\n\t\t\t\t\t\t\t\t\t<ul><li>Conna\u00eetre et utiliser certaines r\u00e9gularit\u00e9s orthographiques pour \u00e9crire des mots<br \/>les voyelles nasales suivies de &lt;m&gt;, &lt;b&gt; et &lt;p&gt; s\u2019\u00e9crivent avec &lt;m&gt; <\/li><li>&lt;g&gt; et &lt;c&gt; doux<br \/>devant &lt;e&gt;, &lt;i&gt; et &lt;y&gt; le graph\u00e8me &lt;c&gt; repr\u00e9sente le phon\u00e8me \/s\/ et le graph\u00e8me &lt;g&gt; repr\u00e9sente le phon\u00e8me &lt;\u0292&gt; <\/li><li>&lt;g&gt; et &lt;c&gt; dur<br \/>devant \/a\/, \/o\/, \/u\/ le graph\u00e8me &lt;c&gt; repr\u00e9sente le phon\u00e8me \/k\/ et le graph\u00e8me &lt;g&gt; repr\u00e9sente le phon\u00e8me \/g\/ <\/li><li>Pour repr\u00e9senter le phon\u00e8me \/g\/ devant &lt;e&gt;, &lt;i&gt; ou &lt;y&gt;, le graph\u00e8me &lt;g&gt; s\u2019\u00e9crit toujours &lt;gu&gt; <\/li><li>Pour repr\u00e9senter le phon\u00e8me \/s\/ avec le graph\u00e8me &lt;c&gt; devant &lt;a&gt;, &lt;o&gt; et &lt;u&gt;, le &lt;\u00e7&gt; est utilis\u00e9 <\/li><li>Le phon\u00e8me \/\u0153\/ suivi d\u2019une consonne dans la m\u00eame syllabe s\u2019\u00e9crit presque toujours &lt;eu&gt; <\/li><li>Le phon\u00e8me \/o\/ s\u2019\u00e9crit fr\u00e9quemment &lt;au&gt; ou &lt;eau&gt; ; le graph\u00e8me &lt;o&gt; repr\u00e9sente fr\u00e9quemment le phon\u00e8me \/\u0254\/ <\/li><li>Les mots qui se terminent par un son consonantique s\u2019\u00e9crivent avec un &lt;e&gt; muet, \u00e0 l\u2019exception des graph\u00e8mes &lt;r&gt;, &lt;c&gt;, &lt;s&gt; et &lt;x&gt;<\/li><\/ul>\t\t\t\t\t\t\t\t<\/div>\n\t\t\t\t<\/div>\n\t\t\t\t<\/div>\n\t\t\t\t<\/div>\n\t\t\t\t<div class=\"elementor-element elementor-element-2621444 elementor-widget elementor-widget-global elementor-global-36380 elementor-widget-text-editor\" data-id=\"2621444\" data-element_type=\"widget\" data-e-type=\"widget\" data-widget_type=\"text-editor.default\">\n\t\t\t\t<div class=\"elementor-widget-container\">\n\t\t\t\t\t\t\t\t\t<p>Il ne s&rsquo;agit pas d&rsquo;une liste exhaustive de toutes les attentes dans ce domaine. Veuillez consulter le <a href=\"https:\/\/www.dcp.edu.gov.on.ca\/fr\/curriculum\/elementaire-francais\" target=\"_blank\" rel=\"noopener\">programme-cadre de fran\u00e7ais<\/a> pour plus de d\u00e9tails.<\/p>\t\t\t\t\t\t\t\t<\/div>\n\t\t\t\t<\/div>\n\t\t\t\t<div class=\"elementor-element elementor-element-0a863c9 elementor-widget elementor-widget-global elementor-global-37115 elementor-widget-text-editor\" data-id=\"0a863c9\" data-element_type=\"widget\" data-e-type=\"widget\" data-widget_type=\"text-editor.default\">\n\t\t\t\t<div class=\"elementor-widget-container\">\n\t\t\t\t\t\t\t\t\t<p><strong>Une note sur les programmes<\/strong> : L\u2019utilisation d\u2019un programme d\u2019apprentissage de la lecture et de l\u2019\u00e9criture qui comporte une progression des apprentissages, des routines quotidiennes simples \u00e0 suivre et des le\u00e7ons pr\u00e9\u00e9tablies peut r\u00e9duire de mani\u00e8re significative le temps n\u00e9cessaire \u00e0 la planification dans ce domaine. En voici quelques exemples : <\/p><ul><li><a href=\"https:\/\/www.publicboard.ca\/en\/programs-and-learning\/french-as-a-second-language.aspx\" target=\"_blank\" rel=\"noopener\">Son-au-graphe<\/a><\/li><li><a href=\"https:\/\/micheleminorcorriveau.com\/ressources\/\" target=\"_blank\" rel=\"noopener\">AlphaGraphe<\/a><\/li><li><a href=\"https:\/\/onlit.org\/fr\/ressource\/graphone-revise-et-gratuit-2\/\" target=\"_blank\" rel=\"noopener\">Graphone<\/a><\/li><\/ul>\t\t\t\t\t\t\t\t<\/div>\n\t\t\t\t<\/div>\n\t\t\t\t<div class=\"elementor-element elementor-element-45fcf62f elementor-widget elementor-widget-heading\" data-id=\"45fcf62f\" data-element_type=\"widget\" data-e-type=\"widget\" data-widget_type=\"heading.default\">\n\t\t\t\t<div class=\"elementor-widget-container\">\n\t\t\t\t\t<h4 class=\"elementor-heading-title elementor-size-default\">Liens vers des recherches<\/h4>\t\t\t\t<\/div>\n\t\t\t\t<\/div>\n\t\t\t\t<div class=\"elementor-element elementor-element-4f130abb elementor-widget elementor-widget-text-editor\" data-id=\"4f130abb\" data-element_type=\"widget\" data-e-type=\"widget\" data-widget_type=\"text-editor.default\">\n\t\t\t\t<div class=\"elementor-widget-container\">\n\t\t\t\t\t\t\t\t\t<ul>\n \t<li><a href=\"https:\/\/onlit.org\/fr\/ressource\/recueil-de-notions-fondamentales\/\" target=\"_blank\" rel=\"noopener\">Recueil de notion fondamentales de la lecture et de l\u2019\u00e9criture, 1<sup>re<\/sup> \u00e0 4<sup>e<\/sup> ann\u00e9e<\/a><\/li>\n \t<li><a href=\"https:\/\/onlit.org\/fr\/lecture-et-orthographe-au-niveau-des-mots-application-des-connaissances-des-regularites-orthographiques\/\" target=\"_blank\" rel=\"noopener\">Application des connaissances des r\u00e9gularit\u00e9s orthographiques &#8211; Exploration du programme-cadre<\/a><\/li>\n \t<li><a href=\"https:\/\/onlit.org\/fr\/ressource\/developper-les-habiletes-en-lecture-et-en-orthographe-interventions-visant-les-consciences-phonologique-orthographique-et-morphologique\/\" target=\"_blank\" rel=\"noopener\">D\u00e9velopper les habilet\u00e9s en lecture et en orthographe<\/a><\/li>\n<\/ul>\t\t\t\t\t\t\t\t<\/div>\n\t\t\t\t<\/div>\n\t\t\t\t<div class=\"elementor-element elementor-element-14dfdc3b elementor-widget elementor-widget-heading\" data-id=\"14dfdc3b\" data-element_type=\"widget\" data-e-type=\"widget\" data-widget_type=\"heading.default\">\n\t\t\t\t<div class=\"elementor-widget-container\">\n\t\t\t\t\t<h4 class=\"elementor-heading-title elementor-size-default\">Ressources<\/h4>\t\t\t\t<\/div>\n\t\t\t\t<\/div>\n\t\t\t\t<div class=\"elementor-element elementor-element-42760ad6 elementor-widget elementor-widget-text-editor\" data-id=\"42760ad6\" data-element_type=\"widget\" data-e-type=\"widget\" data-widget_type=\"text-editor.default\">\n\t\t\t\t<div class=\"elementor-widget-container\">\n\t\t\t\t\t\t\t\t\t<ul><li><a href=\"https:\/\/docs.google.com\/document\/d\/1qqtnBOs3TWgz9qFcUujc0fatLRhXMxwAx-Z6T12HcBM\/edit?tab=t.0\" target=\"_blank\" rel=\"noopener\">Progression des apprentissages CEPEO<\/a><\/li><li>Recherchez \u00ab orthographe \u00bb sur la Biblioth\u00e8que de ressources pour trouver d&rsquo;autres ressources !<\/li><\/ul>\t\t\t\t\t\t\t\t<\/div>\n\t\t\t\t<\/div>\n\t\t<div class=\"elementor-element elementor-element-608ae0ae e-con-full e-flex e-con e-child\" data-id=\"608ae0ae\" data-element_type=\"container\" data-e-type=\"container\">\n\t\t\t\t<div class=\"elementor-element elementor-element-1fc0146d elementor-align-left elementor-widget__width-initial elementor-mobile-align-center elementor-widget elementor-widget-button\" data-id=\"1fc0146d\" data-element_type=\"widget\" data-e-type=\"widget\" data-widget_type=\"button.default\">\n\t\t\t\t<div class=\"elementor-widget-container\">\n\t\t\t\t\t\t\t\t\t<div class=\"elementor-button-wrapper\">\n\t\t\t\t\t<a class=\"elementor-button elementor-button-link elementor-size-sm\" href=\"https:\/\/onlit.org\/fr\/survol-de-la-litteratie\/1re-annee\/b2-4-lecture-et-orthographe-au-niveau-des-mots\/\">\n\t\t\t\t\t\t<span class=\"elementor-button-content-wrapper\">\n\t\t\t\t\t\t\t\t\t<span class=\"elementor-button-text\">&lt;&lt; Retour<\/span>\n\t\t\t\t\t<\/span>\n\t\t\t\t\t<\/a>\n\t\t\t\t<\/div>\n\t\t\t\t\t\t\t\t<\/div>\n\t\t\t\t<\/div>\n\t\t\t\t<div class=\"elementor-element elementor-element-30ce793d elementor-align-right elementor-widget__width-initial elementor-mobile-align-center elementor-widget elementor-widget-button\" data-id=\"30ce793d\" data-element_type=\"widget\" data-e-type=\"widget\" data-widget_type=\"button.default\">\n\t\t\t\t<div class=\"elementor-widget-container\">\n\t\t\t\t\t\t\t\t\t<div class=\"elementor-button-wrapper\">\n\t\t\t\t\t<a class=\"elementor-button elementor-button-link elementor-size-sm\" href=\"https:\/\/onlit.org\/fr\/survol-de-la-litteratie\/1re-annee\/b2-6-mise-en-application-de-ses-connaissances-morphologiques\/\">\n\t\t\t\t\t\t<span class=\"elementor-button-content-wrapper\">\n\t\t\t\t\t\t\t\t\t<span class=\"elementor-button-text\">Suivant &gt;&gt;<\/span>\n\t\t\t\t\t<\/span>\n\t\t\t\t\t<\/a>\n\t\t\t\t<\/div>\n\t\t\t\t\t\t\t\t<\/div>\n\t\t\t\t<\/div>\n\t\t\t\t<\/div>\n\t\t\t\t<\/div>\n\t\t\t\t<\/div>\n\t\t","protected":false},"excerpt":{"rendered":"<p>B2.5. Mise en application de ses connaissances des r\u00e9gularit\u00e9s orthographiques Mettre en application ses connaissances orthographiques, y compris celles relatives \u00e0 la loi de position, pour faire un choix orthographique&#8230;<\/p>\n","protected":false},"author":32,"featured_media":36876,"parent":36757,"menu_order":0,"comment_status":"closed","ping_status":"closed","template":"","meta":{"_acf_changed":false,"_kad_post_transparent":"","_kad_post_title":"hide","_kad_post_layout":"fullwidth","_kad_post_sidebar_id":"","_kad_post_content_style":"unboxed","_kad_post_vertical_padding":"hide","_kad_post_feature":"hide","_kad_post_feature_position":"","_kad_post_header":false,"_kad_post_footer":false,"_kad_post_classname":"","footnotes":""},"content-language":[509],"class_list":["post-36844","page","type-page","status-publish","has-post-thumbnail","hentry","content-language-francais"],"acf":[],"_links":{"self":[{"href":"https:\/\/onlit.org\/fr\/wp-json\/wp\/v2\/pages\/36844","targetHints":{"allow":["GET"]}}],"collection":[{"href":"https:\/\/onlit.org\/fr\/wp-json\/wp\/v2\/pages"}],"about":[{"href":"https:\/\/onlit.org\/fr\/wp-json\/wp\/v2\/types\/page"}],"author":[{"embeddable":true,"href":"https:\/\/onlit.org\/fr\/wp-json\/wp\/v2\/users\/32"}],"replies":[{"embeddable":true,"href":"https:\/\/onlit.org\/fr\/wp-json\/wp\/v2\/comments?post=36844"}],"version-history":[{"count":10,"href":"https:\/\/onlit.org\/fr\/wp-json\/wp\/v2\/pages\/36844\/revisions"}],"predecessor-version":[{"id":39272,"href":"https:\/\/onlit.org\/fr\/wp-json\/wp\/v2\/pages\/36844\/revisions\/39272"}],"up":[{"embeddable":true,"href":"https:\/\/onlit.org\/fr\/wp-json\/wp\/v2\/pages\/36757"}],"wp:featuredmedia":[{"embeddable":true,"href":"https:\/\/onlit.org\/fr\/wp-json\/wp\/v2\/media\/36876"}],"wp:attachment":[{"href":"https:\/\/onlit.org\/fr\/wp-json\/wp\/v2\/media?parent=36844"}],"wp:term":[{"taxonomy":"content-language","embeddable":true,"href":"https:\/\/onlit.org\/fr\/wp-json\/wp\/v2\/content-language?post=36844"}],"curies":[{"name":"wp","href":"https:\/\/api.w.org\/{rel}","templated":true}]}}

B2.5. Mise en application de ses connaissances des régularités orthographiques

<div data-elementor-type="wp-page" data-elementor-id="36844" class="elementor elementor-36844 elementor-36779" data-elementor-post-type="page">
				<div class="elementor-element elementor-element-4116d6b0 e-con-full e-flex e-con e-parent" data-id="4116d6b0" data-element_type="container" data-e-type="container">
				<div class="elementor-element elementor-element-7a2f811a elementor-widget elementor-widget-heading" data-id="7a2f811a" data-element_type="widget" data-e-type="widget" data-widget_type="heading.default">
				<div class="elementor-widget-container">
					<h1 class="elementor-heading-title elementor-size-default">B2.5. Mise en application de ses connaissances des régularités orthographiques</h1>				</div>
				</div>
				<div class="elementor-element elementor-element-a316305 elementor-widget elementor-widget-text-editor" data-id="a316305" data-element_type="widget" data-e-type="widget" data-widget_type="text-editor.default">
				<div class="elementor-widget-container">
									<p>Mettre en application ses connaissances orthographiques, y compris celles relatives à la loi de position, pour faire un choix orthographique ou prononcer un mot avec précision lors de la lecture des mots.</p><p>Dans l’ensemble, les élèves apprennent que :</p><ul><li>Les correspondances graphèmes-phonèmes peuvent varier selon le contexte orthographique</li><li>L’apprentissage des régularités orthographiques contextuelles les plus fréquentes et les plus constantes guide l’élève quant au choix de phonème lorsqu’elle ou il lit un mot, et quant aux choix du graphème le plus approprié pour représenter un phonème donné lorsqu’elle ou il orthographie un mot.</li></ul>								</div>
				</div>
		<div class="elementor-element elementor-element-731aa0d e-con-full e-flex e-con e-child" data-id="731aa0d" data-element_type="container" data-e-type="container">
		<div class="elementor-element elementor-element-1f3a4b0e e-con-full e-flex e-con e-child" data-id="1f3a4b0e" data-element_type="container" data-e-type="container">
				<div class="elementor-element elementor-element-3d2e12a5 elementor-widget elementor-widget-heading" data-id="3d2e12a5" data-element_type="widget" data-e-type="widget" data-widget_type="heading.default">
				<div class="elementor-widget-container">
					<h4 class="elementor-heading-title elementor-size-default">Nouveau pour  la 1<sup>re</sup> année :</h4>				</div>
				</div>
				<div class="elementor-element elementor-element-63d6524e elementor-widget elementor-widget-text-editor" data-id="63d6524e" data-element_type="widget" data-e-type="widget" data-widget_type="text-editor.default">
				<div class="elementor-widget-container">
									<ul><li>Connaître et utiliser certaines régularités orthographiques pour écrire des mots<br />les voyelles nasales suivies de &lt;m&gt;, &lt;b&gt; et &lt;p&gt; s’écrivent avec &lt;m&gt; </li><li>&lt;g&gt; et &lt;c&gt; doux<br />devant &lt;e&gt;, &lt;i&gt; et &lt;y&gt; le graphème &lt;c&gt; représente le phonème /s/ et le graphème &lt;g&gt; représente le phonème &lt;ʒ&gt; </li><li>&lt;g&gt; et &lt;c&gt; dur<br />devant /a/, /o/, /u/ le graphème &lt;c&gt; représente le phonème /k/ et le graphème &lt;g&gt; représente le phonème /g/ </li><li>Pour représenter le phonème /g/ devant &lt;e&gt;, &lt;i&gt; ou &lt;y&gt;, le graphème &lt;g&gt; s’écrit toujours &lt;gu&gt; </li><li>Pour représenter le phonème /s/ avec le graphème &lt;c&gt; devant &lt;a&gt;, &lt;o&gt; et &lt;u&gt;, le &lt;ç&gt; est utilisé </li><li>Le phonème /œ/ suivi d’une consonne dans la même syllabe s’écrit presque toujours &lt;eu&gt; </li><li>Le phonème /o/ s’écrit fréquemment &lt;au&gt; ou &lt;eau&gt; ; le graphème &lt;o&gt; représente fréquemment le phonème /ɔ/ </li><li>Les mots qui se terminent par un son consonantique s’écrivent avec un &lt;e&gt; muet, à l’exception des graphèmes &lt;r&gt;, &lt;c&gt;, &lt;s&gt; et &lt;x&gt;</li></ul>								</div>
				</div>
				</div>
				</div>
				<div class="elementor-element elementor-element-2621444 elementor-widget elementor-widget-global elementor-global-36380 elementor-widget-text-editor" data-id="2621444" data-element_type="widget" data-e-type="widget" data-widget_type="text-editor.default">
				<div class="elementor-widget-container">
									<p>Il ne s&rsquo;agit pas d&rsquo;une liste exhaustive de toutes les attentes dans ce domaine. Veuillez consulter le <a href="https://www.dcp.edu.gov.on.ca/fr/curriculum/elementaire-francais" target="_blank" rel="noopener">programme-cadre de français</a> pour plus de détails.</p>								</div>
				</div>
				<div class="elementor-element elementor-element-0a863c9 elementor-widget elementor-widget-global elementor-global-37115 elementor-widget-text-editor" data-id="0a863c9" data-element_type="widget" data-e-type="widget" data-widget_type="text-editor.default">
				<div class="elementor-widget-container">
									<p><strong>Une note sur les programmes</strong> : L’utilisation d’un programme d’apprentissage de la lecture et de l’écriture qui comporte une progression des apprentissages, des routines quotidiennes simples à suivre et des leçons préétablies peut réduire de manière significative le temps nécessaire à la planification dans ce domaine. En voici quelques exemples : </p><ul><li><a href="https://www.publicboard.ca/en/programs-and-learning/french-as-a-second-language.aspx" target="_blank" rel="noopener">Son-au-graphe</a></li><li><a href="https://micheleminorcorriveau.com/ressources/" target="_blank" rel="noopener">AlphaGraphe</a></li><li><a href="https://onlit.org/fr/ressource/graphone-revise-et-gratuit-2/" target="_blank" rel="noopener">Graphone</a></li></ul>								</div>
				</div>
				<div class="elementor-element elementor-element-45fcf62f elementor-widget elementor-widget-heading" data-id="45fcf62f" data-element_type="widget" data-e-type="widget" data-widget_type="heading.default">
				<div class="elementor-widget-container">
					<h4 class="elementor-heading-title elementor-size-default">Liens vers des recherches</h4>				</div>
				</div>
				<div class="elementor-element elementor-element-4f130abb elementor-widget elementor-widget-text-editor" data-id="4f130abb" data-element_type="widget" data-e-type="widget" data-widget_type="text-editor.default">
				<div class="elementor-widget-container">
									<ul>
 	<li><a href="https://onlit.org/fr/ressource/recueil-de-notions-fondamentales/" target="_blank" rel="noopener">Recueil de notion fondamentales de la lecture et de l’écriture, 1<sup>re</sup> à 4<sup>e</sup> année</a></li>
 	<li><a href="https://onlit.org/fr/lecture-et-orthographe-au-niveau-des-mots-application-des-connaissances-des-regularites-orthographiques/" target="_blank" rel="noopener">Application des connaissances des régularités orthographiques &#8211; Exploration du programme-cadre</a></li>
 	<li><a href="https://onlit.org/fr/ressource/developper-les-habiletes-en-lecture-et-en-orthographe-interventions-visant-les-consciences-phonologique-orthographique-et-morphologique/" target="_blank" rel="noopener">Développer les habiletés en lecture et en orthographe</a></li>
</ul>								</div>
				</div>
				<div class="elementor-element elementor-element-14dfdc3b elementor-widget elementor-widget-heading" data-id="14dfdc3b" data-element_type="widget" data-e-type="widget" data-widget_type="heading.default">
				<div class="elementor-widget-container">
					<h4 class="elementor-heading-title elementor-size-default">Ressources</h4>				</div>
				</div>
				<div class="elementor-element elementor-element-42760ad6 elementor-widget elementor-widget-text-editor" data-id="42760ad6" data-element_type="widget" data-e-type="widget" data-widget_type="text-editor.default">
				<div class="elementor-widget-container">
									<ul><li><a href="https://docs.google.com/document/d/1qqtnBOs3TWgz9qFcUujc0fatLRhXMxwAx-Z6T12HcBM/edit?tab=t.0" target="_blank" rel="noopener">Progression des apprentissages CEPEO</a></li><li>Recherchez « orthographe » sur la Bibliothèque de ressources pour trouver d&rsquo;autres ressources !</li></ul>								</div>
				</div>
		<div class="elementor-element elementor-element-608ae0ae e-con-full e-flex e-con e-child" data-id="608ae0ae" data-element_type="container" data-e-type="container">
				<div class="elementor-element elementor-element-1fc0146d elementor-align-left elementor-widget__width-initial elementor-mobile-align-center elementor-widget elementor-widget-button" data-id="1fc0146d" data-element_type="widget" data-e-type="widget" data-widget_type="button.default">
				<div class="elementor-widget-container">
									<div class="elementor-button-wrapper">
					<a class="elementor-button elementor-button-link elementor-size-sm" href="https://onlit.org/fr/survol-de-la-litteratie/1re-annee/b2-4-lecture-et-orthographe-au-niveau-des-mots/">
						<span class="elementor-button-content-wrapper">
									<span class="elementor-button-text">&lt;&lt; Retour</span>
					</span>
					</a>
				</div>
								</div>
				</div>
				<div class="elementor-element elementor-element-30ce793d elementor-align-right elementor-widget__width-initial elementor-mobile-align-center elementor-widget elementor-widget-button" data-id="30ce793d" data-element_type="widget" data-e-type="widget" data-widget_type="button.default">
				<div class="elementor-widget-container">
									<div class="elementor-button-wrapper">
					<a class="elementor-button elementor-button-link elementor-size-sm" href="https://onlit.org/fr/survol-de-la-litteratie/1re-annee/b2-6-mise-en-application-de-ses-connaissances-morphologiques/">
						<span class="elementor-button-content-wrapper">
									<span class="elementor-button-text">Suivant &gt;&gt;</span>
					</span>
					</a>
				</div>
								</div>
				</div>
				</div>
				</div>
				</div>

<p>B2.5. Mise en application de ses connaissances des régularités orthographiques Mettre en application ses connaissances orthographiques, y compris celles relatives à la loi de position, pour faire un choix orthographique&#8230;</p>
