{"id":35755,"date":"2025-01-02T08:18:18","date_gmt":"2025-01-02T13:18:18","guid":{"rendered":"https:\/\/onlit.org\/?page_id=35755"},"modified":"2025-08-27T14:17:12","modified_gmt":"2025-08-27T18:17:12","slug":"b3-3-ponctuation-et-majuscules","status":"publish","type":"page","link":"https:\/\/onlit.org\/fr\/survol-de-la-litteratie\/2e-annee\/b3-3-ponctuation-et-majuscules\/","title":{"rendered":"B3.3. Ponctuation et majuscules"},"content":{"rendered":"\t\t<div data-elementor-type=\"wp-page\" data-elementor-id=\"35755\" class=\"elementor elementor-35755 elementor-32595\" data-elementor-post-type=\"page\">\n\t\t\t\t<div class=\"elementor-element elementor-element-525ab302 e-con-full e-flex e-con e-parent\" data-id=\"525ab302\" data-element_type=\"container\" data-e-type=\"container\">\n\t\t\t\t<div class=\"elementor-element elementor-element-59655a9f elementor-widget elementor-widget-heading\" data-id=\"59655a9f\" data-element_type=\"widget\" data-e-type=\"widget\" data-widget_type=\"heading.default\">\n\t\t\t\t<div class=\"elementor-widget-container\">\n\t\t\t\t\t<h1 class=\"elementor-heading-title elementor-size-default\">B3.3. Ponctuation et majuscules<\/h1>\t\t\t\t<\/div>\n\t\t\t\t<\/div>\n\t\t<div class=\"elementor-element elementor-element-18d8ed53 e-con-full e-flex e-con e-child\" data-id=\"18d8ed53\" data-element_type=\"container\" data-e-type=\"container\">\n\t\t<div class=\"elementor-element elementor-element-36be6811 e-con-full e-flex e-con e-child\" data-id=\"36be6811\" data-element_type=\"container\" data-e-type=\"container\">\n\t\t\t\t<div class=\"elementor-element elementor-element-779e2d3d elementor-widget elementor-widget-heading\" data-id=\"779e2d3d\" data-element_type=\"widget\" data-e-type=\"widget\" data-widget_type=\"heading.default\">\n\t\t\t\t<div class=\"elementor-widget-container\">\n\t\t\t\t\t<h4 class=\"elementor-heading-title elementor-size-default\">En 1<sup>re<\/sup> ann\u00e9e, l\u2019accent a \u00e9t\u00e9 mis sur :<\/h4>\t\t\t\t<\/div>\n\t\t\t\t<\/div>\n\t\t\t\t<div class=\"elementor-element elementor-element-394b6fa8 elementor-widget elementor-widget-text-editor\" data-id=\"394b6fa8\" data-element_type=\"widget\" data-e-type=\"widget\" data-widget_type=\"text-editor.default\">\n\t\t\t\t<div class=\"elementor-widget-container\">\n\t\t\t\t\t\t\t\t\t<p>Employer la majuscule<\/p><ul><li>S : pour les peuples, les pays et les provinces<\/li><li>\u00c9 : en d\u00e9but de phrase graphique<\/li><li>\u00c9 : pour les noms propres des personnes, d\u2019animaux et de personnages<\/li><\/ul><p>La ponctuation<\/p><ul><li>\u00c9 : les points pour marquer la fin d\u2019une phrase graphique<\/li><li>S : l\u2019apostrophe pour l\u2019\u00e9lision d\u2019une voyelle ou d\u2019un H muet<\/li><li>S : la virgule pour l\u2019ajout de groupes de mots (\u00e9num\u00e9ration)<\/li><\/ul>\t\t\t\t\t\t\t\t<\/div>\n\t\t\t\t<\/div>\n\t\t\t\t<\/div>\n\t\t<div class=\"elementor-element elementor-element-97e2ed7 e-con-full e-flex e-con e-child\" data-id=\"97e2ed7\" data-element_type=\"container\" data-e-type=\"container\">\n\t\t\t\t<div class=\"elementor-element elementor-element-6754ea5a elementor-widget elementor-widget-heading\" data-id=\"6754ea5a\" data-element_type=\"widget\" data-e-type=\"widget\" data-widget_type=\"heading.default\">\n\t\t\t\t<div class=\"elementor-widget-container\">\n\t\t\t\t\t<h4 class=\"elementor-heading-title elementor-size-default\">Nouveau pour  la 2<sup>e<\/sup> ann\u00e9e :<\/h4>\t\t\t\t<\/div>\n\t\t\t\t<\/div>\n\t\t\t\t<div class=\"elementor-element elementor-element-44769694 elementor-widget elementor-widget-text-editor\" data-id=\"44769694\" data-element_type=\"widget\" data-e-type=\"widget\" data-widget_type=\"text-editor.default\">\n\t\t\t\t<div class=\"elementor-widget-container\">\n\t\t\t\t\t\t\t\t\t<p>La ponctuation <\/p><ul><li>S : les deux points pour introduire une explication ou une \u00e9num\u00e9ration<\/li><li>S : le tiret pour marquer les paroles rapport\u00e9es dans un text<\/li><li>S : la virgule pour d\u00e9tacher des groupes de mots quand le compl\u00e9ment de P est en d\u00e9but de phrase<\/li><li>\u00c9 : les points<\/li><li>\u00c9 : la virgule pour l\u2019\u00e9num\u00e9ration<\/li><\/ul>\t\t\t\t\t\t\t\t<\/div>\n\t\t\t\t<\/div>\n\t\t\t\t<\/div>\n\t\t\t\t<\/div>\n\t\t\t\t<div class=\"elementor-element elementor-element-c2773b9 elementor-widget elementor-widget-global elementor-global-36380 elementor-widget-text-editor\" data-id=\"c2773b9\" data-element_type=\"widget\" data-e-type=\"widget\" data-widget_type=\"text-editor.default\">\n\t\t\t\t<div class=\"elementor-widget-container\">\n\t\t\t\t\t\t\t\t\t<p>Il ne s&rsquo;agit pas d&rsquo;une liste exhaustive de toutes les attentes dans ce domaine. Veuillez consulter le <a href=\"https:\/\/www.dcp.edu.gov.on.ca\/fr\/curriculum\/elementaire-francais\" target=\"_blank\" rel=\"noopener\">programme-cadre de fran\u00e7ais<\/a> pour plus de d\u00e9tails.<\/p>\t\t\t\t\t\t\t\t<\/div>\n\t\t\t\t<\/div>\n\t\t<div class=\"elementor-element elementor-element-320f95ed e-con-full e-flex e-con e-child\" data-id=\"320f95ed\" data-element_type=\"container\" data-e-type=\"container\">\n\t\t\t\t<div class=\"elementor-element elementor-element-360a851c elementor-align-left elementor-widget__width-initial elementor-mobile-align-center elementor-widget elementor-widget-button\" data-id=\"360a851c\" data-element_type=\"widget\" data-e-type=\"widget\" data-widget_type=\"button.default\">\n\t\t\t\t<div class=\"elementor-widget-container\">\n\t\t\t\t\t\t\t\t\t<div class=\"elementor-button-wrapper\">\n\t\t\t\t\t<a class=\"elementor-button elementor-button-link elementor-size-sm\" href=\"https:\/\/onlit.org\/fr\/survol-de-la-litteratie\/2e-annee\/b3-2-grammaire\/\">\n\t\t\t\t\t\t<span class=\"elementor-button-content-wrapper\">\n\t\t\t\t\t\t\t\t\t<span class=\"elementor-button-text\">&lt;&lt; Retour<\/span>\n\t\t\t\t\t<\/span>\n\t\t\t\t\t<\/a>\n\t\t\t\t<\/div>\n\t\t\t\t\t\t\t\t<\/div>\n\t\t\t\t<\/div>\n\t\t\t\t<div class=\"elementor-element elementor-element-6910aac9 elementor-align-right elementor-widget__width-initial elementor-mobile-align-center elementor-widget elementor-widget-button\" data-id=\"6910aac9\" data-element_type=\"widget\" data-e-type=\"widget\" data-widget_type=\"button.default\">\n\t\t\t\t<div class=\"elementor-widget-container\">\n\t\t\t\t\t\t\t\t\t<div class=\"elementor-button-wrapper\">\n\t\t\t\t\t<a class=\"elementor-button elementor-button-link elementor-size-sm\" href=\"https:\/\/onlit.org\/fr\/survol-de-la-litteratie\/2e-annee\/c-comprehension\/\">\n\t\t\t\t\t\t<span class=\"elementor-button-content-wrapper\">\n\t\t\t\t\t\t\t\t\t<span class=\"elementor-button-text\">Suivant &gt;&gt;<\/span>\n\t\t\t\t\t<\/span>\n\t\t\t\t\t<\/a>\n\t\t\t\t<\/div>\n\t\t\t\t\t\t\t\t<\/div>\n\t\t\t\t<\/div>\n\t\t\t\t<\/div>\n\t\t\t\t<\/div>\n\t\t\t\t<\/div>\n\t\t","protected":false},"excerpt":{"rendered":"<p>B3.3. Ponctuation et majuscules En 1re ann\u00e9e, l\u2019accent a \u00e9t\u00e9 mis sur : Employer la majuscule S : pour les peuples, les pays et les provinces \u00c9 : en d\u00e9but&#8230;<\/p>\n","protected":false},"author":32,"featured_media":38450,"parent":36106,"menu_order":0,"comment_status":"closed","ping_status":"closed","template":"","meta":{"_acf_changed":false,"_kad_post_transparent":"","_kad_post_title":"hide","_kad_post_layout":"fullwidth","_kad_post_sidebar_id":"","_kad_post_content_style":"unboxed","_kad_post_vertical_padding":"hide","_kad_post_feature":"hide","_kad_post_feature_position":"","_kad_post_header":false,"_kad_post_footer":false,"_kad_post_classname":"","footnotes":""},"content-language":[509],"class_list":["post-35755","page","type-page","status-publish","has-post-thumbnail","hentry","content-language-francais"],"acf":[],"_links":{"self":[{"href":"https:\/\/onlit.org\/fr\/wp-json\/wp\/v2\/pages\/35755","targetHints":{"allow":["GET"]}}],"collection":[{"href":"https:\/\/onlit.org\/fr\/wp-json\/wp\/v2\/pages"}],"about":[{"href":"https:\/\/onlit.org\/fr\/wp-json\/wp\/v2\/types\/page"}],"author":[{"embeddable":true,"href":"https:\/\/onlit.org\/fr\/wp-json\/wp\/v2\/users\/32"}],"replies":[{"embeddable":true,"href":"https:\/\/onlit.org\/fr\/wp-json\/wp\/v2\/comments?post=35755"}],"version-history":[{"count":8,"href":"https:\/\/onlit.org\/fr\/wp-json\/wp\/v2\/pages\/35755\/revisions"}],"predecessor-version":[{"id":39358,"href":"https:\/\/onlit.org\/fr\/wp-json\/wp\/v2\/pages\/35755\/revisions\/39358"}],"up":[{"embeddable":true,"href":"https:\/\/onlit.org\/fr\/wp-json\/wp\/v2\/pages\/36106"}],"wp:featuredmedia":[{"embeddable":true,"href":"https:\/\/onlit.org\/fr\/wp-json\/wp\/v2\/media\/38450"}],"wp:attachment":[{"href":"https:\/\/onlit.org\/fr\/wp-json\/wp\/v2\/media?parent=35755"}],"wp:term":[{"taxonomy":"content-language","embeddable":true,"href":"https:\/\/onlit.org\/fr\/wp-json\/wp\/v2\/content-language?post=35755"}],"curies":[{"name":"wp","href":"https:\/\/api.w.org\/{rel}","templated":true}]}}

<div data-elementor-type="wp-page" data-elementor-id="35755" class="elementor elementor-35755 elementor-32595" data-elementor-post-type="page">
				<div class="elementor-element elementor-element-525ab302 e-con-full e-flex e-con e-parent" data-id="525ab302" data-element_type="container" data-e-type="container">
				<div class="elementor-element elementor-element-59655a9f elementor-widget elementor-widget-heading" data-id="59655a9f" data-element_type="widget" data-e-type="widget" data-widget_type="heading.default">
				<div class="elementor-widget-container">
					<h1 class="elementor-heading-title elementor-size-default">B3.3. Ponctuation et majuscules</h1>				</div>
				</div>
		<div class="elementor-element elementor-element-18d8ed53 e-con-full e-flex e-con e-child" data-id="18d8ed53" data-element_type="container" data-e-type="container">
		<div class="elementor-element elementor-element-36be6811 e-con-full e-flex e-con e-child" data-id="36be6811" data-element_type="container" data-e-type="container">
				<div class="elementor-element elementor-element-779e2d3d elementor-widget elementor-widget-heading" data-id="779e2d3d" data-element_type="widget" data-e-type="widget" data-widget_type="heading.default">
				<div class="elementor-widget-container">
					<h4 class="elementor-heading-title elementor-size-default">En 1<sup>re</sup> année, l’accent a été mis sur :</h4>				</div>
				</div>
				<div class="elementor-element elementor-element-394b6fa8 elementor-widget elementor-widget-text-editor" data-id="394b6fa8" data-element_type="widget" data-e-type="widget" data-widget_type="text-editor.default">
				<div class="elementor-widget-container">
									<p>Employer la majuscule</p><ul><li>S : pour les peuples, les pays et les provinces</li><li>É : en début de phrase graphique</li><li>É : pour les noms propres des personnes, d’animaux et de personnages</li></ul><p>La ponctuation</p><ul><li>É : les points pour marquer la fin d’une phrase graphique</li><li>S : l’apostrophe pour l’élision d’une voyelle ou d’un H muet</li><li>S : la virgule pour l’ajout de groupes de mots (énumération)</li></ul>								</div>
				</div>
				</div>
		<div class="elementor-element elementor-element-97e2ed7 e-con-full e-flex e-con e-child" data-id="97e2ed7" data-element_type="container" data-e-type="container">
				<div class="elementor-element elementor-element-6754ea5a elementor-widget elementor-widget-heading" data-id="6754ea5a" data-element_type="widget" data-e-type="widget" data-widget_type="heading.default">
				<div class="elementor-widget-container">
					<h4 class="elementor-heading-title elementor-size-default">Nouveau pour  la 2<sup>e</sup> année :</h4>				</div>
				</div>
				<div class="elementor-element elementor-element-44769694 elementor-widget elementor-widget-text-editor" data-id="44769694" data-element_type="widget" data-e-type="widget" data-widget_type="text-editor.default">
				<div class="elementor-widget-container">
									<p>La ponctuation </p><ul><li>S : les deux points pour introduire une explication ou une énumération</li><li>S : le tiret pour marquer les paroles rapportées dans un text</li><li>S : la virgule pour détacher des groupes de mots quand le complément de P est en début de phrase</li><li>É : les points</li><li>É : la virgule pour l’énumération</li></ul>								</div>
				</div>
				</div>
				</div>
				<div class="elementor-element elementor-element-c2773b9 elementor-widget elementor-widget-global elementor-global-36380 elementor-widget-text-editor" data-id="c2773b9" data-element_type="widget" data-e-type="widget" data-widget_type="text-editor.default">
				<div class="elementor-widget-container">
									<p>Il ne s&rsquo;agit pas d&rsquo;une liste exhaustive de toutes les attentes dans ce domaine. Veuillez consulter le <a href="https://www.dcp.edu.gov.on.ca/fr/curriculum/elementaire-francais" target="_blank" rel="noopener">programme-cadre de français</a> pour plus de détails.</p>								</div>
				</div>
		<div class="elementor-element elementor-element-320f95ed e-con-full e-flex e-con e-child" data-id="320f95ed" data-element_type="container" data-e-type="container">
				<div class="elementor-element elementor-element-360a851c elementor-align-left elementor-widget__width-initial elementor-mobile-align-center elementor-widget elementor-widget-button" data-id="360a851c" data-element_type="widget" data-e-type="widget" data-widget_type="button.default">
				<div class="elementor-widget-container">
									<div class="elementor-button-wrapper">
					<a class="elementor-button elementor-button-link elementor-size-sm" href="https://onlit.org/fr/survol-de-la-litteratie/2e-annee/b3-2-grammaire/">
						<span class="elementor-button-content-wrapper">
									<span class="elementor-button-text">&lt;&lt; Retour</span>
					</span>
					</a>
				</div>
								</div>
				</div>
				<div class="elementor-element elementor-element-6910aac9 elementor-align-right elementor-widget__width-initial elementor-mobile-align-center elementor-widget elementor-widget-button" data-id="6910aac9" data-element_type="widget" data-e-type="widget" data-widget_type="button.default">
				<div class="elementor-widget-container">
									<div class="elementor-button-wrapper">
					<a class="elementor-button elementor-button-link elementor-size-sm" href="https://onlit.org/fr/survol-de-la-litteratie/2e-annee/c-comprehension/">
						<span class="elementor-button-content-wrapper">
									<span class="elementor-button-text">Suivant &gt;&gt;</span>
					</span>
					</a>
				</div>
								</div>
				</div>
				</div>
				</div>
				</div>

<p>B3.3. Ponctuation et majuscules En 1re année, l’accent a été mis sur : Employer la majuscule S : pour les peuples, les pays et les provinces É : en début&#8230;</p>
