{"id":35733,"date":"2025-01-02T08:08:49","date_gmt":"2025-01-02T13:08:49","guid":{"rendered":"https:\/\/onlit.org\/?page_id=35733"},"modified":"2025-08-27T14:12:28","modified_gmt":"2025-08-27T18:12:28","slug":"b2-connaissance-des-lettres","status":"publish","type":"page","link":"https:\/\/onlit.org\/fr\/survol-de-la-litteratie\/2e-annee\/b2-connaissance-des-lettres\/","title":{"rendered":"B2. Connaissance des lettres"},"content":{"rendered":"\t\t<div data-elementor-type=\"wp-page\" data-elementor-id=\"35733\" class=\"elementor elementor-35733 elementor-32571\" data-elementor-post-type=\"page\">\n\t\t\t\t<div class=\"elementor-element elementor-element-2a7a7ca3 e-con-full e-flex e-con e-parent\" data-id=\"2a7a7ca3\" data-element_type=\"container\" data-e-type=\"container\">\n\t\t\t\t<div class=\"elementor-element elementor-element-4bfea0e1 elementor-widget elementor-widget-heading\" data-id=\"4bfea0e1\" data-element_type=\"widget\" data-e-type=\"widget\" data-widget_type=\"heading.default\">\n\t\t\t\t<div class=\"elementor-widget-container\">\n\t\t\t\t\t<h1 class=\"elementor-heading-title elementor-size-default\">B2.Connaissance des lettres<\/h1>\t\t\t\t<\/div>\n\t\t\t\t<\/div>\n\t\t\t\t<div class=\"elementor-element elementor-element-6bb90c9b elementor-widget elementor-widget-text-editor\" data-id=\"6bb90c9b\" data-element_type=\"widget\" data-e-type=\"widget\" data-widget_type=\"text-editor.default\">\n\t\t\t\t<div class=\"elementor-widget-container\">\n\t\t\t\t\t\t\t\t\t<p>La connaissance de la forme visuelle des lettres, de leur nom, des sons qui leur correspondent et de leur ordre dans l\u2019alphabet aide \u00e0 d\u00e9velopper le principe alphab\u00e9tique. L\u2019ordre alphab\u00e9tique, bien qu\u2019il ne soit pas un indicateur direct des comp\u00e9tences en lecture et \u00e9criture, joue un r\u00f4le structurant. Il permet aux \u00e9l\u00e8ves de se rep\u00e9rer dans l\u2019alphabet et de comprendre comment les lettres s\u2019organisent pour former des mots, favorisant ainsi une meilleure compr\u00e9hension du syst\u00e8me alphab\u00e9tique.<\/p>\t\t\t\t\t\t\t\t<\/div>\n\t\t\t\t<\/div>\n\t\t<div class=\"elementor-element elementor-element-761770e9 e-con-full e-flex e-con e-child\" data-id=\"761770e9\" data-element_type=\"container\" data-e-type=\"container\">\n\t\t<div class=\"elementor-element elementor-element-2109bd29 e-con-full e-flex e-con e-child\" data-id=\"2109bd29\" data-element_type=\"container\" data-e-type=\"container\">\n\t\t\t\t<div class=\"elementor-element elementor-element-7f2abd0c elementor-widget elementor-widget-heading\" data-id=\"7f2abd0c\" data-element_type=\"widget\" data-e-type=\"widget\" data-widget_type=\"heading.default\">\n\t\t\t\t<div class=\"elementor-widget-container\">\n\t\t\t\t\t<h4 class=\"elementor-heading-title elementor-size-default\">En 1<sup>re<\/sup> ann\u00e9e, l\u2019accent a \u00e9t\u00e9 mis sur :<\/h4>\t\t\t\t<\/div>\n\t\t\t\t<\/div>\n\t\t\t\t<div class=\"elementor-element elementor-element-7077ce7b elementor-widget elementor-widget-text-editor\" data-id=\"7077ce7b\" data-element_type=\"widget\" data-e-type=\"widget\" data-widget_type=\"text-editor.default\">\n\t\t\t\t<div class=\"elementor-widget-container\">\n\t\t\t\t\t\t\t\t\t<p>Reconna\u00eetre la forme des lettres de l\u2019alphabet et les nommer, peu importe l\u2019ordre dans lequel elles sont pr\u00e9sent\u00e9es, avec une automaticit\u00e9 croissante<\/p>\t\t\t\t\t\t\t\t<\/div>\n\t\t\t\t<\/div>\n\t\t\t\t<\/div>\n\t\t<div class=\"elementor-element elementor-element-543f4507 e-con-full e-flex e-con e-child\" data-id=\"543f4507\" data-element_type=\"container\" data-e-type=\"container\">\n\t\t\t\t<div class=\"elementor-element elementor-element-8c9b682 elementor-widget elementor-widget-heading\" data-id=\"8c9b682\" data-element_type=\"widget\" data-e-type=\"widget\" data-widget_type=\"heading.default\">\n\t\t\t\t<div class=\"elementor-widget-container\">\n\t\t\t\t\t<h4 class=\"elementor-heading-title elementor-size-default\">Nouveau pour  la 2<sup>e<\/sup> ann\u00e9e :<\/h4>\t\t\t\t<\/div>\n\t\t\t\t<\/div>\n\t\t\t\t<div class=\"elementor-element elementor-element-40df82d8 elementor-widget elementor-widget-text-editor\" data-id=\"40df82d8\" data-element_type=\"widget\" data-e-type=\"widget\" data-widget_type=\"text-editor.default\">\n\t\t\t\t<div class=\"elementor-widget-container\">\n\t\t\t\t\t\t\t\t\tEn 2<sup>e<\/sup> ann\u00e9e, la connaissance des lettres devrait \u00eatre consolid\u00e9e. Par cons\u00e9quent, il n\u2019y a pas d\u2019attentes sp\u00e9cifiques en mati\u00e8re de la connaissance des lettres pour la 2<sup>e<\/sup> ann\u00e9e et il n\u2019est pas n\u00e9cessaire de l\u2019\u00e9valuer pour tous les \u00e9l\u00e8ves. Utilisez une \u00e9valuation diagnostique pour identifier les lettres qui doivent \u00eatre enseign\u00e9es.\t\t\t\t\t\t\t\t<\/div>\n\t\t\t\t<\/div>\n\t\t\t\t<\/div>\n\t\t\t\t<\/div>\n\t\t\t\t<div class=\"elementor-element elementor-element-f6ae953 elementor-widget elementor-widget-global elementor-global-36380 elementor-widget-text-editor\" data-id=\"f6ae953\" data-element_type=\"widget\" data-e-type=\"widget\" data-widget_type=\"text-editor.default\">\n\t\t\t\t<div class=\"elementor-widget-container\">\n\t\t\t\t\t\t\t\t\t<p>Il ne s&rsquo;agit pas d&rsquo;une liste exhaustive de toutes les attentes dans ce domaine. Veuillez consulter le <a href=\"https:\/\/www.dcp.edu.gov.on.ca\/fr\/curriculum\/elementaire-francais\" target=\"_blank\" rel=\"noopener\">programme-cadre de fran\u00e7ais<\/a> pour plus de d\u00e9tails.<\/p>\t\t\t\t\t\t\t\t<\/div>\n\t\t\t\t<\/div>\n\t\t\t\t<div class=\"elementor-element elementor-element-1e50666d elementor-widget elementor-widget-heading\" data-id=\"1e50666d\" data-element_type=\"widget\" data-e-type=\"widget\" data-widget_type=\"heading.default\">\n\t\t\t\t<div class=\"elementor-widget-container\">\n\t\t\t\t\t<h4 class=\"elementor-heading-title elementor-size-default\">Liens vers des recherches<\/h4>\t\t\t\t<\/div>\n\t\t\t\t<\/div>\n\t\t\t\t<div class=\"elementor-element elementor-element-32917c5d elementor-widget elementor-widget-text-editor\" data-id=\"32917c5d\" data-element_type=\"widget\" data-e-type=\"widget\" data-widget_type=\"text-editor.default\">\n\t\t\t\t<div class=\"elementor-widget-container\">\n\t\t\t\t\t\t\t\t\t<ul><li><p><a href=\"https:\/\/onlit.org\/fr\/ressource\/recueil-de-notions-fondamentales\/\" target=\"_blank\" rel=\"noopener\">Recueil de notion fondamentales de la lecture et de l\u2019\u00e9criture, 1re \u00e0 4e ann\u00e9e<\/a><\/p><\/li><li><p><a href=\"https:\/\/onlit.org\/fr\/connaissance-des-lettres-et-des-sons\/\" target=\"_blank\" rel=\"noopener\">Connaissance des lettres &#8211; Exploration du programme-cadre<\/a>, ONlit<\/p><\/li><\/ul>\t\t\t\t\t\t\t\t<\/div>\n\t\t\t\t<\/div>\n\t\t\t\t<div class=\"elementor-element elementor-element-1864448e elementor-widget elementor-widget-heading\" data-id=\"1864448e\" data-element_type=\"widget\" data-e-type=\"widget\" data-widget_type=\"heading.default\">\n\t\t\t\t<div class=\"elementor-widget-container\">\n\t\t\t\t\t<h4 class=\"elementor-heading-title elementor-size-default\">Ressources<\/h4>\t\t\t\t<\/div>\n\t\t\t\t<\/div>\n\t\t\t\t<div class=\"elementor-element elementor-element-5132498f elementor-widget elementor-widget-text-editor\" data-id=\"5132498f\" data-element_type=\"widget\" data-e-type=\"widget\" data-widget_type=\"text-editor.default\">\n\t\t\t\t<div class=\"elementor-widget-container\">\n\t\t\t\t\t\t\t\t\t<ul><li><a href=\"https:\/\/onlit.org\/fr\/ressource\/larc-de-lalphabet-un-outil-simple-mais-puissant\/\" target=\"_blank\" rel=\"noopener\">L\u2019arc de l\u2019alphabet<\/a><\/li><li>Recherchez \u00ab conscience alphab\u00e9tique \u00bb\u00a0dans le <a href=\"https:\/\/onlit.org\/fr\/bibliotheque-de-ressources\/\" target=\"_blank\" rel=\"noopener\">Biblioth\u00e8que des ressources<\/a> pour trouver d&rsquo;autres ressources<\/li><\/ul>\t\t\t\t\t\t\t\t<\/div>\n\t\t\t\t<\/div>\n\t\t<div class=\"elementor-element elementor-element-5b221e05 e-con-full e-flex e-con e-child\" data-id=\"5b221e05\" data-element_type=\"container\" data-e-type=\"container\">\n\t\t\t\t<div class=\"elementor-element elementor-element-363d8dd7 elementor-align-left elementor-widget__width-initial elementor-mobile-align-center elementor-widget elementor-widget-button\" data-id=\"363d8dd7\" data-element_type=\"widget\" data-e-type=\"widget\" data-widget_type=\"button.default\">\n\t\t\t\t<div class=\"elementor-widget-container\">\n\t\t\t\t\t\t\t\t\t<div class=\"elementor-button-wrapper\">\n\t\t\t\t\t<a class=\"elementor-button elementor-button-link elementor-size-sm\" href=\"https:\/\/onlit.org\/fr\/survol-de-la-litteratie\/2e-annee\/b2-la-conscience-phonemique\/\">\n\t\t\t\t\t\t<span class=\"elementor-button-content-wrapper\">\n\t\t\t\t\t\t\t\t\t<span class=\"elementor-button-text\">&lt;&lt; Retour<\/span>\n\t\t\t\t\t<\/span>\n\t\t\t\t\t<\/a>\n\t\t\t\t<\/div>\n\t\t\t\t\t\t\t\t<\/div>\n\t\t\t\t<\/div>\n\t\t\t\t<div class=\"elementor-element elementor-element-190853a7 elementor-align-right elementor-widget__width-initial elementor-mobile-align-center elementor-widget elementor-widget-button\" data-id=\"190853a7\" data-element_type=\"widget\" data-e-type=\"widget\" data-widget_type=\"button.default\">\n\t\t\t\t<div class=\"elementor-widget-container\">\n\t\t\t\t\t\t\t\t\t<div class=\"elementor-button-wrapper\">\n\t\t\t\t\t<a class=\"elementor-button elementor-button-link elementor-size-sm\" href=\"https:\/\/onlit.org\/fr\/survol-de-la-litteratie\/2e-annee\/b2-lecture-et-orthographe-au-niveau-des-mots\/\">\n\t\t\t\t\t\t<span class=\"elementor-button-content-wrapper\">\n\t\t\t\t\t\t\t\t\t<span class=\"elementor-button-text\">Suivant &gt;&gt;<\/span>\n\t\t\t\t\t<\/span>\n\t\t\t\t\t<\/a>\n\t\t\t\t<\/div>\n\t\t\t\t\t\t\t\t<\/div>\n\t\t\t\t<\/div>\n\t\t\t\t<\/div>\n\t\t\t\t<\/div>\n\t\t\t\t<\/div>\n\t\t","protected":false},"excerpt":{"rendered":"<p>B2.Connaissance des lettres La connaissance de la forme visuelle des lettres, de leur nom, des sons qui leur correspondent et de leur ordre dans l\u2019alphabet aide \u00e0 d\u00e9velopper le principe&#8230;<\/p>\n","protected":false},"author":32,"featured_media":38450,"parent":36106,"menu_order":0,"comment_status":"closed","ping_status":"closed","template":"","meta":{"_acf_changed":false,"_kad_post_transparent":"","_kad_post_title":"hide","_kad_post_layout":"fullwidth","_kad_post_sidebar_id":"","_kad_post_content_style":"unboxed","_kad_post_vertical_padding":"hide","_kad_post_feature":"hide","_kad_post_feature_position":"","_kad_post_header":false,"_kad_post_footer":false,"_kad_post_classname":"","footnotes":""},"content-language":[509],"class_list":["post-35733","page","type-page","status-publish","has-post-thumbnail","hentry","content-language-francais"],"acf":[],"_links":{"self":[{"href":"https:\/\/onlit.org\/fr\/wp-json\/wp\/v2\/pages\/35733","targetHints":{"allow":["GET"]}}],"collection":[{"href":"https:\/\/onlit.org\/fr\/wp-json\/wp\/v2\/pages"}],"about":[{"href":"https:\/\/onlit.org\/fr\/wp-json\/wp\/v2\/types\/page"}],"author":[{"embeddable":true,"href":"https:\/\/onlit.org\/fr\/wp-json\/wp\/v2\/users\/32"}],"replies":[{"embeddable":true,"href":"https:\/\/onlit.org\/fr\/wp-json\/wp\/v2\/comments?post=35733"}],"version-history":[{"count":14,"href":"https:\/\/onlit.org\/fr\/wp-json\/wp\/v2\/pages\/35733\/revisions"}],"predecessor-version":[{"id":39333,"href":"https:\/\/onlit.org\/fr\/wp-json\/wp\/v2\/pages\/35733\/revisions\/39333"}],"up":[{"embeddable":true,"href":"https:\/\/onlit.org\/fr\/wp-json\/wp\/v2\/pages\/36106"}],"wp:featuredmedia":[{"embeddable":true,"href":"https:\/\/onlit.org\/fr\/wp-json\/wp\/v2\/media\/38450"}],"wp:attachment":[{"href":"https:\/\/onlit.org\/fr\/wp-json\/wp\/v2\/media?parent=35733"}],"wp:term":[{"taxonomy":"content-language","embeddable":true,"href":"https:\/\/onlit.org\/fr\/wp-json\/wp\/v2\/content-language?post=35733"}],"curies":[{"name":"wp","href":"https:\/\/api.w.org\/{rel}","templated":true}]}}

<div data-elementor-type="wp-page" data-elementor-id="35733" class="elementor elementor-35733 elementor-32571" data-elementor-post-type="page">
				<div class="elementor-element elementor-element-2a7a7ca3 e-con-full e-flex e-con e-parent" data-id="2a7a7ca3" data-element_type="container" data-e-type="container">
				<div class="elementor-element elementor-element-4bfea0e1 elementor-widget elementor-widget-heading" data-id="4bfea0e1" data-element_type="widget" data-e-type="widget" data-widget_type="heading.default">
				<div class="elementor-widget-container">
					<h1 class="elementor-heading-title elementor-size-default">B2.Connaissance des lettres</h1>				</div>
				</div>
				<div class="elementor-element elementor-element-6bb90c9b elementor-widget elementor-widget-text-editor" data-id="6bb90c9b" data-element_type="widget" data-e-type="widget" data-widget_type="text-editor.default">
				<div class="elementor-widget-container">
									<p>La connaissance de la forme visuelle des lettres, de leur nom, des sons qui leur correspondent et de leur ordre dans l’alphabet aide à développer le principe alphabétique. L’ordre alphabétique, bien qu’il ne soit pas un indicateur direct des compétences en lecture et écriture, joue un rôle structurant. Il permet aux élèves de se repérer dans l’alphabet et de comprendre comment les lettres s’organisent pour former des mots, favorisant ainsi une meilleure compréhension du système alphabétique.</p>								</div>
				</div>
		<div class="elementor-element elementor-element-761770e9 e-con-full e-flex e-con e-child" data-id="761770e9" data-element_type="container" data-e-type="container">
		<div class="elementor-element elementor-element-2109bd29 e-con-full e-flex e-con e-child" data-id="2109bd29" data-element_type="container" data-e-type="container">
				<div class="elementor-element elementor-element-7f2abd0c elementor-widget elementor-widget-heading" data-id="7f2abd0c" data-element_type="widget" data-e-type="widget" data-widget_type="heading.default">
				<div class="elementor-widget-container">
					<h4 class="elementor-heading-title elementor-size-default">En 1<sup>re</sup> année, l’accent a été mis sur :</h4>				</div>
				</div>
				<div class="elementor-element elementor-element-7077ce7b elementor-widget elementor-widget-text-editor" data-id="7077ce7b" data-element_type="widget" data-e-type="widget" data-widget_type="text-editor.default">
				<div class="elementor-widget-container">
									<p>Reconnaître la forme des lettres de l’alphabet et les nommer, peu importe l’ordre dans lequel elles sont présentées, avec une automaticité croissante</p>								</div>
				</div>
				</div>
		<div class="elementor-element elementor-element-543f4507 e-con-full e-flex e-con e-child" data-id="543f4507" data-element_type="container" data-e-type="container">
				<div class="elementor-element elementor-element-8c9b682 elementor-widget elementor-widget-heading" data-id="8c9b682" data-element_type="widget" data-e-type="widget" data-widget_type="heading.default">
				<div class="elementor-widget-container">
					<h4 class="elementor-heading-title elementor-size-default">Nouveau pour  la 2<sup>e</sup> année :</h4>				</div>
				</div>
				<div class="elementor-element elementor-element-40df82d8 elementor-widget elementor-widget-text-editor" data-id="40df82d8" data-element_type="widget" data-e-type="widget" data-widget_type="text-editor.default">
				<div class="elementor-widget-container">
									En 2<sup>e</sup> année, la connaissance des lettres devrait être consolidée. Par conséquent, il n’y a pas d’attentes spécifiques en matière de la connaissance des lettres pour la 2<sup>e</sup> année et il n’est pas nécessaire de l’évaluer pour tous les élèves. Utilisez une évaluation diagnostique pour identifier les lettres qui doivent être enseignées.								</div>
				</div>
				</div>
				</div>
				<div class="elementor-element elementor-element-f6ae953 elementor-widget elementor-widget-global elementor-global-36380 elementor-widget-text-editor" data-id="f6ae953" data-element_type="widget" data-e-type="widget" data-widget_type="text-editor.default">
				<div class="elementor-widget-container">
									<p>Il ne s&rsquo;agit pas d&rsquo;une liste exhaustive de toutes les attentes dans ce domaine. Veuillez consulter le <a href="https://www.dcp.edu.gov.on.ca/fr/curriculum/elementaire-francais" target="_blank" rel="noopener">programme-cadre de français</a> pour plus de détails.</p>								</div>
				</div>
				<div class="elementor-element elementor-element-1e50666d elementor-widget elementor-widget-heading" data-id="1e50666d" data-element_type="widget" data-e-type="widget" data-widget_type="heading.default">
				<div class="elementor-widget-container">
					<h4 class="elementor-heading-title elementor-size-default">Liens vers des recherches</h4>				</div>
				</div>
				<div class="elementor-element elementor-element-32917c5d elementor-widget elementor-widget-text-editor" data-id="32917c5d" data-element_type="widget" data-e-type="widget" data-widget_type="text-editor.default">
				<div class="elementor-widget-container">
									<ul><li><p><a href="https://onlit.org/fr/ressource/recueil-de-notions-fondamentales/" target="_blank" rel="noopener">Recueil de notion fondamentales de la lecture et de l’écriture, 1re à 4e année</a></p></li><li><p><a href="https://onlit.org/fr/connaissance-des-lettres-et-des-sons/" target="_blank" rel="noopener">Connaissance des lettres &#8211; Exploration du programme-cadre</a>, ONlit</p></li></ul>								</div>
				</div>
				<div class="elementor-element elementor-element-1864448e elementor-widget elementor-widget-heading" data-id="1864448e" data-element_type="widget" data-e-type="widget" data-widget_type="heading.default">
				<div class="elementor-widget-container">
					<h4 class="elementor-heading-title elementor-size-default">Ressources</h4>				</div>
				</div>
				<div class="elementor-element elementor-element-5132498f elementor-widget elementor-widget-text-editor" data-id="5132498f" data-element_type="widget" data-e-type="widget" data-widget_type="text-editor.default">
				<div class="elementor-widget-container">
									<ul><li><a href="https://onlit.org/fr/ressource/larc-de-lalphabet-un-outil-simple-mais-puissant/" target="_blank" rel="noopener">L’arc de l’alphabet</a></li><li>Recherchez « conscience alphabétique » dans le <a href="https://onlit.org/fr/bibliotheque-de-ressources/" target="_blank" rel="noopener">Bibliothèque des ressources</a> pour trouver d&rsquo;autres ressources</li></ul>								</div>
				</div>
		<div class="elementor-element elementor-element-5b221e05 e-con-full e-flex e-con e-child" data-id="5b221e05" data-element_type="container" data-e-type="container">
				<div class="elementor-element elementor-element-363d8dd7 elementor-align-left elementor-widget__width-initial elementor-mobile-align-center elementor-widget elementor-widget-button" data-id="363d8dd7" data-element_type="widget" data-e-type="widget" data-widget_type="button.default">
				<div class="elementor-widget-container">
									<div class="elementor-button-wrapper">
					<a class="elementor-button elementor-button-link elementor-size-sm" href="https://onlit.org/fr/survol-de-la-litteratie/2e-annee/b2-la-conscience-phonemique/">
						<span class="elementor-button-content-wrapper">
									<span class="elementor-button-text">&lt;&lt; Retour</span>
					</span>
					</a>
				</div>
								</div>
				</div>
				<div class="elementor-element elementor-element-190853a7 elementor-align-right elementor-widget__width-initial elementor-mobile-align-center elementor-widget elementor-widget-button" data-id="190853a7" data-element_type="widget" data-e-type="widget" data-widget_type="button.default">
				<div class="elementor-widget-container">
									<div class="elementor-button-wrapper">
					<a class="elementor-button elementor-button-link elementor-size-sm" href="https://onlit.org/fr/survol-de-la-litteratie/2e-annee/b2-lecture-et-orthographe-au-niveau-des-mots/">
						<span class="elementor-button-content-wrapper">
									<span class="elementor-button-text">Suivant &gt;&gt;</span>
					</span>
					</a>
				</div>
								</div>
				</div>
				</div>
				</div>
				</div>

<p>B2.Connaissance des lettres La connaissance de la forme visuelle des lettres, de leur nom, des sons qui leur correspondent et de leur ordre dans l’alphabet aide à développer le principe&#8230;</p>
