{"id":35729,"date":"2025-01-02T08:07:04","date_gmt":"2025-01-02T13:07:04","guid":{"rendered":"https:\/\/onlit.org\/?page_id=35729"},"modified":"2025-11-10T13:20:14","modified_gmt":"2025-11-10T18:20:14","slug":"b2-notions-fondamentales-de-la-lecture-et-de-lecriture","status":"publish","type":"page","link":"https:\/\/onlit.org\/fr\/survol-de-la-litteratie\/2e-annee\/b2-notions-fondamentales-de-la-lecture-et-de-lecriture\/","title":{"rendered":"B2. Notions fondamentales de la lecture et de l\u2019\u00e9criture"},"content":{"rendered":"\t\t<div data-elementor-type=\"wp-page\" data-elementor-id=\"35729\" class=\"elementor elementor-35729 elementor-32566\" data-elementor-post-type=\"page\">\n\t\t\t\t<div class=\"elementor-element elementor-element-5baadb4c e-con-full e-flex e-con e-parent\" data-id=\"5baadb4c\" data-element_type=\"container\" data-e-type=\"container\">\n\t\t\t\t<div class=\"elementor-element elementor-element-1d836b1c elementor-widget elementor-widget-heading\" data-id=\"1d836b1c\" data-element_type=\"widget\" data-e-type=\"widget\" data-widget_type=\"heading.default\">\n\t\t\t\t<div class=\"elementor-widget-container\">\n\t\t\t\t\t<h1 class=\"elementor-heading-title elementor-size-default\">B2. Notions fondamentales de la lecture et de l\u2019\u00e9criture\n<\/h1>\t\t\t\t<\/div>\n\t\t\t\t<\/div>\n\t\t\t\t<div class=\"elementor-element elementor-element-5426472f elementor-widget elementor-widget-text-editor\" data-id=\"5426472f\" data-element_type=\"widget\" data-e-type=\"widget\" data-widget_type=\"text-editor.default\">\n\t\t\t\t<div class=\"elementor-widget-container\">\n\t\t\t\t\t\t\t\t\t<p>En 2<sup>e<\/sup> ann\u00e9e, la province exige qu\u2019au moins 30 minutes ininterrompues par jour soient consacr\u00e9es \u00e0 l\u2019enseignement explicite et syst\u00e9matique des notions fondamentales de la lecture et de l\u2019\u00e9criture du domaine B2. (<a href=\"https:\/\/www.ontario.ca\/fr\/document\/education-en-ontario-directives-en-matiere-de-politiques-et-de-programmes-168\" target=\"_blank\" rel=\"noopener\">NPP 168<\/a>)<\/p>\t\t\t\t\t\t\t\t<\/div>\n\t\t\t\t<\/div>\n\t\t\t\t<div class=\"elementor-element elementor-element-84262d2 elementor-widget elementor-widget-text-editor\" data-id=\"84262d2\" data-element_type=\"widget\" data-e-type=\"widget\" data-widget_type=\"text-editor.default\">\n\t\t\t\t<div class=\"elementor-widget-container\">\n\t\t\t\t\t\t\t\t\t<p>Les attentes sp\u00e9cifiques du domaine B2 sont d\u00e9crites dans le <a href=\"https:\/\/assets-us-01.kc-usercontent.com\/fbd574c4-da36-0066-a0c5-849ffb2de96e\/e1e56060-7082-45c0-9d46-960e3cd07e0c\/AnnexeA_NotionsFondamentales_v5.pdf\" target=\"_blank\" rel=\"noopener\">Continuum des notions fondamentales de la lecture et de l\u2019\u00e9criture.<\/a> Les comp\u00e9tences du continuum se renforcent mutuellement d\u2019ann\u00e9e en ann\u00e9e. C\u2019est pourquoi il est important d\u2019utiliser les donn\u00e9es de d\u00e9pistage et d\u2019\u00e9valuation diagnostique pour guider l\u2019enseignement. Ces donn\u00e9es sont utiles autant pour \u00e9valuer les forces et les besoins d\u2019une ou d\u2019un \u00e9l\u00e8ve en particulier que pour planifier l\u2019enseignement pour l\u2019ensemble de la classe.<\/p><p>En collaboration avec vos coll\u00e8gues, envisagez d\u2019analyser les donn\u00e9es des \u00e9l\u00e8ves afin d&rsquo;identifier des groupes d\u2019\u00e9l\u00e8ves ayant des besoins similaires dans les diff\u00e9rentes classes et niveaux scolaires. Un mod\u00e8le d\u2019intervention tel que le d\u00e9cloisonnement d\u2019un niveau scolaire permettrait des interventions cibl\u00e9es en petits groupes en fonction des comp\u00e9tences \u00e0 travailler, ce qui serait bien plus efficace.<\/p>\t\t\t\t\t\t\t\t<\/div>\n\t\t\t\t<\/div>\n\t\t\t\t<div class=\"elementor-element elementor-element-f16eda6 elementor-widget elementor-widget-text-editor\" data-id=\"f16eda6\" data-element_type=\"widget\" data-e-type=\"widget\" data-widget_type=\"text-editor.default\">\n\t\t\t\t<div class=\"elementor-widget-container\">\n\t\t\t\t\t\t\t\t\t<strong>Remarque<\/strong> : Lorsque des \u00e9l\u00e8ves pr\u00e9sentent des difficult\u00e9s, un retour en arri\u00e8re sur les comp\u00e9tences de base (Jardin d\u2019enfants\/1re ann\u00e9e) peut s\u2019imposer. Un rythme d\u2019apprentissage plus soutenu est alors n\u00e9cessaire pour leur permettre de rattraper leur retard et de progresser vers les attentes de la 2<sup>e<\/sup> ann\u00e9e.\t\t\t\t\t\t\t\t<\/div>\n\t\t\t\t<\/div>\n\t\t\t\t<div class=\"elementor-element elementor-element-2f33c9b1 elementor-widget elementor-widget-heading\" data-id=\"2f33c9b1\" data-element_type=\"widget\" data-e-type=\"widget\" data-widget_type=\"heading.default\">\n\t\t\t\t<div class=\"elementor-widget-container\">\n\t\t\t\t\t<h4 class=\"elementor-heading-title elementor-size-default\">Ressources<\/h4>\t\t\t\t<\/div>\n\t\t\t\t<\/div>\n\t\t\t\t<div class=\"elementor-element elementor-element-4a7d83f9 elementor-widget elementor-widget-text-editor\" data-id=\"4a7d83f9\" data-element_type=\"widget\" data-e-type=\"widget\" data-widget_type=\"text-editor.default\">\n\t\t\t\t<div class=\"elementor-widget-container\">\n\t\t\t\t\t\t\t\t\t<ul><li><a href=\"https:\/\/assets-us-01.kc-usercontent.com\/fbd574c4-da36-0066-a0c5-849ffb2de96e\/e1e56060-7082-45c0-9d46-960e3cd07e0c\/AnnexeA_NotionsFondamentales_v5.pdf\" target=\"_blank\" rel=\"noopener\">Annexe A : Continuum des notions fondamentales de la lecture et de l\u2019\u00e9criture, de la 1re \u00e0 la 4e ann\u00e9e<\/a><\/li><li><a href=\"https:\/\/onlit.org\/fr\/ressource\/donner-un-sens-au-depistage\/\" target=\"_blank\" rel=\"noopener\">Donner un sens au d\u00e9pistage: Un abre de d\u00e9cision diagnostique<\/a><\/li><li><a href=\"https:\/\/onlit.org\/fr\/decouvrir-le-potentiel-des-eleves-larbre-de-decision-diagnostique-pour-les-donnees-de-depistage\/\" target=\"_blank\" rel=\"noopener\">Blogue d&rsquo;ONlit: D\u00e9couvrir le potential des \u00e9l\u00e8ves: L&rsquo;arbre de d\u00e9cision diagnostique pour les donn\u00e9es de d\u00e9pistage<\/a><\/li><\/ul>\t\t\t\t\t\t\t\t<\/div>\n\t\t\t\t<\/div>\n\t\t<div class=\"elementor-element elementor-element-133b0a53 e-con-full e-flex e-con e-child\" data-id=\"133b0a53\" data-element_type=\"container\" data-e-type=\"container\">\n\t\t\t\t<div class=\"elementor-element elementor-element-3535fced elementor-align-left elementor-widget__width-initial elementor-mobile-align-center elementor-widget elementor-widget-button\" data-id=\"3535fced\" data-element_type=\"widget\" data-e-type=\"widget\" data-widget_type=\"button.default\">\n\t\t\t\t<div class=\"elementor-widget-container\">\n\t\t\t\t\t\t\t\t\t<div class=\"elementor-button-wrapper\">\n\t\t\t\t\t<a class=\"elementor-button elementor-button-link elementor-size-sm\" href=\"https:\/\/onlit.org\/fr\/survol-de-la-litteratie\/2e-annee\/b1-communication-orale-et-non-verbale\/\">\n\t\t\t\t\t\t<span class=\"elementor-button-content-wrapper\">\n\t\t\t\t\t\t\t\t\t<span class=\"elementor-button-text\">&lt;&lt; Retour<\/span>\n\t\t\t\t\t<\/span>\n\t\t\t\t\t<\/a>\n\t\t\t\t<\/div>\n\t\t\t\t\t\t\t\t<\/div>\n\t\t\t\t<\/div>\n\t\t\t\t<div class=\"elementor-element elementor-element-17c3108d elementor-align-right elementor-widget__width-initial elementor-mobile-align-center elementor-widget elementor-widget-button\" data-id=\"17c3108d\" data-element_type=\"widget\" data-e-type=\"widget\" data-widget_type=\"button.default\">\n\t\t\t\t<div class=\"elementor-widget-container\">\n\t\t\t\t\t\t\t\t\t<div class=\"elementor-button-wrapper\">\n\t\t\t\t\t<a class=\"elementor-button elementor-button-link elementor-size-sm\" href=\"https:\/\/onlit.org\/fr\/survol-de-la-litteratie\/2e-annee\/b2-la-conscience-phonemique\/\">\n\t\t\t\t\t\t<span class=\"elementor-button-content-wrapper\">\n\t\t\t\t\t\t\t\t\t<span class=\"elementor-button-text\">Suivant &gt;&gt;<\/span>\n\t\t\t\t\t<\/span>\n\t\t\t\t\t<\/a>\n\t\t\t\t<\/div>\n\t\t\t\t\t\t\t\t<\/div>\n\t\t\t\t<\/div>\n\t\t\t\t<\/div>\n\t\t\t\t<\/div>\n\t\t\t\t<\/div>\n\t\t","protected":false},"excerpt":{"rendered":"<p>B2. Notions fondamentales de la lecture et de l\u2019\u00e9criture En 2e ann\u00e9e, la province exige qu\u2019au moins 30 minutes ininterrompues par jour soient consacr\u00e9es \u00e0 l\u2019enseignement explicite et syst\u00e9matique des&#8230;<\/p>\n","protected":false},"author":32,"featured_media":38450,"parent":36106,"menu_order":0,"comment_status":"closed","ping_status":"closed","template":"","meta":{"_acf_changed":false,"_kad_post_transparent":"","_kad_post_title":"hide","_kad_post_layout":"fullwidth","_kad_post_sidebar_id":"","_kad_post_content_style":"unboxed","_kad_post_vertical_padding":"hide","_kad_post_feature":"hide","_kad_post_feature_position":"","_kad_post_header":false,"_kad_post_footer":false,"_kad_post_classname":"","footnotes":""},"content-language":[509],"class_list":["post-35729","page","type-page","status-publish","has-post-thumbnail","hentry","content-language-francais"],"acf":[],"_links":{"self":[{"href":"https:\/\/onlit.org\/fr\/wp-json\/wp\/v2\/pages\/35729","targetHints":{"allow":["GET"]}}],"collection":[{"href":"https:\/\/onlit.org\/fr\/wp-json\/wp\/v2\/pages"}],"about":[{"href":"https:\/\/onlit.org\/fr\/wp-json\/wp\/v2\/types\/page"}],"author":[{"embeddable":true,"href":"https:\/\/onlit.org\/fr\/wp-json\/wp\/v2\/users\/32"}],"replies":[{"embeddable":true,"href":"https:\/\/onlit.org\/fr\/wp-json\/wp\/v2\/comments?post=35729"}],"version-history":[{"count":23,"href":"https:\/\/onlit.org\/fr\/wp-json\/wp\/v2\/pages\/35729\/revisions"}],"predecessor-version":[{"id":40245,"href":"https:\/\/onlit.org\/fr\/wp-json\/wp\/v2\/pages\/35729\/revisions\/40245"}],"up":[{"embeddable":true,"href":"https:\/\/onlit.org\/fr\/wp-json\/wp\/v2\/pages\/36106"}],"wp:featuredmedia":[{"embeddable":true,"href":"https:\/\/onlit.org\/fr\/wp-json\/wp\/v2\/media\/38450"}],"wp:attachment":[{"href":"https:\/\/onlit.org\/fr\/wp-json\/wp\/v2\/media?parent=35729"}],"wp:term":[{"taxonomy":"content-language","embeddable":true,"href":"https:\/\/onlit.org\/fr\/wp-json\/wp\/v2\/content-language?post=35729"}],"curies":[{"name":"wp","href":"https:\/\/api.w.org\/{rel}","templated":true}]}}

B2. Notions fondamentales de la lecture et de l’écriture

<div data-elementor-type="wp-page" data-elementor-id="35729" class="elementor elementor-35729 elementor-32566" data-elementor-post-type="page">
				<div class="elementor-element elementor-element-5baadb4c e-con-full e-flex e-con e-parent" data-id="5baadb4c" data-element_type="container" data-e-type="container">
				<div class="elementor-element elementor-element-1d836b1c elementor-widget elementor-widget-heading" data-id="1d836b1c" data-element_type="widget" data-e-type="widget" data-widget_type="heading.default">
				<div class="elementor-widget-container">
					<h1 class="elementor-heading-title elementor-size-default">B2. Notions fondamentales de la lecture et de l’écriture
</h1>				</div>
				</div>
				<div class="elementor-element elementor-element-5426472f elementor-widget elementor-widget-text-editor" data-id="5426472f" data-element_type="widget" data-e-type="widget" data-widget_type="text-editor.default">
				<div class="elementor-widget-container">
									<p>En 2<sup>e</sup> année, la province exige qu’au moins 30 minutes ininterrompues par jour soient consacrées à l’enseignement explicite et systématique des notions fondamentales de la lecture et de l’écriture du domaine B2. (<a href="https://www.ontario.ca/fr/document/education-en-ontario-directives-en-matiere-de-politiques-et-de-programmes-168" target="_blank" rel="noopener">NPP 168</a>)</p>								</div>
				</div>
				<div class="elementor-element elementor-element-84262d2 elementor-widget elementor-widget-text-editor" data-id="84262d2" data-element_type="widget" data-e-type="widget" data-widget_type="text-editor.default">
				<div class="elementor-widget-container">
									<p>Les attentes spécifiques du domaine B2 sont décrites dans le <a href="https://assets-us-01.kc-usercontent.com/fbd574c4-da36-0066-a0c5-849ffb2de96e/e1e56060-7082-45c0-9d46-960e3cd07e0c/AnnexeA_NotionsFondamentales_v5.pdf" target="_blank" rel="noopener">Continuum des notions fondamentales de la lecture et de l’écriture.</a> Les compétences du continuum se renforcent mutuellement d’année en année. C’est pourquoi il est important d’utiliser les données de dépistage et d’évaluation diagnostique pour guider l’enseignement. Ces données sont utiles autant pour évaluer les forces et les besoins d’une ou d’un élève en particulier que pour planifier l’enseignement pour l’ensemble de la classe.</p><p>En collaboration avec vos collègues, envisagez d’analyser les données des élèves afin d&rsquo;identifier des groupes d’élèves ayant des besoins similaires dans les différentes classes et niveaux scolaires. Un modèle d’intervention tel que le décloisonnement d’un niveau scolaire permettrait des interventions ciblées en petits groupes en fonction des compétences à travailler, ce qui serait bien plus efficace.</p>								</div>
				</div>
				<div class="elementor-element elementor-element-f16eda6 elementor-widget elementor-widget-text-editor" data-id="f16eda6" data-element_type="widget" data-e-type="widget" data-widget_type="text-editor.default">
				<div class="elementor-widget-container">
									<strong>Remarque</strong> : Lorsque des élèves présentent des difficultés, un retour en arrière sur les compétences de base (Jardin d’enfants/1re année) peut s’imposer. Un rythme d’apprentissage plus soutenu est alors nécessaire pour leur permettre de rattraper leur retard et de progresser vers les attentes de la 2<sup>e</sup> année.								</div>
				</div>
				<div class="elementor-element elementor-element-2f33c9b1 elementor-widget elementor-widget-heading" data-id="2f33c9b1" data-element_type="widget" data-e-type="widget" data-widget_type="heading.default">
				<div class="elementor-widget-container">
					<h4 class="elementor-heading-title elementor-size-default">Ressources</h4>				</div>
				</div>
				<div class="elementor-element elementor-element-4a7d83f9 elementor-widget elementor-widget-text-editor" data-id="4a7d83f9" data-element_type="widget" data-e-type="widget" data-widget_type="text-editor.default">
				<div class="elementor-widget-container">
									<ul><li><a href="https://assets-us-01.kc-usercontent.com/fbd574c4-da36-0066-a0c5-849ffb2de96e/e1e56060-7082-45c0-9d46-960e3cd07e0c/AnnexeA_NotionsFondamentales_v5.pdf" target="_blank" rel="noopener">Annexe A : Continuum des notions fondamentales de la lecture et de l’écriture, de la 1re à la 4e année</a></li><li><a href="https://onlit.org/fr/ressource/donner-un-sens-au-depistage/" target="_blank" rel="noopener">Donner un sens au dépistage: Un abre de décision diagnostique</a></li><li><a href="https://onlit.org/fr/decouvrir-le-potentiel-des-eleves-larbre-de-decision-diagnostique-pour-les-donnees-de-depistage/" target="_blank" rel="noopener">Blogue d&rsquo;ONlit: Découvrir le potential des élèves: L&rsquo;arbre de décision diagnostique pour les données de dépistage</a></li></ul>								</div>
				</div>
		<div class="elementor-element elementor-element-133b0a53 e-con-full e-flex e-con e-child" data-id="133b0a53" data-element_type="container" data-e-type="container">
				<div class="elementor-element elementor-element-3535fced elementor-align-left elementor-widget__width-initial elementor-mobile-align-center elementor-widget elementor-widget-button" data-id="3535fced" data-element_type="widget" data-e-type="widget" data-widget_type="button.default">
				<div class="elementor-widget-container">
									<div class="elementor-button-wrapper">
					<a class="elementor-button elementor-button-link elementor-size-sm" href="https://onlit.org/fr/survol-de-la-litteratie/2e-annee/b1-communication-orale-et-non-verbale/">
						<span class="elementor-button-content-wrapper">
									<span class="elementor-button-text">&lt;&lt; Retour</span>
					</span>
					</a>
				</div>
								</div>
				</div>
				<div class="elementor-element elementor-element-17c3108d elementor-align-right elementor-widget__width-initial elementor-mobile-align-center elementor-widget elementor-widget-button" data-id="17c3108d" data-element_type="widget" data-e-type="widget" data-widget_type="button.default">
				<div class="elementor-widget-container">
									<div class="elementor-button-wrapper">
					<a class="elementor-button elementor-button-link elementor-size-sm" href="https://onlit.org/fr/survol-de-la-litteratie/2e-annee/b2-la-conscience-phonemique/">
						<span class="elementor-button-content-wrapper">
									<span class="elementor-button-text">Suivant &gt;&gt;</span>
					</span>
					</a>
				</div>
								</div>
				</div>
				</div>
				</div>
				</div>

<p>B2. Notions fondamentales de la lecture et de l’écriture En 2e année, la province exige qu’au moins 30 minutes ininterrompues par jour soient consacrées à l’enseignement explicite et systématique des&#8230;</p>
