{"id":35727,"date":"2024-12-26T10:24:49","date_gmt":"2024-12-26T15:24:49","guid":{"rendered":"https:\/\/onlit.org\/?page_id=35727"},"modified":"2025-11-10T11:34:28","modified_gmt":"2025-11-10T16:34:28","slug":"b1-communication-orale-et-non-verbale","status":"publish","type":"page","link":"https:\/\/onlit.org\/fr\/survol-de-la-litteratie\/2e-annee\/b1-communication-orale-et-non-verbale\/","title":{"rendered":"B1. Communication orale et non verbale"},"content":{"rendered":"\t\t<div data-elementor-type=\"wp-page\" data-elementor-id=\"35727\" class=\"elementor elementor-35727 elementor-32407\" data-elementor-post-type=\"page\">\n\t\t\t\t<div class=\"elementor-element elementor-element-42c2a015 e-con-full e-flex e-con e-parent\" data-id=\"42c2a015\" data-element_type=\"container\" data-e-type=\"container\">\n\t\t\t\t<div class=\"elementor-element elementor-element-1a71432c elementor-widget elementor-widget-heading\" data-id=\"1a71432c\" data-element_type=\"widget\" data-e-type=\"widget\" data-widget_type=\"heading.default\">\n\t\t\t\t<div class=\"elementor-widget-container\">\n\t\t\t\t\t<h1 class=\"elementor-heading-title elementor-size-default\">B1. Communication orale et non verbale<\/h1>\t\t\t\t<\/div>\n\t\t\t\t<\/div>\n\t\t\t\t<div class=\"elementor-element elementor-element-6d04e066 elementor-widget elementor-widget-text-editor\" data-id=\"6d04e066\" data-element_type=\"widget\" data-e-type=\"widget\" data-widget_type=\"text-editor.default\">\n\t\t\t\t<div class=\"elementor-widget-container\">\n\t\t\t\t\t\t\t\t\t<p>Le langage oral est essentiel \u00e0 la lecture et \u00e0 l\u2019\u00e9criture. De solides comp\u00e9tences en communication orale constituent la base de la compr\u00e9hension du langage \u00e9crit et de la r\u00e9daction de textes coh\u00e9rents et bien structur\u00e9s.<\/p><p>Vous pouvez enseigner la communication orale en incorporant des activit\u00e9s structur\u00e9es telles que l\u2019enseignement explicite du vocabulaire, des lectures \u00e0 haute voix cibl\u00e9es et des discussions guid\u00e9es qui se concentrent sur des comp\u00e9tences linguistiques sp\u00e9cifiques. En outre, vous pouvez donner aux \u00e9l\u00e8ves la possibilit\u00e9 de d\u00e9velopper leurs comp\u00e9tences linguistiques de mani\u00e8re implicite gr\u00e2ce \u00e0 des conversations structur\u00e9es et encadr\u00e9es qui encouragent les \u00e9l\u00e8ves \u00e0 utiliser et \u00e0 d\u00e9velopper leur langage dans un environnement de classe encourageant. Un enseignement cibl\u00e9 et efficace dans ce domaine n\u00e9cessite une planification pr\u00e9alable r\u00e9fl\u00e9chie, un enseignement explicite, une structure coh\u00e9rente et une ex\u00e9cution habile &#8211; il ne suffit pas de faire en sorte que les \u00e9l\u00e8ves \u00ab pensent-parlent-partagent \u00bb quelques fois par jour. Consultez les ressources connexes et visitez le site <a href=\"https:\/\/onlit.org\/\" target=\"_blank\" rel=\"noopener\">ONlit.org<\/a> pour obtenir plus d&rsquo;informations et d&rsquo;id\u00e9es.<\/p>\t\t\t\t\t\t\t\t<\/div>\n\t\t\t\t<\/div>\n\t\t<div class=\"elementor-element elementor-element-14f78941 e-con-full e-flex e-con e-child\" data-id=\"14f78941\" data-element_type=\"container\" data-e-type=\"container\">\n\t\t<div class=\"elementor-element elementor-element-605aa2e6 e-con-full e-flex e-con e-child\" data-id=\"605aa2e6\" data-element_type=\"container\" data-e-type=\"container\">\n\t\t\t\t<div class=\"elementor-element elementor-element-3f19c577 elementor-widget elementor-widget-heading\" data-id=\"3f19c577\" data-element_type=\"widget\" data-e-type=\"widget\" data-widget_type=\"heading.default\">\n\t\t\t\t<div class=\"elementor-widget-container\">\n\t\t\t\t\t<h4 class=\"elementor-heading-title elementor-size-default\">En 1re ann\u00e9e, l\u2019accent a \u00e9t\u00e9 mis sur :<\/h4>\t\t\t\t<\/div>\n\t\t\t\t<\/div>\n\t\t\t\t<div class=\"elementor-element elementor-element-2b91c705 elementor-widget elementor-widget-text-editor\" data-id=\"2b91c705\" data-element_type=\"widget\" data-e-type=\"widget\" data-widget_type=\"text-editor.default\">\n\t\t\t\t<div class=\"elementor-widget-container\">\n\t\t\t\t\t\t\t\t\t<ul><li>\u00c9couter attentivement<br \/>Poser des questions pertinentes <\/li><li>D\u00e9terminer l\u2019intention et l\u2019auditoire pour la communication orale<\/li><li>Prendre la parole \u00e0 tour de r\u00f4le, comprendre quand parler, ce qu\u2019il faut dire et quand s\u2019arr\u00eater pour communiquer de fa\u00e7on claire et coh\u00e9rente<\/li><li>D\u00e9terminer et utiliser des strat\u00e9gies de communication orale et non verbale, y compris l\u2019expression, les gestes et le langage corporel, pour interpr\u00e9ter ou contribuer au sens des messages<\/li><li>Choisir et utiliser des mots appropri\u00e9s, y compris des mots appris r\u00e9cemment, la grammaire et des expressions et des phrases coh\u00e9rentes pour s\u2019exprimer \u00e0 l\u2019oral et communiquer ses id\u00e9es<\/li><\/ul>\t\t\t\t\t\t\t\t<\/div>\n\t\t\t\t<\/div>\n\t\t\t\t<\/div>\n\t\t<div class=\"elementor-element elementor-element-908c83a e-con-full e-flex e-con e-child\" data-id=\"908c83a\" data-element_type=\"container\" data-e-type=\"container\">\n\t\t\t\t<div class=\"elementor-element elementor-element-75b8b9c3 elementor-widget elementor-widget-heading\" data-id=\"75b8b9c3\" data-element_type=\"widget\" data-e-type=\"widget\" data-widget_type=\"heading.default\">\n\t\t\t\t<div class=\"elementor-widget-container\">\n\t\t\t\t\t<h4 class=\"elementor-heading-title elementor-size-default\">Nouveau pour  la 2<sup>e<\/sup> ann\u00e9e :<\/h4>\t\t\t\t<\/div>\n\t\t\t\t<\/div>\n\t\t\t\t<div class=\"elementor-element elementor-element-33fa05c2 elementor-widget elementor-widget-text-editor\" data-id=\"33fa05c2\" data-element_type=\"widget\" data-e-type=\"widget\" data-widget_type=\"text-editor.default\">\n\t\t\t\t<div class=\"elementor-widget-container\">\n\t\t\t\t\t\t\t\t\t<ul><li>Reformuler ce qui a \u00e9t\u00e9 dit<\/li><li>Manifester de l\u2019int\u00e9r\u00eat<br \/>Reconna\u00eetre les situations dans lesquelles un message est difficile \u00e0 comprendre<\/li><li>Parler \u00e0 tour de r\u00f4le et se concentrer sur le sujet<\/li><li>D\u00e9terminer et utiliser des strat\u00e9gies de communication orale et non verbale<strong> et d\u00e9montrer sa compr\u00e9hension de la mani\u00e8re dont ces strat\u00e9gies peuvent contribuer au sens des messages<\/strong><\/li><li>Choisir et utiliser des mots appropri\u00e9s<strong> pour appuyer la compr\u00e9hension des messages par les destinataires <\/strong><\/li><\/ul>\t\t\t\t\t\t\t\t<\/div>\n\t\t\t\t<\/div>\n\t\t\t\t<\/div>\n\t\t\t\t<\/div>\n\t\t\t\t<div class=\"elementor-element elementor-element-44b01f5 elementor-widget elementor-widget-global elementor-global-36380 elementor-widget-text-editor\" data-id=\"44b01f5\" data-element_type=\"widget\" data-e-type=\"widget\" data-widget_type=\"text-editor.default\">\n\t\t\t\t<div class=\"elementor-widget-container\">\n\t\t\t\t\t\t\t\t\t<p>Il ne s&rsquo;agit pas d&rsquo;une liste exhaustive de toutes les attentes dans ce domaine. Veuillez consulter le <a href=\"https:\/\/www.dcp.edu.gov.on.ca\/fr\/curriculum\/elementaire-francais\" target=\"_blank\" rel=\"noopener\">programme-cadre de fran\u00e7ais<\/a> pour plus de d\u00e9tails.<\/p>\t\t\t\t\t\t\t\t<\/div>\n\t\t\t\t<\/div>\n\t\t\t\t<div class=\"elementor-element elementor-element-56a6540b elementor-widget elementor-widget-heading\" data-id=\"56a6540b\" data-element_type=\"widget\" data-e-type=\"widget\" data-widget_type=\"heading.default\">\n\t\t\t\t<div class=\"elementor-widget-container\">\n\t\t\t\t\t<h4 class=\"elementor-heading-title elementor-size-default\">Liens vers des recherches<\/h4>\t\t\t\t<\/div>\n\t\t\t\t<\/div>\n\t\t\t\t<div class=\"elementor-element elementor-element-2541e1ce elementor-widget elementor-widget-text-editor\" data-id=\"2541e1ce\" data-element_type=\"widget\" data-e-type=\"widget\" data-widget_type=\"text-editor.default\">\n\t\t\t\t<div class=\"elementor-widget-container\">\n\t\t\t\t\t\t\t\t\t<ul><li><a href=\"https:\/\/onlit.org\/fr\/ressource\/favoriser-le-developpement-du-langage-oral-en-classe-trousse-doutils\/\" target=\"_blank\" rel=\"noopener\">Favoriser le d\u00e9veloppement du langage oral : Trousse d\u2019outils des professionnels de l\u2019enseignement<\/a><\/li><li><a href=\"https:\/\/onlit.org\/fr\/ressource\/le-langage-oral-a-portee-de-la-main\/\" target=\"_blank\" rel=\"noopener\">Le langage oral \u00e0 port\u00e9e de la main<\/a><\/li><li><a href=\"https:\/\/onlit.org\/fr\/ressource\/les-conversations-soutien-en-cinq\/\" target=\"_blank\" rel=\"noopener\">Soutien en cinq &#8211; \u00e9tude de livre ONlit<\/a><\/li><\/ul>\t\t\t\t\t\t\t\t<\/div>\n\t\t\t\t<\/div>\n\t\t\t\t<div class=\"elementor-element elementor-element-32c0bc03 elementor-widget elementor-widget-heading\" data-id=\"32c0bc03\" data-element_type=\"widget\" data-e-type=\"widget\" data-widget_type=\"heading.default\">\n\t\t\t\t<div class=\"elementor-widget-container\">\n\t\t\t\t\t<h4 class=\"elementor-heading-title elementor-size-default\">Ressources<\/h4>\t\t\t\t<\/div>\n\t\t\t\t<\/div>\n\t\t\t\t<div class=\"elementor-element elementor-element-1e57e80f elementor-widget elementor-widget-text-editor\" data-id=\"1e57e80f\" data-element_type=\"widget\" data-e-type=\"widget\" data-widget_type=\"text-editor.default\">\n\t\t\t\t<div class=\"elementor-widget-container\">\n\t\t\t\t\t\t\t\t\t<ul><li><a href=\"https:\/\/www.tfo.org\/minitfo\" target=\"_blank\" rel=\"noopener\">Mini TFO<\/a><\/li><li><a href=\"https:\/\/idello.org\/\" target=\"_blank\" rel=\"noopener\">Id\u00e9llo<\/a><\/li><li>Recherchez \u00ab langue orale \u00bb sur le <a href=\"https:\/\/onlit.org\/fr\/bibliotheque-de-ressources\/\" target=\"_blank\" rel=\"noopener\">biblioth\u00e8que de ressources d&rsquo;ONlit<\/a> pour trouver d&rsquo;autres ressources !<\/li><\/ul>\t\t\t\t\t\t\t\t<\/div>\n\t\t\t\t<\/div>\n\t\t<div class=\"elementor-element elementor-element-37a9ab9f e-con-full e-flex e-con e-child\" data-id=\"37a9ab9f\" data-element_type=\"container\" data-e-type=\"container\">\n\t\t\t\t<div class=\"elementor-element elementor-element-2985dae6 elementor-align-left elementor-widget__width-initial elementor-mobile-align-center elementor-widget elementor-widget-button\" data-id=\"2985dae6\" data-element_type=\"widget\" data-e-type=\"widget\" data-widget_type=\"button.default\">\n\t\t\t\t<div class=\"elementor-widget-container\">\n\t\t\t\t\t\t\t\t\t<div class=\"elementor-button-wrapper\">\n\t\t\t\t\t<a class=\"elementor-button elementor-button-link elementor-size-sm\" href=\"https:\/\/onlit.org\/fr\/survol-de-la-litteratie\/2e-annee\/apercu-du-programme-cadre\/\">\n\t\t\t\t\t\t<span class=\"elementor-button-content-wrapper\">\n\t\t\t\t\t\t\t\t\t<span class=\"elementor-button-text\">&lt;&lt; Retour<\/span>\n\t\t\t\t\t<\/span>\n\t\t\t\t\t<\/a>\n\t\t\t\t<\/div>\n\t\t\t\t\t\t\t\t<\/div>\n\t\t\t\t<\/div>\n\t\t\t\t<div class=\"elementor-element elementor-element-2c4e4bad elementor-align-right elementor-widget__width-initial elementor-mobile-align-center elementor-widget elementor-widget-button\" data-id=\"2c4e4bad\" data-element_type=\"widget\" data-e-type=\"widget\" data-widget_type=\"button.default\">\n\t\t\t\t<div class=\"elementor-widget-container\">\n\t\t\t\t\t\t\t\t\t<div class=\"elementor-button-wrapper\">\n\t\t\t\t\t<a class=\"elementor-button elementor-button-link elementor-size-sm\" href=\"https:\/\/onlit.org\/fr\/survol-de-la-litteratie\/2e-annee\/b2-notions-fondamentales-de-la-lecture-et-de-lecriture\/\">\n\t\t\t\t\t\t<span class=\"elementor-button-content-wrapper\">\n\t\t\t\t\t\t\t\t\t<span class=\"elementor-button-text\">Suivant &gt;&gt;<\/span>\n\t\t\t\t\t<\/span>\n\t\t\t\t\t<\/a>\n\t\t\t\t<\/div>\n\t\t\t\t\t\t\t\t<\/div>\n\t\t\t\t<\/div>\n\t\t\t\t<\/div>\n\t\t\t\t<\/div>\n\t\t\t\t<\/div>\n\t\t","protected":false},"excerpt":{"rendered":"<p>B1. Communication orale et non verbale Le langage oral est essentiel \u00e0 la lecture et \u00e0 l\u2019\u00e9criture. De solides comp\u00e9tences en communication orale constituent la base de la compr\u00e9hension du&#8230;<\/p>\n","protected":false},"author":32,"featured_media":38450,"parent":36106,"menu_order":0,"comment_status":"closed","ping_status":"closed","template":"","meta":{"_acf_changed":false,"_kad_post_transparent":"","_kad_post_title":"hide","_kad_post_layout":"fullwidth","_kad_post_sidebar_id":"","_kad_post_content_style":"unboxed","_kad_post_vertical_padding":"hide","_kad_post_feature":"hide","_kad_post_feature_position":"","_kad_post_header":false,"_kad_post_footer":false,"_kad_post_classname":"","footnotes":""},"content-language":[509],"class_list":["post-35727","page","type-page","status-publish","has-post-thumbnail","hentry","content-language-francais"],"acf":[],"_links":{"self":[{"href":"https:\/\/onlit.org\/fr\/wp-json\/wp\/v2\/pages\/35727","targetHints":{"allow":["GET"]}}],"collection":[{"href":"https:\/\/onlit.org\/fr\/wp-json\/wp\/v2\/pages"}],"about":[{"href":"https:\/\/onlit.org\/fr\/wp-json\/wp\/v2\/types\/page"}],"author":[{"embeddable":true,"href":"https:\/\/onlit.org\/fr\/wp-json\/wp\/v2\/users\/32"}],"replies":[{"embeddable":true,"href":"https:\/\/onlit.org\/fr\/wp-json\/wp\/v2\/comments?post=35727"}],"version-history":[{"count":15,"href":"https:\/\/onlit.org\/fr\/wp-json\/wp\/v2\/pages\/35727\/revisions"}],"predecessor-version":[{"id":40233,"href":"https:\/\/onlit.org\/fr\/wp-json\/wp\/v2\/pages\/35727\/revisions\/40233"}],"up":[{"embeddable":true,"href":"https:\/\/onlit.org\/fr\/wp-json\/wp\/v2\/pages\/36106"}],"wp:featuredmedia":[{"embeddable":true,"href":"https:\/\/onlit.org\/fr\/wp-json\/wp\/v2\/media\/38450"}],"wp:attachment":[{"href":"https:\/\/onlit.org\/fr\/wp-json\/wp\/v2\/media?parent=35727"}],"wp:term":[{"taxonomy":"content-language","embeddable":true,"href":"https:\/\/onlit.org\/fr\/wp-json\/wp\/v2\/content-language?post=35727"}],"curies":[{"name":"wp","href":"https:\/\/api.w.org\/{rel}","templated":true}]}}

<div data-elementor-type="wp-page" data-elementor-id="35727" class="elementor elementor-35727 elementor-32407" data-elementor-post-type="page">
				<div class="elementor-element elementor-element-42c2a015 e-con-full e-flex e-con e-parent" data-id="42c2a015" data-element_type="container" data-e-type="container">
				<div class="elementor-element elementor-element-1a71432c elementor-widget elementor-widget-heading" data-id="1a71432c" data-element_type="widget" data-e-type="widget" data-widget_type="heading.default">
				<div class="elementor-widget-container">
					<h1 class="elementor-heading-title elementor-size-default">B1. Communication orale et non verbale</h1>				</div>
				</div>
				<div class="elementor-element elementor-element-6d04e066 elementor-widget elementor-widget-text-editor" data-id="6d04e066" data-element_type="widget" data-e-type="widget" data-widget_type="text-editor.default">
				<div class="elementor-widget-container">
									<p>Le langage oral est essentiel à la lecture et à l’écriture. De solides compétences en communication orale constituent la base de la compréhension du langage écrit et de la rédaction de textes cohérents et bien structurés.</p><p>Vous pouvez enseigner la communication orale en incorporant des activités structurées telles que l’enseignement explicite du vocabulaire, des lectures à haute voix ciblées et des discussions guidées qui se concentrent sur des compétences linguistiques spécifiques. En outre, vous pouvez donner aux élèves la possibilité de développer leurs compétences linguistiques de manière implicite grâce à des conversations structurées et encadrées qui encouragent les élèves à utiliser et à développer leur langage dans un environnement de classe encourageant. Un enseignement ciblé et efficace dans ce domaine nécessite une planification préalable réfléchie, un enseignement explicite, une structure cohérente et une exécution habile &#8211; il ne suffit pas de faire en sorte que les élèves « pensent-parlent-partagent » quelques fois par jour. Consultez les ressources connexes et visitez le site <a href="https://onlit.org/" target="_blank" rel="noopener">ONlit.org</a> pour obtenir plus d&rsquo;informations et d&rsquo;idées.</p>								</div>
				</div>
		<div class="elementor-element elementor-element-14f78941 e-con-full e-flex e-con e-child" data-id="14f78941" data-element_type="container" data-e-type="container">
		<div class="elementor-element elementor-element-605aa2e6 e-con-full e-flex e-con e-child" data-id="605aa2e6" data-element_type="container" data-e-type="container">
				<div class="elementor-element elementor-element-3f19c577 elementor-widget elementor-widget-heading" data-id="3f19c577" data-element_type="widget" data-e-type="widget" data-widget_type="heading.default">
				<div class="elementor-widget-container">
					<h4 class="elementor-heading-title elementor-size-default">En 1re année, l’accent a été mis sur :</h4>				</div>
				</div>
				<div class="elementor-element elementor-element-2b91c705 elementor-widget elementor-widget-text-editor" data-id="2b91c705" data-element_type="widget" data-e-type="widget" data-widget_type="text-editor.default">
				<div class="elementor-widget-container">
									<ul><li>Écouter attentivement<br />Poser des questions pertinentes </li><li>Déterminer l’intention et l’auditoire pour la communication orale</li><li>Prendre la parole à tour de rôle, comprendre quand parler, ce qu’il faut dire et quand s’arrêter pour communiquer de façon claire et cohérente</li><li>Déterminer et utiliser des stratégies de communication orale et non verbale, y compris l’expression, les gestes et le langage corporel, pour interpréter ou contribuer au sens des messages</li><li>Choisir et utiliser des mots appropriés, y compris des mots appris récemment, la grammaire et des expressions et des phrases cohérentes pour s’exprimer à l’oral et communiquer ses idées</li></ul>								</div>
				</div>
				</div>
		<div class="elementor-element elementor-element-908c83a e-con-full e-flex e-con e-child" data-id="908c83a" data-element_type="container" data-e-type="container">
				<div class="elementor-element elementor-element-75b8b9c3 elementor-widget elementor-widget-heading" data-id="75b8b9c3" data-element_type="widget" data-e-type="widget" data-widget_type="heading.default">
				<div class="elementor-widget-container">
					<h4 class="elementor-heading-title elementor-size-default">Nouveau pour  la 2<sup>e</sup> année :</h4>				</div>
				</div>
				<div class="elementor-element elementor-element-33fa05c2 elementor-widget elementor-widget-text-editor" data-id="33fa05c2" data-element_type="widget" data-e-type="widget" data-widget_type="text-editor.default">
				<div class="elementor-widget-container">
									<ul><li>Reformuler ce qui a été dit</li><li>Manifester de l’intérêt<br />Reconnaître les situations dans lesquelles un message est difficile à comprendre</li><li>Parler à tour de rôle et se concentrer sur le sujet</li><li>Déterminer et utiliser des stratégies de communication orale et non verbale<strong> et démontrer sa compréhension de la manière dont ces stratégies peuvent contribuer au sens des messages</strong></li><li>Choisir et utiliser des mots appropriés<strong> pour appuyer la compréhension des messages par les destinataires </strong></li></ul>								</div>
				</div>
				</div>
				</div>
				<div class="elementor-element elementor-element-44b01f5 elementor-widget elementor-widget-global elementor-global-36380 elementor-widget-text-editor" data-id="44b01f5" data-element_type="widget" data-e-type="widget" data-widget_type="text-editor.default">
				<div class="elementor-widget-container">
									<p>Il ne s&rsquo;agit pas d&rsquo;une liste exhaustive de toutes les attentes dans ce domaine. Veuillez consulter le <a href="https://www.dcp.edu.gov.on.ca/fr/curriculum/elementaire-francais" target="_blank" rel="noopener">programme-cadre de français</a> pour plus de détails.</p>								</div>
				</div>
				<div class="elementor-element elementor-element-56a6540b elementor-widget elementor-widget-heading" data-id="56a6540b" data-element_type="widget" data-e-type="widget" data-widget_type="heading.default">
				<div class="elementor-widget-container">
					<h4 class="elementor-heading-title elementor-size-default">Liens vers des recherches</h4>				</div>
				</div>
				<div class="elementor-element elementor-element-2541e1ce elementor-widget elementor-widget-text-editor" data-id="2541e1ce" data-element_type="widget" data-e-type="widget" data-widget_type="text-editor.default">
				<div class="elementor-widget-container">
									<ul><li><a href="https://onlit.org/fr/ressource/favoriser-le-developpement-du-langage-oral-en-classe-trousse-doutils/" target="_blank" rel="noopener">Favoriser le développement du langage oral : Trousse d’outils des professionnels de l’enseignement</a></li><li><a href="https://onlit.org/fr/ressource/le-langage-oral-a-portee-de-la-main/" target="_blank" rel="noopener">Le langage oral à portée de la main</a></li><li><a href="https://onlit.org/fr/ressource/les-conversations-soutien-en-cinq/" target="_blank" rel="noopener">Soutien en cinq &#8211; étude de livre ONlit</a></li></ul>								</div>
				</div>
				<div class="elementor-element elementor-element-32c0bc03 elementor-widget elementor-widget-heading" data-id="32c0bc03" data-element_type="widget" data-e-type="widget" data-widget_type="heading.default">
				<div class="elementor-widget-container">
					<h4 class="elementor-heading-title elementor-size-default">Ressources</h4>				</div>
				</div>
				<div class="elementor-element elementor-element-1e57e80f elementor-widget elementor-widget-text-editor" data-id="1e57e80f" data-element_type="widget" data-e-type="widget" data-widget_type="text-editor.default">
				<div class="elementor-widget-container">
									<ul><li><a href="https://www.tfo.org/minitfo" target="_blank" rel="noopener">Mini TFO</a></li><li><a href="https://idello.org/" target="_blank" rel="noopener">Idéllo</a></li><li>Recherchez « langue orale » sur le <a href="https://onlit.org/fr/bibliotheque-de-ressources/" target="_blank" rel="noopener">bibliothèque de ressources d&rsquo;ONlit</a> pour trouver d&rsquo;autres ressources !</li></ul>								</div>
				</div>
		<div class="elementor-element elementor-element-37a9ab9f e-con-full e-flex e-con e-child" data-id="37a9ab9f" data-element_type="container" data-e-type="container">
				<div class="elementor-element elementor-element-2985dae6 elementor-align-left elementor-widget__width-initial elementor-mobile-align-center elementor-widget elementor-widget-button" data-id="2985dae6" data-element_type="widget" data-e-type="widget" data-widget_type="button.default">
				<div class="elementor-widget-container">
									<div class="elementor-button-wrapper">
					<a class="elementor-button elementor-button-link elementor-size-sm" href="https://onlit.org/fr/survol-de-la-litteratie/2e-annee/apercu-du-programme-cadre/">
						<span class="elementor-button-content-wrapper">
									<span class="elementor-button-text">&lt;&lt; Retour</span>
					</span>
					</a>
				</div>
								</div>
				</div>
				<div class="elementor-element elementor-element-2c4e4bad elementor-align-right elementor-widget__width-initial elementor-mobile-align-center elementor-widget elementor-widget-button" data-id="2c4e4bad" data-element_type="widget" data-e-type="widget" data-widget_type="button.default">
				<div class="elementor-widget-container">
									<div class="elementor-button-wrapper">
					<a class="elementor-button elementor-button-link elementor-size-sm" href="https://onlit.org/fr/survol-de-la-litteratie/2e-annee/b2-notions-fondamentales-de-la-lecture-et-de-lecriture/">
						<span class="elementor-button-content-wrapper">
									<span class="elementor-button-text">Suivant &gt;&gt;</span>
					</span>
					</a>
				</div>
								</div>
				</div>
				</div>
				</div>
				</div>

<p>B1. Communication orale et non verbale Le langage oral est essentiel à la lecture et à l’écriture. De solides compétences en communication orale constituent la base de la compréhension du&#8230;</p>
