{"id":40176,"date":"2025-10-28T14:14:50","date_gmt":"2025-10-28T18:14:50","guid":{"rendered":"https:\/\/onlit.org\/?post_type=onlit_resources&#038;p=40176"},"modified":"2026-01-27T14:38:02","modified_gmt":"2026-01-27T19:38:02","slug":"enregistrements-sessions-portes-ouvertes-en-maternelle-et-jardin","status":"publish","type":"onlit_resources","link":"https:\/\/onlit.org\/fr\/ressource\/enregistrements-sessions-portes-ouvertes-en-maternelle-et-jardin\/","title":{"rendered":"Enregistrements &#8211; Sessions \u00abPortes ouvertes\u00bb en maternelle et jardin"},"content":{"rendered":"\n<p>Visionnez ces enregistrements ONlit pour la maternelle et le jardin d\u2019enfants, pr\u00e9sent\u00e9s par Lise-Anne Bonneville et l\u2019\u00e9quipe ONlit. Chaque s\u00e9ance comprend une br\u00e8ve pr\u00e9sentation sur un th\u00e8me cl\u00e9 li\u00e9 \u00e0 la maternelle et au jardin d\u2019enfants, qu\u2019il s\u2019agisse du d\u00e9veloppement du langage oral, du vocabulaire, de la conscience phon\u00e9mique ou de l\u2019utilisation des donn\u00e9es de d\u00e9pistage pour orienter l\u2019enseignement. Ces s\u00e9ances proposent des strat\u00e9gies concr\u00e8tes et des pistes de r\u00e9flexion pour soutenir le d\u00e9veloppement de chaque \u00e9l\u00e8ve et favoriser l\u2019\u00e9mergence des bases solides en litt\u00e9ratie.<\/p>\n","protected":false},"author":1,"featured_media":40038,"menu_order":0,"comment_status":"open","ping_status":"closed","template":"","meta":{"_acf_changed":false,"_kad_post_transparent":"","_kad_post_title":"","_kad_post_layout":"","_kad_post_sidebar_id":"","_kad_post_content_style":"","_kad_post_vertical_padding":"","_kad_post_feature":"","_kad_post_feature_position":"","_kad_post_header":false,"_kad_post_footer":false,"_kad_post_classname":"","footnotes":""},"content-language":[509],"onlit_curriculum_reference":[],"onlit_grade":[326],"onlit_resource_format":[315],"onlit_topic":[460,303,423],"class_list":["post-40176","onlit_resources","type-onlit_resources","status-publish","has-post-thumbnail","hentry","content-language-francais","onlit_grade-maternelle-jardin","onlit_resource_format-video-fr","onlit_topic-communication-orale","onlit_topic-planifier-un-bloc-denseignement-en-litteratie","onlit_topic-vocabulaire"],"acf":[],"_links":{"self":[{"href":"https:\/\/onlit.org\/fr\/wp-json\/wp\/v2\/onlit_resources\/40176","targetHints":{"allow":["GET"]}}],"collection":[{"href":"https:\/\/onlit.org\/fr\/wp-json\/wp\/v2\/onlit_resources"}],"about":[{"href":"https:\/\/onlit.org\/fr\/wp-json\/wp\/v2\/types\/onlit_resources"}],"author":[{"embeddable":true,"href":"https:\/\/onlit.org\/fr\/wp-json\/wp\/v2\/users\/1"}],"replies":[{"embeddable":true,"href":"https:\/\/onlit.org\/fr\/wp-json\/wp\/v2\/comments?post=40176"}],"version-history":[{"count":3,"href":"https:\/\/onlit.org\/fr\/wp-json\/wp\/v2\/onlit_resources\/40176\/revisions"}],"predecessor-version":[{"id":41277,"href":"https:\/\/onlit.org\/fr\/wp-json\/wp\/v2\/onlit_resources\/40176\/revisions\/41277"}],"wp:featuredmedia":[{"embeddable":true,"href":"https:\/\/onlit.org\/fr\/wp-json\/wp\/v2\/media\/40038"}],"wp:attachment":[{"href":"https:\/\/onlit.org\/fr\/wp-json\/wp\/v2\/media?parent=40176"}],"wp:term":[{"taxonomy":"content-language","embeddable":true,"href":"https:\/\/onlit.org\/fr\/wp-json\/wp\/v2\/content-language?post=40176"},{"taxonomy":"onlit_curriculum_reference","embeddable":true,"href":"https:\/\/onlit.org\/fr\/wp-json\/wp\/v2\/onlit_curriculum_reference?post=40176"},{"taxonomy":"onlit_grade","embeddable":true,"href":"https:\/\/onlit.org\/fr\/wp-json\/wp\/v2\/onlit_grade?post=40176"},{"taxonomy":"onlit_resource_format","embeddable":true,"href":"https:\/\/onlit.org\/fr\/wp-json\/wp\/v2\/onlit_resource_format?post=40176"},{"taxonomy":"onlit_topic","embeddable":true,"href":"https:\/\/onlit.org\/fr\/wp-json\/wp\/v2\/onlit_topic?post=40176"}],"curies":[{"name":"wp","href":"https:\/\/api.w.org\/{rel}","templated":true}]}}

<p>Visionnez ces enregistrements ONlit pour la maternelle et le jardin d’enfants, présentés par Lise-Anne Bonneville et l’équipe ONlit. Chaque séance comprend une brève présentation sur un thème clé lié à la maternelle et au jardin d’enfants, qu’il s’agisse du développement du langage oral, du vocabulaire, de la conscience phonémique ou de l’utilisation des données de dépistage pour orienter l’enseignement. Ces séances proposent des stratégies concrètes et des pistes de réflexion pour soutenir le développement de chaque élève et favoriser l’émergence des bases solides en littératie.</p>
