{"id":33865,"date":"2025-02-03T13:37:39","date_gmt":"2025-02-03T18:37:39","guid":{"rendered":"https:\/\/onlit.org\/?post_type=onlit_resources&#038;p=33865"},"modified":"2025-08-22T10:36:01","modified_gmt":"2025-08-22T14:36:01","slug":"trousse-en-communication-orale","status":"publish","type":"onlit_resources","link":"https:\/\/onlit.org\/fr\/ressource\/trousse-en-communication-orale\/","title":{"rendered":"Trousse en communication orale"},"content":{"rendered":"<p>Cette trousse vise \u00e0 d\u00e9velopper les comp\u00e9tences langagi\u00e8res des \u00e9l\u00e8ves de la 7e \u00e0 la 12e ann\u00e9e en appuyant le personnel enseignant dans la mise en \u0153uvre des programmes-cadres de fran\u00e7ais de la 1re \u00e0 la 9e ann\u00e9e. Elle vise \u00e0 d\u00e9velopper les comp\u00e9tences langagi\u00e8res des \u00e9l\u00e8ves en travaillant le vocabulaire, les structures de phrase, ainsi que les strat\u00e9gies de communication et d\u2019\u00e9coute.<\/p>\n","protected":false},"author":1,"featured_media":38409,"menu_order":0,"comment_status":"open","ping_status":"closed","template":"","meta":{"_acf_changed":false,"_kad_post_transparent":"default","_kad_post_title":"default","_kad_post_layout":"default","_kad_post_sidebar_id":"","_kad_post_content_style":"default","_kad_post_vertical_padding":"default","_kad_post_feature":"","_kad_post_feature_position":"","_kad_post_header":false,"_kad_post_footer":false,"_kad_post_classname":"","footnotes":""},"content-language":[509],"onlit_curriculum_reference":[201],"onlit_grade":[317,318,319,320,321,322,323,324,325],"onlit_resource_format":[476],"onlit_topic":[423],"class_list":["post-33865","onlit_resources","type-onlit_resources","status-publish","has-post-thumbnail","hentry","content-language-francais","onlit_curriculum_reference-b1-communication-orale-et-non-verbale","onlit_grade-niveau-1","onlit_grade-niveau-2","onlit_grade-niveau-3","onlit_grade-niveau-4","onlit_grade-niveau-5","onlit_grade-niveau-6","onlit_grade-niveau-7","onlit_grade-niveau-8","onlit_grade-niveau-9","onlit_resource_format-site-web-fr","onlit_topic-vocabulaire"],"acf":[],"_links":{"self":[{"href":"https:\/\/onlit.org\/fr\/wp-json\/wp\/v2\/onlit_resources\/33865","targetHints":{"allow":["GET"]}}],"collection":[{"href":"https:\/\/onlit.org\/fr\/wp-json\/wp\/v2\/onlit_resources"}],"about":[{"href":"https:\/\/onlit.org\/fr\/wp-json\/wp\/v2\/types\/onlit_resources"}],"author":[{"embeddable":true,"href":"https:\/\/onlit.org\/fr\/wp-json\/wp\/v2\/users\/1"}],"replies":[{"embeddable":true,"href":"https:\/\/onlit.org\/fr\/wp-json\/wp\/v2\/comments?post=33865"}],"version-history":[{"count":1,"href":"https:\/\/onlit.org\/fr\/wp-json\/wp\/v2\/onlit_resources\/33865\/revisions"}],"predecessor-version":[{"id":33866,"href":"https:\/\/onlit.org\/fr\/wp-json\/wp\/v2\/onlit_resources\/33865\/revisions\/33866"}],"wp:featuredmedia":[{"embeddable":true,"href":"https:\/\/onlit.org\/fr\/wp-json\/wp\/v2\/media\/38409"}],"wp:attachment":[{"href":"https:\/\/onlit.org\/fr\/wp-json\/wp\/v2\/media?parent=33865"}],"wp:term":[{"taxonomy":"content-language","embeddable":true,"href":"https:\/\/onlit.org\/fr\/wp-json\/wp\/v2\/content-language?post=33865"},{"taxonomy":"onlit_curriculum_reference","embeddable":true,"href":"https:\/\/onlit.org\/fr\/wp-json\/wp\/v2\/onlit_curriculum_reference?post=33865"},{"taxonomy":"onlit_grade","embeddable":true,"href":"https:\/\/onlit.org\/fr\/wp-json\/wp\/v2\/onlit_grade?post=33865"},{"taxonomy":"onlit_resource_format","embeddable":true,"href":"https:\/\/onlit.org\/fr\/wp-json\/wp\/v2\/onlit_resource_format?post=33865"},{"taxonomy":"onlit_topic","embeddable":true,"href":"https:\/\/onlit.org\/fr\/wp-json\/wp\/v2\/onlit_topic?post=33865"}],"curies":[{"name":"wp","href":"https:\/\/api.w.org\/{rel}","templated":true}]}}

<p>Cette trousse vise à développer les compétences langagières des élèves de la 7e à la 12e année en appuyant le personnel enseignant dans la mise en œuvre des programmes-cadres de français de la 1re à la 9e année. Elle vise à développer les compétences langagières des élèves en travaillant le vocabulaire, les structures de phrase, ainsi que les stratégies de communication et d’écoute.</p>
