{"id":32982,"date":"2025-01-06T09:43:21","date_gmt":"2025-01-06T14:43:21","guid":{"rendered":"https:\/\/onlit.org\/?post_type=onlit_resources&#038;p=32982"},"modified":"2025-09-02T13:50:25","modified_gmt":"2025-09-02T17:50:25","slug":"la-grammaire-nouvelle-la-comprendre-et-lenseigner","status":"publish","type":"onlit_resources","link":"https:\/\/onlit.org\/fr\/ressource\/la-grammaire-nouvelle-la-comprendre-et-lenseigner\/","title":{"rendered":"La grammaire nouvelle : La comprendre et l&rsquo;enseigner"},"content":{"rendered":"<p>La premi\u00e8re partie explique les raisons de l&rsquo;adoption d&rsquo;une nouvelle grammaire, ce qui la distingue de la grammaire traditionnelle et ce qui fait son int\u00e9r\u00eat. La deuxi\u00e8me partie consid\u00e8re l&rsquo;aptitude \u00e0 l&rsquo;\u00e9criture, et plus particuli\u00e8rement le d\u00e9veloppement d&rsquo;une comp\u00e9tence grammaticale, \u00e0 la lumi\u00e8re des connaissances actuelle sur l&rsquo;apprentissage. Tout au long de l&rsquo;ouvrage, le lecteur trouvera des pistes de r\u00e9flexion, des exemples concrets et des grilles pour \u00e9valuer les activit\u00e9s de grammaire dans le mat\u00e9riel scolaire ou pour en concevoir.<\/p>\n","protected":false},"author":1,"featured_media":0,"menu_order":0,"comment_status":"open","ping_status":"closed","template":"","meta":{"_acf_changed":false,"_kad_post_transparent":"default","_kad_post_title":"default","_kad_post_layout":"default","_kad_post_sidebar_id":"","_kad_post_content_style":"default","_kad_post_vertical_padding":"default","_kad_post_feature":"","_kad_post_feature_position":"","_kad_post_header":false,"_kad_post_footer":false,"_kad_post_classname":"","footnotes":""},"content-language":[509],"onlit_curriculum_reference":[203],"onlit_grade":[317,318,319,320,321,322,323,324,325],"onlit_resource_format":[515],"onlit_topic":[300],"class_list":["post-32982","onlit_resources","type-onlit_resources","status-publish","hentry","content-language-francais","onlit_curriculum_reference-b3-apprentissages-linguistiques-en-lecture-et-en-ecriture","onlit_grade-niveau-1","onlit_grade-niveau-2","onlit_grade-niveau-3","onlit_grade-niveau-4","onlit_grade-niveau-5","onlit_grade-niveau-6","onlit_grade-niveau-7","onlit_grade-niveau-8","onlit_grade-niveau-9","onlit_resource_format-livre","onlit_topic-grammaire"],"acf":[],"_links":{"self":[{"href":"https:\/\/onlit.org\/fr\/wp-json\/wp\/v2\/onlit_resources\/32982","targetHints":{"allow":["GET"]}}],"collection":[{"href":"https:\/\/onlit.org\/fr\/wp-json\/wp\/v2\/onlit_resources"}],"about":[{"href":"https:\/\/onlit.org\/fr\/wp-json\/wp\/v2\/types\/onlit_resources"}],"author":[{"embeddable":true,"href":"https:\/\/onlit.org\/fr\/wp-json\/wp\/v2\/users\/1"}],"replies":[{"embeddable":true,"href":"https:\/\/onlit.org\/fr\/wp-json\/wp\/v2\/comments?post=32982"}],"version-history":[{"count":4,"href":"https:\/\/onlit.org\/fr\/wp-json\/wp\/v2\/onlit_resources\/32982\/revisions"}],"predecessor-version":[{"id":39660,"href":"https:\/\/onlit.org\/fr\/wp-json\/wp\/v2\/onlit_resources\/32982\/revisions\/39660"}],"wp:attachment":[{"href":"https:\/\/onlit.org\/fr\/wp-json\/wp\/v2\/media?parent=32982"}],"wp:term":[{"taxonomy":"content-language","embeddable":true,"href":"https:\/\/onlit.org\/fr\/wp-json\/wp\/v2\/content-language?post=32982"},{"taxonomy":"onlit_curriculum_reference","embeddable":true,"href":"https:\/\/onlit.org\/fr\/wp-json\/wp\/v2\/onlit_curriculum_reference?post=32982"},{"taxonomy":"onlit_grade","embeddable":true,"href":"https:\/\/onlit.org\/fr\/wp-json\/wp\/v2\/onlit_grade?post=32982"},{"taxonomy":"onlit_resource_format","embeddable":true,"href":"https:\/\/onlit.org\/fr\/wp-json\/wp\/v2\/onlit_resource_format?post=32982"},{"taxonomy":"onlit_topic","embeddable":true,"href":"https:\/\/onlit.org\/fr\/wp-json\/wp\/v2\/onlit_topic?post=32982"}],"curies":[{"name":"wp","href":"https:\/\/api.w.org\/{rel}","templated":true}]}}

<p>La première partie explique les raisons de l&rsquo;adoption d&rsquo;une nouvelle grammaire, ce qui la distingue de la grammaire traditionnelle et ce qui fait son intérêt. La deuxième partie considère l&rsquo;aptitude à l&rsquo;écriture, et plus particulièrement le développement d&rsquo;une compétence grammaticale, à la lumière des connaissances actuelle sur l&rsquo;apprentissage. Tout au long de l&rsquo;ouvrage, le lecteur trouvera des pistes de réflexion, des exemples concrets et des grilles pour évaluer les activités de grammaire dans le matériel scolaire ou pour en concevoir.</p>
