{"id":19403,"date":"2023-08-29T21:57:18","date_gmt":"2023-08-30T01:57:18","guid":{"rendered":"https:\/\/onlit.org\/?p=19403"},"modified":"2025-09-02T13:31:18","modified_gmt":"2025-09-02T17:31:18","slug":"nous-sommes-les-protecteurs-de-leau","status":"publish","type":"onlit_resources","link":"https:\/\/onlit.org\/fr\/ressource\/nous-sommes-les-protecteurs-de-leau\/","title":{"rendered":"Nous sommes les protecteurs de l&rsquo;eau"},"content":{"rendered":"<p>Avec l\u2019aide des enseignements de sa grand-m\u00e8re, une petite fille incite les siens \u00e0 se tenir debout afin d\u2019emp\u00eacher la construction de pipelines d\u00e9sastreux pour l\u2019environnement. Inspir\u00e9 par les nombreux mouvements autochtones \u00e0 l\u2019\u00e9chelle de l\u2019Am\u00e9rique du Nord, cet ouvrage \u00e0 la fois audacieux et lyrique lance un cri de ralliement pour prot\u00e9ger l\u2019eau de notre Terre contre la pollution et la corruption. C&rsquo;est un livre qui est lu \u00e0 voix haute par l&rsquo;enseignante ou l&rsquo;enseignant. On vise la sensibilisation \u00e0 la culture autochtone, le d\u00e9veloppement du vocabulaire, la compr\u00e9hension de l&rsquo;histoire et de ses \u00e9l\u00e9ments, la communication orale, etc.<\/p>\n","protected":false},"author":1,"featured_media":38427,"menu_order":0,"comment_status":"open","ping_status":"open","template":"","meta":{"_acf_changed":false,"_kad_post_transparent":"default","_kad_post_title":"default","_kad_post_layout":"default","_kad_post_sidebar_id":"","_kad_post_content_style":"default","_kad_post_vertical_padding":"default","_kad_post_feature":"","_kad_post_feature_position":"","_kad_post_header":false,"_kad_post_footer":false,"_kad_post_classname":"","footnotes":""},"content-language":[509],"onlit_curriculum_reference":[199,206],"onlit_grade":[317,318,319],"onlit_resource_format":[515],"onlit_topic":[301,295],"class_list":["post-19403","onlit_resources","type-onlit_resources","status-publish","has-post-thumbnail","hentry","content-language-francais","onlit_curriculum_reference-a1-competences-transferables","onlit_curriculum_reference-c3-pensee-critique-en-litteratie","onlit_grade-niveau-1","onlit_grade-niveau-2","onlit_grade-niveau-3","onlit_resource_format-livre","onlit_topic-contenu-autochtone","onlit_topic-pedagogie-sensible-et-adaptee-a-la-culture"],"acf":[],"_links":{"self":[{"href":"https:\/\/onlit.org\/fr\/wp-json\/wp\/v2\/onlit_resources\/19403","targetHints":{"allow":["GET"]}}],"collection":[{"href":"https:\/\/onlit.org\/fr\/wp-json\/wp\/v2\/onlit_resources"}],"about":[{"href":"https:\/\/onlit.org\/fr\/wp-json\/wp\/v2\/types\/onlit_resources"}],"author":[{"embeddable":true,"href":"https:\/\/onlit.org\/fr\/wp-json\/wp\/v2\/users\/1"}],"replies":[{"embeddable":true,"href":"https:\/\/onlit.org\/fr\/wp-json\/wp\/v2\/comments?post=19403"}],"version-history":[{"count":4,"href":"https:\/\/onlit.org\/fr\/wp-json\/wp\/v2\/onlit_resources\/19403\/revisions"}],"predecessor-version":[{"id":39684,"href":"https:\/\/onlit.org\/fr\/wp-json\/wp\/v2\/onlit_resources\/19403\/revisions\/39684"}],"wp:featuredmedia":[{"embeddable":true,"href":"https:\/\/onlit.org\/fr\/wp-json\/wp\/v2\/media\/38427"}],"wp:attachment":[{"href":"https:\/\/onlit.org\/fr\/wp-json\/wp\/v2\/media?parent=19403"}],"wp:term":[{"taxonomy":"content-language","embeddable":true,"href":"https:\/\/onlit.org\/fr\/wp-json\/wp\/v2\/content-language?post=19403"},{"taxonomy":"onlit_curriculum_reference","embeddable":true,"href":"https:\/\/onlit.org\/fr\/wp-json\/wp\/v2\/onlit_curriculum_reference?post=19403"},{"taxonomy":"onlit_grade","embeddable":true,"href":"https:\/\/onlit.org\/fr\/wp-json\/wp\/v2\/onlit_grade?post=19403"},{"taxonomy":"onlit_resource_format","embeddable":true,"href":"https:\/\/onlit.org\/fr\/wp-json\/wp\/v2\/onlit_resource_format?post=19403"},{"taxonomy":"onlit_topic","embeddable":true,"href":"https:\/\/onlit.org\/fr\/wp-json\/wp\/v2\/onlit_topic?post=19403"}],"curies":[{"name":"wp","href":"https:\/\/api.w.org\/{rel}","templated":true}]}}

<p>Avec l’aide des enseignements de sa grand-mère, une petite fille incite les siens à se tenir debout afin d’empêcher la construction de pipelines désastreux pour l’environnement. Inspiré par les nombreux mouvements autochtones à l’échelle de l’Amérique du Nord, cet ouvrage à la fois audacieux et lyrique lance un cri de ralliement pour protéger l’eau de notre Terre contre la pollution et la corruption. C&rsquo;est un livre qui est lu à voix haute par l&rsquo;enseignante ou l&rsquo;enseignant. On vise la sensibilisation à la culture autochtone, le développement du vocabulaire, la compréhension de l&rsquo;histoire et de ses éléments, la communication orale, etc.</p>
