{"id":19267,"date":"2023-08-29T18:39:08","date_gmt":"2023-08-29T22:39:08","guid":{"rendered":"https:\/\/onlit.org\/?p=19267"},"modified":"2025-09-02T13:27:19","modified_gmt":"2025-09-02T17:27:19","slug":"voici-tom-longboat","status":"publish","type":"onlit_resources","link":"https:\/\/onlit.org\/fr\/ressource\/voici-tom-longboat\/","title":{"rendered":"Voici Tom Longboat"},"content":{"rendered":"<p><span data-sheets-value=\"{&quot;1&quot;:2,&quot;2&quot;:&quot;Ce livre de 32 pages offre aux jeunes lecteurs une nouvelle approche pour comprendre un c\u00e9l\u00e8bre coureur de fond des Six Nations de la rivi\u00e8re Grand qui a particip\u00e9 au marathon de Boston. Tom Longboat a \u00e9t\u00e9 nomm\u00e9 au Panth\u00e9on des sports canadiens et la journ\u00e9e Tom Longboat a \u00e9t\u00e9 institu\u00e9e le 4 juin en Ontario. Un texte accessible, des illustrations en couleurs, des notes historiques et des chronologies qui fournissent encore plus d'information sur le parcours de Tom Longboat (1886-1949) et sur ses incroyables r\u00e9alisations. \\n\\nAu niveau primaire, c'est un livre non-d\u00e9codable qui est lu\u00a0\u00e0 voix haute par l'enseignante ou l'enseignant.\u00a0On\u00a0vise la sensibilisation \u00e0 la culture autochtone, le d\u00e9veloppement du vocabulaire, la compr\u00e9hension de l'histoire et de ses \u00e9l\u00e9ments, la communication orale, etc.\u00a0\\n&quot;}\" data-sheets-userformat=\"{&quot;2&quot;:769,&quot;3&quot;:{&quot;1&quot;:0},&quot;11&quot;:4,&quot;12&quot;:0}\">Tom Longboat a \u00e9t\u00e9 nomm\u00e9 au Panth\u00e9on des sports canadiens et la journ\u00e9e. Un texte accessible, des illustrations en couleurs, des notes historiques et des chronologies qui fournissent encore plus d&rsquo;information sur le parcours de Tom Longboat (1886-1949) et sur ses incroyables r\u00e9alisations. C<\/span>&lsquo;est un livre lu \u00e0 voix haute. On vise la sensibilisation \u00e0 la culture autochtone, le d\u00e9veloppement du vocabulaire, la compr\u00e9hension de l&rsquo;histoire et de ses \u00e9l\u00e9ments, la communication orale, etc.<\/p>\n","protected":false},"author":1,"featured_media":38427,"menu_order":0,"comment_status":"open","ping_status":"open","template":"","meta":{"_acf_changed":false,"_kad_post_transparent":"default","_kad_post_title":"default","_kad_post_layout":"default","_kad_post_sidebar_id":"","_kad_post_content_style":"default","_kad_post_vertical_padding":"default","_kad_post_feature":"","_kad_post_feature_position":"","_kad_post_header":false,"_kad_post_footer":false,"_kad_post_classname":"","footnotes":""},"content-language":[509],"onlit_curriculum_reference":[199,206],"onlit_grade":[317,318,319,320,321],"onlit_resource_format":[515],"onlit_topic":[301,295],"class_list":["post-19267","onlit_resources","type-onlit_resources","status-publish","has-post-thumbnail","hentry","content-language-francais","onlit_curriculum_reference-a1-competences-transferables","onlit_curriculum_reference-c3-pensee-critique-en-litteratie","onlit_grade-niveau-1","onlit_grade-niveau-2","onlit_grade-niveau-3","onlit_grade-niveau-4","onlit_grade-niveau-5","onlit_resource_format-livre","onlit_topic-contenu-autochtone","onlit_topic-pedagogie-sensible-et-adaptee-a-la-culture"],"acf":[],"_links":{"self":[{"href":"https:\/\/onlit.org\/fr\/wp-json\/wp\/v2\/onlit_resources\/19267","targetHints":{"allow":["GET"]}}],"collection":[{"href":"https:\/\/onlit.org\/fr\/wp-json\/wp\/v2\/onlit_resources"}],"about":[{"href":"https:\/\/onlit.org\/fr\/wp-json\/wp\/v2\/types\/onlit_resources"}],"author":[{"embeddable":true,"href":"https:\/\/onlit.org\/fr\/wp-json\/wp\/v2\/users\/1"}],"replies":[{"embeddable":true,"href":"https:\/\/onlit.org\/fr\/wp-json\/wp\/v2\/comments?post=19267"}],"version-history":[{"count":4,"href":"https:\/\/onlit.org\/fr\/wp-json\/wp\/v2\/onlit_resources\/19267\/revisions"}],"predecessor-version":[{"id":39675,"href":"https:\/\/onlit.org\/fr\/wp-json\/wp\/v2\/onlit_resources\/19267\/revisions\/39675"}],"wp:featuredmedia":[{"embeddable":true,"href":"https:\/\/onlit.org\/fr\/wp-json\/wp\/v2\/media\/38427"}],"wp:attachment":[{"href":"https:\/\/onlit.org\/fr\/wp-json\/wp\/v2\/media?parent=19267"}],"wp:term":[{"taxonomy":"content-language","embeddable":true,"href":"https:\/\/onlit.org\/fr\/wp-json\/wp\/v2\/content-language?post=19267"},{"taxonomy":"onlit_curriculum_reference","embeddable":true,"href":"https:\/\/onlit.org\/fr\/wp-json\/wp\/v2\/onlit_curriculum_reference?post=19267"},{"taxonomy":"onlit_grade","embeddable":true,"href":"https:\/\/onlit.org\/fr\/wp-json\/wp\/v2\/onlit_grade?post=19267"},{"taxonomy":"onlit_resource_format","embeddable":true,"href":"https:\/\/onlit.org\/fr\/wp-json\/wp\/v2\/onlit_resource_format?post=19267"},{"taxonomy":"onlit_topic","embeddable":true,"href":"https:\/\/onlit.org\/fr\/wp-json\/wp\/v2\/onlit_topic?post=19267"}],"curies":[{"name":"wp","href":"https:\/\/api.w.org\/{rel}","templated":true}]}}

<p><span data-sheets-value="{&quot;1&quot;:2,&quot;2&quot;:&quot;Ce livre de 32 pages offre aux jeunes lecteurs une nouvelle approche pour comprendre un célèbre coureur de fond des Six Nations de la rivière Grand qui a participé au marathon de Boston. Tom Longboat a été nommé au Panthéon des sports canadiens et la journée Tom Longboat a été instituée le 4 juin en Ontario. Un texte accessible, des illustrations en couleurs, des notes historiques et des chronologies qui fournissent encore plus d'information sur le parcours de Tom Longboat (1886-1949) et sur ses incroyables réalisations. \n\nAu niveau primaire, c'est un livre non-décodable qui est lu à voix haute par l'enseignante ou l'enseignant. On vise la sensibilisation à la culture autochtone, le développement du vocabulaire, la compréhension de l'histoire et de ses éléments, la communication orale, etc. \n&quot;}" data-sheets-userformat="{&quot;2&quot;:769,&quot;3&quot;:{&quot;1&quot;:0},&quot;11&quot;:4,&quot;12&quot;:0}">Tom Longboat a été nommé au Panthéon des sports canadiens et la journée. Un texte accessible, des illustrations en couleurs, des notes historiques et des chronologies qui fournissent encore plus d&rsquo;information sur le parcours de Tom Longboat (1886-1949) et sur ses incroyables réalisations. C</span>&lsquo;est un livre lu à voix haute. On vise la sensibilisation à la culture autochtone, le développement du vocabulaire, la compréhension de l&rsquo;histoire et de ses éléments, la communication orale, etc.</p>
